--------- beginning of main
11-25 09:08:30.181  5418  5653 W SoLoader: SoLoader initialized: 2
11-25 09:08:30.182  5418  5653 W FbSoLoader: Will use precomputed native lib dependencies file, reading directly from the APK using AssetManager true
11-25 09:08:30.183  5418  5653 W SoLoader: Prepending SoSource lib-compressed: SuperpackSoSource[root = /data/data/com.instagram.android/lib-compressed flags = 1 zipSource = /data/app/~~bZUZy4IzW8crulsO0yUwjg==/com.instagram.android-i7vWrWsn1XTL8oXADn1CaA==/base.apk compressedPath = assets/lib/libs.spo identity = ]
11-25 09:08:30.183  5418  5653 W FbSoLoader: Initialized FBSoLoader
11-25 09:08:30.185  5418  5418 W ClassLoadsTracer: ClassTracingLogger not initialized, waiting for callback.
11-25 09:08:30.186  5418  5418 W ClassLoadsTracer: Installed ClassLoadsTracer to com.facebook.common.dextricks.MultiDexClassLoaderLight@4f04f4.
11-25 09:08:30.186  5418  5418 W MultiDexInstaller: MultiDexClassLoaderLight installed
11-25 09:08:30.186  5418  5418 W MultiDexInstaller: Using Dextricks Multidex solution.
11-25 09:08:30.198  5418  5418 W MDCLLight: MultiDexClassLoaderLight already installed
11-25 09:08:30.198  5418  5418 W MultiDexInstaller: MultiDexClassLoaderLight installed
11-25 09:08:30.198  5418  5418 W MultiDexInstaller: Using Dextricks Multidex solution.
11-25 09:08:30.198  5418  5418 W IgProfiloInitializer: Using loom default init
11-25 09:08:30.199  5418  5418 W SoLoader: Loading fbjni on the main thread
11-25 09:08:30.200  5418  5418 W SoLoader: Loading profilo_apiimpl on the main thread
11-25 09:08:30.200  5418  5418 W SoLoader: Loading fb on the main thread
11-25 09:08:30.200  5418  5418 W SoLoader: Loading fb on the main thread
11-25 09:08:30.202  5418  5418 W SoLoader: Loading profilo_configjni on the main thread
11-25 09:08:30.203  5418  5418 W SoLoader: Loading profilo_configjni on the main thread
11-25 09:08:30.203  5418  5679 W lacrima : The minidump file is empty!
11-25 09:08:30.204  5418  5418 W SoLoader: Loading profilo_mmapbuf on the main thread
11-25 09:08:30.204  5418  5418 W SoLoader: Loading profilo on the main thread
11-25 09:08:30.204  5418  5418 W Profilo/TraceControl: Loom client config id: 6195481704722283805
11-25 09:08:30.205  5418  5657 W lacrima : Blackbox persistent traces: 
11-25 09:08:30.205  5418  5418 W AppProfiloInitializer: Cold start marker: 0
11-25 09:08:30.205  5418  5418 E AppProfiloInitializer: Cold start trace failed: no marker
11-25 09:08:30.206  5418  5418 W Profilo/TraceControl: Loom client config id: 0
11-25 09:08:30.206  5418  5679 W lacrima : Start AnrAppDeathDetector... X.0ip
11-25 09:08:30.206  5418  5418 W AppProfiloInitializer: Cold start marker: 0
11-25 09:08:30.206  5418  5418 E AppProfiloInitializer: Cold start trace failed: no marker
11-25 09:08:30.207  5418  5679 E HeliumCrashReporter: Pending crash path /data/data/com.instagram.android/cache/webview_embedded/Helium Crashpad/pending/ is not a directory
11-25 09:08:30.208  5418  5679 V v9p     : Disabled
11-25 09:08:30.217  5418  5418 W MDCLLight: Failed to load class from parent: kotlinx.coroutines.test.internal.TestMainDispatcherFactory
11-25 09:08:30.217  5418  5418 W MDCLLight: java.lang.ClassNotFoundException: kotlinx.coroutines.test.internal.TestMainDispatcherFactory
11-25 09:08:30.217  5418  5418 W MDCLLight: 	at java.lang.Class.classForName(Native Method)
11-25 09:08:30.217  5418  5418 W MDCLLight: 	at java.lang.BootClassLoader.findClass(ClassLoader.java:1366)
11-25 09:08:30.217  5418  5418 W MDCLLight: 	at java.lang.BootClassLoader.loadClass(ClassLoader.java:1426)
11-25 09:08:30.217  5418  5418 W MDCLLight: 	at java.lang.ClassLoader.loadClass(ClassLoader.java:312)
11-25 09:08:30.217  5418  5418 W MDCLLight: 	at com.facebook.common.dextricks.MultiDexClassLoaderLight.loadFromParent(:4)
11-25 09:08:30.217  5418  5418 W MDCLLight: 	at com.facebook.common.dextricks.MultiDexClassLoaderLight.loadClass(:38)
11-25 09:08:30.217  5418  5418 W MDCLLight: 	at java.lang.ClassLoader.loadClass(ClassLoader.java:367)
11-25 09:08:30.217  5418  5418 W MDCLLight: 	at java.lang.ClassLoader.loadClass(ClassLoader.java:312)
11-25 09:08:30.217  5418  5418 W MDCLLight: 	at java.lang.Class.classForName(Native Method)
11-25 09:08:30.217  5418  5418 W MDCLLight: 	at java.lang.Class.forName(Class.java:454)
11-25 09:08:30.217  5418  5418 W MDCLLight: 	at X.1nm.<clinit>(:60)
11-25 09:08:30.217  5418  5418 W MDCLLight: 	at X.5UN.<init>(:268435469)
11-25 09:08:30.217  5418  5418 W MDCLLight: 	at X.1mx.<clinit>(:2)
11-25 09:08:30.217  5418  5418 W MDCLLight: 	at X.3kq.<clinit>(:17)
11-25 09:08:30.217  5418  5418 W MDCLLight: 	at X.1ou.A02(:46)
11-25 09:08:30.217  5418  5418 W MDCLLight: 	at X.1ou.A04(:8)
11-25 09:08:30.217  5418  5418 W MDCLLight: 	at com.instagram.process.instagram.InstagramApplicationForMainProcess.scheduleInitializers(:2)
11-25 09:08:30.217  5418  5418 W MDCLLight: 	at com.instagram.process.instagram.InstagramApplicationForMainProcess.onCreate(:100)
11-25 09:08:30.217  5418  5418 W MDCLLight: 	at com.instagram.app.InstagramAppShell.onCreate(Unknown Source:1561)
11-25 09:08:30.217  5418  5418 W MDCLLight: 	at android.app.Instrumentation.callApplicationOnCreate(Instrumentation.java:1266)
11-25 09:08:30.217  5418  5418 W MDCLLight: 	at android.app.ActivityThread.handleBindApplication(ActivityThread.java:7619)
11-25 09:08:30.217  5418  5418 W MDCLLight: 	at android.app.ActivityThread.handleBindApplication(Native Method)
11-25 09:08:30.217  5418  5418 W MDCLLight: 	at android.app.ActivityThread.-$$Nest$mhandleBindApplication(Unknown Source:0)
11-25 09:08:30.217  5418  5418 W MDCLLight: 	at android.app.ActivityThread$H.handleMessage(ActivityThread.java:2400)
11-25 09:08:30.217  5418  5418 W MDCLLight: 	at android.os.Handler.dispatchMessage(Handler.java:106)
11-25 09:08:30.217  5418  5418 W MDCLLight: 	at android.os.Looper.loopOnce(Looper.java:226)
11-25 09:08:30.217  5418  5418 W MDCLLight: 	at android.os.Looper.loop(Looper.java:313)
11-25 09:08:30.217  5418  5418 W MDCLLight: 	at android.app.ActivityThread.main(ActivityThread.java:8762)
11-25 09:08:30.217  5418  5418 W MDCLLight: 	at java.lang.reflect.Method.invoke(Native Method)
11-25 09:08:30.217  5418  5418 W MDCLLight: 	at com.android.internal.os.RuntimeInit$MethodAndArgsCaller.run(RuntimeInit.java:604)
11-25 09:08:30.217  5418  5418 W MDCLLight: 	at com.android.internal.os.ZygoteInit.main(ZygoteInit.java:1067)
11-25 09:08:30.217  5418  5418 W MDCLLight: Caused by: java.lang.NoClassDefFoundError: Class not found using the boot class loader; no stack trace available
11-25 09:08:30.217  5418  5418 W MDCLLight: tryFallbackLoadDex: fallbackLoader is null, unable to fallback load dex for kotlinx.coroutines.test.internal.TestMainDispatcherFactory
11-25 09:08:30.217  5418  5418 E MDCLLight: Fallback load dex failed for kotlinx.coroutines.test.internal.TestMainDispatcherFactory
11-25 09:08:30.234  5418  5703 D OpenGLRenderer: RenderThread::requireGlContext()
11-25 09:08:30.234  5418  5418 W BackgroundStartupDetector: coldStartMode=PROBABLY_FOREGROUND
11-25 09:08:30.235  5418  5418 W BackgroundStartupDetector: bgMode=FOREGROUND
11-25 09:08:30.236  5418  5702 W AppInitScheduler|Schedule: Schedule 1:EarlyCpuBoostInitializer, deps=[] (0 pending tasks)
11-25 09:08:30.237  5418  5702 W AppInitScheduler|Schedule:   Executing 1:EarlyCpuBoostInitializer
11-25 09:08:30.237  5418  5702 W AppInitScheduler|Schedule: Schedule 2:DnsInitializer, deps=[1] (1 pending tasks)
11-25 09:08:30.237  5418  5710 W AppInitScheduler|Run: DeadlockMonitor active...
11-25 09:08:30.237  5418  5702 W AppInitScheduler|Schedule: Schedule 3:MlockInitializer, deps=[] (2 pending tasks)
11-25 09:08:30.237  5418  5702 W AppInitScheduler|Schedule:   Executing 3:MlockInitializer
11-25 09:08:30.237  5418  5711 W AppInitScheduler|Run: Running EarlyCpuBoostInitializer
11-25 09:08:30.237  5418  5702 W AppInitScheduler|Schedule: Schedule 107:IgFixieEarlyInitializer, deps=[3] (3 pending tasks)
11-25 09:08:30.237  5418  5702 W AppInitScheduler|Schedule: Schedule 4:StartupTypeDetectorInitializer, deps=[107] (4 pending tasks)
11-25 09:08:30.237  5418  5702 W AppInitScheduler|Schedule: Schedule 5:SessionInitializer, deps=[4] (5 pending tasks)
11-25 09:08:30.237  5418  5702 W AppInitScheduler|Schedule: Schedule 7:LiteProviderInitializer, deps=[5] (6 pending tasks)
11-25 09:08:30.237  5418  5702 W AppInitScheduler|Schedule: Schedule 8:LightweightQPLInitializerImpl, deps=[7] (7 pending tasks)
11-25 09:08:30.238  5418  5702 W AppInitScheduler|Schedule: Schedule 9:LacrimaHealthInitializer, deps=[8] (8 pending tasks)
11-25 09:08:30.238  5418  5702 W AppInitScheduler|Schedule: Schedule 10:IgSharedPreferencesQPLInitializer, deps=[9] (9 pending tasks)
11-25 09:08:30.238  5418  5702 W AppInitScheduler|Schedule: Schedule 11:QEInitializer, deps=[10] (10 pending tasks)
11-25 09:08:30.238  5418  5702 W AppInitScheduler|Schedule: Schedule 12:StorageInitializer, deps=[11, 120] (11 pending tasks)
11-25 09:08:30.238  5418  5712 W AppInitScheduler|Run: Running MlockInitializer
11-25 09:08:30.238  5418  5702 W AppInitScheduler|Schedule: Schedule 135:SDBInitializer, deps=[5, 79] (12 pending tasks)
11-25 09:08:30.238  5418  5711 W AppInitScheduler|Run:   Finished EarlyCpuBoostInitializer in 0ms
11-25 09:08:30.238  5418  5702 W AppInitScheduler|Schedule: Schedule 136:TNTSPostInitializer, deps=[15, 17] (13 pending tasks)
11-25 09:08:30.238  5418  5711 W AppInitScheduler|Schedule:   Executing 2:DnsInitializer
11-25 09:08:30.238  5418  5702 W AppInitScheduler|Schedule: Schedule 44:DevToolInitializer, deps=[12] (14 pending tasks)
11-25 09:08:30.238  5418  5702 W AppInitScheduler|Schedule: Schedule 15:TNTSInitializer, deps=[115] (15 pending tasks)
11-25 09:08:30.238  5418  5702 W AppInitScheduler|Schedule: Schedule 16:HttpServiceInitializer, deps=[15] (16 pending tasks)
11-25 09:08:30.238  5418  5702 W AppInitScheduler|Schedule: Schedule 133:HttpStoresInitializer, deps=[16] (17 pending tasks)
11-25 09:08:30.238  5418  5702 W AppInitScheduler|Schedule: Schedule 17:FeedRequestInitializer, deps=[133] (18 pending tasks)
11-25 09:08:30.238  5418  5702 W AppInitScheduler|Schedule: Schedule 120:MainFeedRequestHeaderInitializer, deps=[11] (18 pending tasks)
11-25 09:08:30.238  5418  5702 W AppInitScheduler|Schedule: Schedule 60:IndependentSingletonInitializer, deps=[41] (19 pending tasks)
11-25 09:08:30.238  5418  5702 W AppInitScheduler|Schedule: Schedule 25:AppStartupTrackerInitializer, deps=[72] (20 pending tasks)
11-25 09:08:30.238  5418  5702 W AppInitScheduler|Schedule: Schedule 89:PushNotificationInitializer, deps=[99] (21 pending tasks)
11-25 09:08:30.238  5418  5702 W AppInitScheduler|Schedule: Schedule 41:ConfigFromQEInitializer, deps=[59] (22 pending tasks)
11-25 09:08:30.238  5418  5702 W AppInitScheduler|Schedule: Schedule 66:LanguageInitializer, deps=[100] (23 pending tasks)
11-25 09:08:30.238  5418  5702 W AppInitScheduler|Schedule: Schedule 47:FacebookAccountInitializer, deps=[25] (24 pending tasks)
11-25 09:08:30.238  5418  5702 W AppInitScheduler|Schedule: Schedule 117:IgSharedPreferencesInitializer, deps=[114] (25 pending tasks)
11-25 09:08:30.238  5418  5702 W AppInitScheduler|Schedule: Schedule 122:IgDataStoreInitializer, deps=[117] (26 pending tasks)
11-25 09:08:30.238  5418  5702 W AppInitScheduler|Schedule: Schedule 142:DirectBootstrapInitializer, deps=[5, 79, 127, 135] (27 pending tasks)
11-25 09:08:30.239  5418  5713 W AppInitScheduler|Run: Running DnsInitializer
11-25 09:08:30.239  5418  5702 W AppInitScheduler|Schedule: Schedule 18:QPLInitializer, deps=[122] (28 pending tasks)
11-25 09:08:30.239  5418  5702 W AppInitScheduler|Schedule: Schedule 129:LwQPLReplay, deps=[18] (29 pending tasks)
11-25 09:08:30.239  5418  5702 W AppInitScheduler|Schedule: Schedule 124:MessageQueueRedInitializer, deps=[129] (30 pending tasks)
11-25 09:08:30.239  5418  5702 W AppInitScheduler|Schedule: Schedule 103:UnexpectedEventReporterInitializer, deps=[124] (31 pending tasks)
11-25 09:08:30.239  5418  5702 W AppInitScheduler|Schedule: Schedule 74:MessageQueueTimelineInitializer, deps=[103] (32 pending tasks)
11-25 09:08:30.239  5418  5702 W AppInitScheduler|Schedule: Schedule 19:QplXplatDelayedInitializer, deps=[96] (33 pending tasks)
11-25 09:08:30.239  5418  5702 W AppInitScheduler|Schedule: Schedule 24:AppBackgroundListenerInitializer, deps=[128] (34 pending tasks)
11-25 09:08:30.239  5418  5702 W AppInitScheduler|Schedule: Schedule 95:ShareToFeedInitializer, deps=[57] (35 pending tasks)
11-25 09:08:30.239  5418  5702 W AppInitScheduler|Schedule: Schedule 48:FeedCacheInitializer, deps=[95] (36 pending tasks)
11-25 09:08:30.239  5418  5713 W AppInitScheduler|Run:   Finished DnsInitializer in 0ms
11-25 09:08:30.239  5418  5702 W AppInitScheduler|Schedule: Schedule 22:AdsCacheInitializer, deps=[48] (37 pending tasks)
11-25 09:08:30.239  5418  5702 W AppInitScheduler|Schedule: Schedule 23:AnalyticsInitializer, deps=[61] (38 pending tasks)
11-25 09:08:30.239  5418  5702 W AppInitScheduler|Schedule: Schedule 114:EagerReelNetworkRequestInitializer, deps=[136] (38 pending tasks)
11-25 09:08:30.239  5418  5702 W AppInitScheduler|Schedule: Schedule 91:ReelRequestInitializer, deps=[66] (39 pending tasks)
11-25 09:08:30.239  5418  5702 W AppInitScheduler|Schedule: Schedule 64:JestE2EInitializer, deps=[91] (40 pending tasks)
11-25 09:08:30.239  5418  5702 W AppInitScheduler|Schedule: Schedule 108:ReelsCacheInitializer, deps=[22] (41 pending tasks)
11-25 09:08:30.239  5418  5702 W AppInitScheduler|Schedule: Schedule 128:ClipsTabInitializer, deps=[108, 11] (42 pending tasks)
11-25 09:08:30.239  5418  5702 W AppInitScheduler|Schedule: Schedule 80:PendingMediaInitializer, deps=[23] (43 pending tasks)
11-25 09:08:30.239  5418  5702 W AppInitScheduler|Schedule: Schedule 71:MemoryDumperInitializer, deps=[55] (44 pending tasks)
11-25 09:08:30.239  5418  5702 W AppInitScheduler|Schedule: Schedule 56:IgMemoryTimelineInitializer, deps=[93] (45 pending tasks)
11-25 09:08:30.239  5418  5702 W AppInitScheduler|Schedule: Schedule 55:IgMemoryProgramQplInitializer, deps=[56] (46 pending tasks)
11-25 09:08:30.239  5418  5702 W AppInitScheduler|Schedule: Schedule 72:MemoryManagerInitializer, deps=[74] (47 pending tasks)
11-25 09:08:30.239  5418  5712 W AppInitScheduler|Run:   Finished MlockInitializer in 2ms
11-25 09:08:30.239  5418  5702 W AppInitScheduler|Schedule: Schedule 57:ImageInfraInitializer, deps=[119] (48 pending tasks)
11-25 09:08:30.239  5418  5702 W AppInitScheduler|Schedule: Schedule 144:MarkSequentialLoadComplete, deps=[57] (49 pending tasks)
11-25 09:08:30.239  5418  5712 W AppInitScheduler|Schedule:   Executing 107:IgFixieEarlyInitializer
11-25 09:08:30.239  5418  5702 W AppInitScheduler|Schedule: Schedule 99:SystemMessageInitializer, deps=[54] (50 pending tasks)
11-25 09:08:30.239  5418  5702 W AppInitScheduler|Schedule: Schedule 69:MapConfigInitializer, deps=[89] (51 pending tasks)
11-25 09:08:30.239  5418  5702 W AppInitScheduler|Schedule: Schedule 59:IndependentColdStartJobs, deps=[69] (52 pending tasks)
11-25 09:08:30.239  5418  5702 W AppInitScheduler|Schedule: Schedule 100:ThemeInitializer, deps=[20] (53 pending tasks)
11-25 09:08:30.240  5418  5702 W AppInitScheduler|Schedule: Schedule 132:TypefaceInitializer, deps=[24] (54 pending tasks)
11-25 09:08:30.240  5418  5702 W AppInitScheduler|Schedule: Schedule 127:ActivityViewInflaterInitializer, deps=[132] (55 pending tasks)
11-25 09:08:30.240  5418  5702 W AppInitScheduler|Schedule: Schedule 43:DebugHeadInitializer, deps=[51] (56 pending tasks)
11-25 09:08:30.240  5418  5702 W AppInitScheduler|Schedule: Schedule 61:PluginInitializer, deps=[127] (57 pending tasks)
11-25 09:08:30.240  5418  5702 W AppInitScheduler|Schedule: Schedule 140:DirectInitializer, deps=[18, 80] (58 pending tasks)
11-25 09:08:30.240  5418  5702 W AppInitScheduler|Schedule: Schedule 93:SessionScopedProviderInitializer, deps=[79, 142] (58 pending tasks)
11-25 09:08:30.240  5418  5702 W AppInitScheduler|Schedule: Schedule 126:SessionScopedProviderInitializerCompletion, deps=[125] (59 pending tasks)
11-25 09:08:30.240  5418  5702 W AppInitScheduler|Schedule: Schedule 81:PeriodicThreadBoostInitializer, deps=[60] (60 pending tasks)
11-25 09:08:30.240  5418  5702 W AppInitScheduler|Schedule: Schedule 37:BloksInitializer, deps=[64] (61 pending tasks)
11-25 09:08:30.240  5418  5702 W AppInitScheduler|Schedule: Schedule 76:MultiProcessTrackerInitializer, deps=[86] (62 pending tasks)
11-25 09:08:30.240  5418  5702 W AppInitScheduler|Schedule: Schedule 106:IgMmapBufferProcessJob, deps=[76] (63 pending tasks)
11-25 09:08:30.240  5418  5702 W AppInitScheduler|Schedule: Schedule 83:PrivacyFlowInitializer, deps=[106] (64 pending tasks)
11-25 09:08:30.240  5418  5714 W AppInitScheduler|Run: Running IgFixieEarlyInitializer
11-25 09:08:30.240  5418  5702 W AppInitScheduler|Schedule: Schedule 121:QpLoginInterstitialNeedInitInitializer, deps=[83] (65 pending tasks)
11-25 09:08:30.240  5418  5702 W AppInitScheduler|Schedule: Schedule 92:ScreenTimeInitializer, deps=[121] (66 pending tasks)
11-25 09:08:30.240  5418  5702 W AppInitScheduler|Schedule: Schedule 90:QuietModeInitializer, deps=[92] (67 pending tasks)
11-25 09:08:30.240  5418  5702 W AppInitScheduler|Schedule: Schedule 20:IgFixieAppInitializer, deps=[38] (68 pending tasks)
11-25 09:08:30.240  5418  5702 W AppInitScheduler|Schedule: Schedule 86:PushBlockingTestExecutor, deps=[52] (69 pending tasks)
11-25 09:08:30.240  5418  5702 W AppInitScheduler|Schedule: Schedule 123:ComposeInitializer, deps=[67] (70 pending tasks)
11-25 09:08:30.240  5418  5702 W AppInitScheduler|Schedule: Schedule 67:LithoInitializer, deps=[90] (71 pending tasks)
11-25 09:08:30.240  5418  5702 W AppInitScheduler|Schedule: Schedule 104:YogaInitializer, deps=[37] (72 pending tasks)
11-25 09:08:30.240  5418  5702 W AppInitScheduler|Schedule: Schedule 73:MessageQueueInterceptorInitializer, deps=[82] (73 pending tasks)
11-25 09:08:30.240  5418  5702 W AppInitScheduler|Schedule: Schedule 79:PandoGraphQLInitializer, deps=[140, 80] (74 pending tasks)
11-25 09:08:30.240  5418  5702 W AppInitScheduler|Schedule: Schedule 84:ProxyServiceInitializer, deps=[73] (75 pending tasks)
11-25 09:08:30.240  5418  5702 W AppInitScheduler|Schedule: Schedule 96:SignalManagerEarlyInitializer, deps=[104] (76 pending tasks)
11-25 09:08:30.240  5418  5702 W AppInitScheduler|Schedule: Schedule 54:IgMemoryLoggingManagerInitializer, deps=[71] (77 pending tasks)
11-25 09:08:30.240  5418  5702 W AppInitScheduler|Schedule: Schedule 85:PulsarSchedulerInitializer, deps=[84] (78 pending tasks)
11-25 09:08:30.240  5418  5702 W AppInitScheduler|Schedule: Schedule 26:BackgroundColdStartInitializer, deps=[85] (79 pending tasks)
11-25 09:08:30.240  5418  5702 W AppInitScheduler|Schedule: Schedule 102:UXLoggingInitializer, deps=[26] (80 pending tasks)
11-25 09:08:30.241  5418  5702 W AppInitScheduler|Schedule: Schedule 58:ImageUltraHdrModeInitializer, deps=[102] (81 pending tasks)
11-25 09:08:30.241  5418  5702 W AppInitScheduler|Schedule: Schedule 52:HeroServiceControllerInitializer, deps=[81] (82 pending tasks)
11-25 09:08:30.241  5418  5702 W AppInitScheduler|Schedule: Schedule 119:HeroServiceControllerEarlyInitializer, deps=[19] (83 pending tasks)
11-25 09:08:30.241  5418  5702 W AppInitScheduler|Schedule: Schedule 38:CacheKeyGeneratorInitializer, deps=[47] (84 pending tasks)
11-25 09:08:30.241  5418  5714 W AppInitScheduler|Run:   Finished IgFixieEarlyInitializer in 1ms
11-25 09:08:30.241  5418  5702 W AppInitScheduler|Schedule: Schedule 70:MediaCodecTrackingInitializer, deps=[58] (85 pending tasks)
11-25 09:08:30.241  5418  5714 W AppInitScheduler|Schedule:   Executing 4:StartupTypeDetectorInitializer
11-25 09:08:30.241  5418  5702 W AppInitScheduler|Schedule: Schedule 82:PreinflateInitializer, deps=[123] (86 pending tasks)
11-25 09:08:30.241  5418  5702 W AppInitScheduler|Schedule: Schedule 51:HeliumInitializer, deps=[70] (87 pending tasks)
11-25 09:08:30.241  5418  5702 W AppInitScheduler|Schedule: Schedule 53:IgLinkifyInitializer, deps=[43] (88 pending tasks)
11-25 09:08:30.241  5418  5702 W AppInitScheduler|Schedule: Schedule 36:BitmapDebugInitializer, deps=[53] (89 pending tasks)
11-25 09:08:30.241  5418  5702 W AppInitScheduler|Schedule: Schedule 115:EagerReelRequestBuilder, deps=[44] (89 pending tasks)
11-25 09:08:30.241  5418  5702 W AppInitScheduler|Schedule: Schedule 118:ActivityBackstackManagerInitializer, deps=[36] (90 pending tasks)
11-25 09:08:30.241  5418  5702 W AppInitScheduler|Schedule: Schedule 125:PendingWorkInitializer, deps=[118] (91 pending tasks)
11-25 09:08:30.241  5418  5702 W AppInitScheduler|Schedule: Schedule 130:MarkAppInitCriticalWorkComplete, deps=[23, 16, 117, 57, 64, 66, 67, 83, 89, 11, 18, 5, 93, 12, 100, 102, 137] (92 pending tasks)
11-25 09:08:30.241  5418  5702 W AppInitScheduler|Schedule: Schedule 131:CobraInitializer, deps=[126] (93 pending tasks)
11-25 09:08:30.241  5418  5702 W AppInitScheduler|Schedule: Schedule 137:LruCacheTrackerInitializer, deps=[131] (94 pending tasks)
11-25 09:08:30.241  5418  5702 W AppInitScheduler|Schedule: Schedule 138:ResponseObserverInitializer, deps=[133, 130] (95 pending tasks)
11-25 09:08:30.241  5418  5702 W AppInitScheduler|Schedule: Schedule 141:UsdidInitializer, deps=[18, 138] (96 pending tasks)
11-25 09:08:30.241  5418  5702 W AppInitScheduler|Schedule: Schedule 143:PreloadsFirstAppOpenFlagInitializer, deps=[25, 141] (97 pending tasks)
11-25 09:08:30.241  5418  5702 W AppInitScheduler: Shutting down scheduler and waiting for critical work to finish
11-25 09:08:30.241  5418  5715 W AppInitScheduler|Run: Running StartupTypeDetectorInitializer
11-25 09:08:30.241  5418  5702 W AppInitScheduler|Schedule: Shutting down, all work scheduled.
11-25 09:08:30.241  5418  5702 W AppInitScheduler|Schedule: java.lang.RuntimeException
11-25 09:08:30.241  5418  5702 W AppInitScheduler|Schedule: 	at com.instagram.process.instagram.InstagramApplicationForMainProcess.A00(:75172)
11-25 09:08:30.241  5418  5702 W AppInitScheduler|Schedule: 	at com.instagram.process.instagram.InstagramApplicationForMainProcess.initializeAllColdStartJobs(:1402)
11-25 09:08:30.241  5418  5702 W AppInitScheduler|Schedule: 	at com.instagram.process.instagram.InstagramApplicationForMainProcess.access$initializeAllColdStartJobs(:0)
11-25 09:08:30.241  5418  5702 W AppInitScheduler|Schedule: 	at X.4cl.invoke(Unknown Source:173)
11-25 09:08:30.241  5418  5702 W AppInitScheduler|Schedule: 	at X.3ea.run(:2)
11-25 09:08:30.242  5418  5702 W AppInitScheduler|Schedule: Shut down called with 98 pending tasks
11-25 09:08:30.243  5418  5715 W AppInitScheduler|Run:   Finished StartupTypeDetectorInitializer in 2ms
11-25 09:08:30.243  5418  5715 W AppInitScheduler|Schedule:   Executing 5:SessionInitializer
11-25 09:08:30.244  5418  5716 W AppInitScheduler|Run: Running SessionInitializer
11-25 09:08:30.245  5418  5703 D OpenGLRenderer: RenderThread::setGrContext()
11-25 09:08:30.245  5418  5679 W fb-breakpad: Requesting g_crash_mutex in tid: 5679
11-25 09:08:30.245  5418  5679 W fb-breakpad: Cloned at crash time, sig: 11 si_code: 2, si_pid: -2997937
11-25 09:08:30.256  5719  5679 W fb-breakpad: Dump file name = /data/user/0/com.instagram.android/app_minidumps/1764054510136-d20694cf-00cb-ea46-4385-2182ddd0fb72_4482db502ee4d6542e1c2a530d396dc6.dmp
11-25 09:08:30.256  5719  5679 W fb-breakpad: Start writing minidump with flags: 806 for crashing thread: 5679.
11-25 09:08:30.272  5418  5721 W stagram.android: JNI RegisterNativeMethods: attempt to register 0 native methods for com.facebook.pando.PandoDataJNI
11-25 09:08:30.279  5719  5679 W fb-breakpad: Failed to ptrace attach, errno:3
11-25 09:08:30.707  5719  5679 W fb-breakpad: Finish writing minidump for crashing thread: 5679.
11-25 09:08:30.712  5418  5716 W IgMetaConfig: Could not obtain MC: null_factory 
11-25 09:08:30.712  5418  5716 W IgMetaConfig: java.lang.RuntimeException: Could not obtain MC, call-site will receive default values
11-25 09:08:30.712  5418  5716 W IgMetaConfig: 	at X.2ef.A06(:4)
11-25 09:08:30.712  5418  5716 W IgMetaConfig: 	at X.2ef.A05(:8)
11-25 09:08:30.712  5418  5716 W IgMetaConfig: 	at X.2ef.A02(:2)
11-25 09:08:30.712  5418  5716 W IgMetaConfig: 	at X.9hh.invoke(Unknown Source:73)
11-25 09:08:30.712  5418  5716 W IgMetaConfig: 	at X.375.getValue(Unknown Source:25)
11-25 09:08:30.712  5418  5716 W IgMetaConfig: 	at X.2dz.invoke(:96)
11-25 09:08:30.712  5418  5716 W IgMetaConfig: 	at X.375.getValue(Unknown Source:25)
11-25 09:08:30.712  5418  5716 W IgMetaConfig: 	at X.9gr.invoke(Unknown Source:536)
11-25 09:08:30.712  5418  5716 W IgMetaConfig: 	at X.375.getValue(Unknown Source:25)
11-25 09:08:30.712  5418  5716 W IgMetaConfig: 	at X.2bt.A05(:30)
11-25 09:08:30.712  5418  5716 W IgMetaConfig: 	at X.2cv.A01(:338)
11-25 09:08:30.712  5418  5716 W IgMetaConfig: 	at X.1zx.<init>(:246)
11-25 09:08:30.712  5418  5716 W IgMetaConfig: 	at X.9hA.invoke(Unknown Source:1127)
11-25 09:08:30.712  5418  5716 W IgMetaConfig: 	at X.375.getValue(Unknown Source:25)
11-25 09:08:30.712  5418  5716 W IgMetaConfig: 	at X.1zy.A00(:4)
11-25 09:08:30.712  5418  5716 W IgMetaConfig: 	at X.1zy.A08(:4)
11-25 09:08:30.712  5418  5716 W IgMetaConfig: 	at X.1ta.A05(:49)
11-25 09:08:30.712  5418  5716 W IgMetaConfig: 	at X.1rm.DJZ(:79)
11-25 09:08:30.712  5418  5716 W IgMetaConfig: 	at X.1hp.A00(:82)
11-25 09:08:30.712  5418  5716 W IgMetaConfig: 	at X.1hp.run(:0)
11-25 09:08:30.712  5418  5716 W IgMetaConfig: 	at java.util.concurrent.ThreadPoolExecutor.runWorker(ThreadPoolExecutor.java:1137)
11-25 09:08:30.712  5418  5716 W IgMetaConfig: 	at java.util.concurrent.ThreadPoolExecutor$Worker.run(ThreadPoolExecutor.java:637)
11-25 09:08:30.712  5418  5716 W IgMetaConfig: 	at X.1hr.run(:15)
11-25 09:08:30.712  5418  5716 W IgMetaConfig: 	at java.lang.Thread.run(Thread.java:1012)
11-25 09:08:30.713  5418  5716 W IgMetaConfig: Could not obtain MC: null_factory 
11-25 09:08:30.713  5418  5716 W IgMetaConfig: java.lang.RuntimeException: Could not obtain MC, call-site will receive default values
11-25 09:08:30.713  5418  5716 W IgMetaConfig: 	at X.2ef.A06(:4)
11-25 09:08:30.713  5418  5716 W IgMetaConfig: 	at X.2ef.A05(:8)
11-25 09:08:30.713  5418  5716 W IgMetaConfig: 	at X.2ef.A02(:2)
11-25 09:08:30.713  5418  5716 W IgMetaConfig: 	at X.9hh.invoke(Unknown Source:307)
11-25 09:08:30.713  5418  5716 W IgMetaConfig: 	at X.02X.invoke(Unknown Source:44)
11-25 09:08:30.713  5418  5716 W IgMetaConfig: 	at X.375.getValue(Unknown Source:25)
11-25 09:08:30.713  5418  5716 W IgMetaConfig: 	at X.7o2.getScopedLazy(Unknown Source:36)
11-25 09:08:30.713  5418  5716 W IgMetaConfig: 	at com.instagram.common.session.UserSession.getScopedLazy(:56)
11-25 09:08:30.713  5418  5716 W IgMetaConfig: 	at X.7o2.A08(Unknown Source:4)
11-25 09:08:30.713  5418  5716 W IgMetaConfig: 	at X.2en.A00(:9)
11-25 09:08:30.713  5418  5716 W IgMetaConfig: 	at X.2dz.invoke(:121)
11-25 09:08:30.713  5418  5716 W IgMetaConfig: 	at X.375.getValue(Unknown Source:25)
11-25 09:08:30.713  5418  5716 W IgMetaConfig: 	at X.9gr.invoke(Unknown Source:536)
11-25 09:08:30.713  5418  5716 W IgMetaConfig: 	at X.375.getValue(Unknown Source:25)
11-25 09:08:30.713  5418  5716 W IgMetaConfig: 	at X.2bt.A05(:30)
11-25 09:08:30.713  5418  5716 W IgMetaConfig: 	at X.2cv.A01(:338)
11-25 09:08:30.713  5418  5716 W IgMetaConfig: 	at X.1zx.<init>(:246)
11-25 09:08:30.713  5418  5716 W IgMetaConfig: 	at X.9hA.invoke(Unknown Source:1127)
11-25 09:08:30.713  5418  5716 W IgMetaConfig: 	at X.375.getValue(Unknown Source:25)
11-25 09:08:30.713  5418  5716 W IgMetaConfig: 	at X.1zy.A00(:4)
11-25 09:08:30.713  5418  5716 W IgMetaConfig: 	at X.1zy.A08(:4)
11-25 09:08:30.713  5418  5716 W IgMetaConfig: 	at X.1ta.A05(:49)
11-25 09:08:30.713  5418  5716 W IgMetaConfig: 	at X.1rm.DJZ(:79)
11-25 09:08:30.713  5418  5716 W IgMetaConfig: 	at X.1hp.A00(:82)
11-25 09:08:30.713  5418  5716 W IgMetaConfig: 	at X.1hp.run(:0)
11-25 09:08:30.713  5418  5716 W IgMetaConfig: 	at java.util.concurrent.ThreadPoolExecutor.runWorker(ThreadPoolExecutor.java:1137)
11-25 09:08:30.713  5418  5716 W IgMetaConfig: 	at java.util.concurrent.ThreadPoolExecutor$Worker.run(ThreadPoolExecutor.java:637)
11-25 09:08:30.713  5418  5716 W IgMetaConfig: 	at X.1hr.run(:15)
11-25 09:08:30.713  5418  5716 W IgMetaConfig: 	at java.lang.Thread.run(Thread.java:1012)
11-25 09:08:30.713  5418  5716 W IgMetaConfig: Could not obtain MC: null_factory 
11-25 09:08:30.713  5418  5716 W IgMetaConfig: java.lang.RuntimeException: Could not obtain MC, call-site will receive default values
11-25 09:08:30.713  5418  5716 W IgMetaConfig: 	at X.2ef.A06(:4)
11-25 09:08:30.713  5418  5716 W IgMetaConfig: 	at X.2ef.A05(:8)
11-25 09:08:30.713  5418  5716 W IgMetaConfig: 	at X.2ef.A02(:2)
11-25 09:08:30.713  5418  5716 W IgMetaConfig: 	at X.9hh.invoke(Unknown Source:322)
11-25 09:08:30.713  5418  5716 W IgMetaConfig: 	at X.02X.invoke(Unknown Source:44)
11-25 09:08:30.713  5418  5716 W IgMetaConfig: 	at X.375.getValue(Unknown Source:25)
11-25 09:08:30.713  5418  5716 W IgMetaConfig: 	at X.7o2.getScopedLazy(Unknown Source:36)
11-25 09:08:30.713  5418  5716 W IgMetaConfig: 	at com.instagram.common.session.UserSession.getScopedLazy(:56)
11-25 09:08:30.713  5418  5716 W IgMetaConfig: 	at X.7o2.A08(Unknown Source:4)
11-25 09:08:30.713  5418  5716 W IgMetaConfig: 	at X.2en.A00(:9)
11-25 09:08:30.713  5418  5716 W IgMetaConfig: 	at X.2dz.invoke(:121)
11-25 09:08:30.713  5418  5716 W IgMetaConfig: 	at X.375.getValue(Unknown Source:25)
11-25 09:08:30.713  5418  5716 W IgMetaConfig: 	at X.9gr.invoke(Unknown Source:536)
11-25 09:08:30.713  5418  5716 W IgMetaConfig: 	at X.375.getValue(Unknown Source:25)
11-25 09:08:30.713  5418  5716 W IgMetaConfig: 	at X.2bt.A05(:30)
11-25 09:08:30.713  5418  5716 W IgMetaConfig: 	at X.2cv.A01(:338)
11-25 09:08:30.713  5418  5716 W IgMetaConfig: 	at X.1zx.<init>(:246)
11-25 09:08:30.713  5418  5716 W IgMetaConfig: 	at X.9hA.invoke(Unknown Source:1127)
11-25 09:08:30.713  5418  5716 W IgMetaConfig: 	at X.375.getValue(Unknown Source:25)
11-25 09:08:30.713  5418  5716 W IgMetaConfig: 	at X.1zy.A00(:4)
11-25 09:08:30.713  5418  5716 W IgMetaConfig: 	at X.1zy.A08(:4)
11-25 09:08:30.713  5418  5716 W IgMetaConfig: 	at X.1ta.A05(:49)
11-25 09:08:30.713  5418  5716 W IgMetaConfig: 	at X.1rm.DJZ(:79)
11-25 09:08:30.713  5418  5716 W IgMetaConfig: 	at X.1hp.A00(:82)
11-25 09:08:30.713  5418  5716 W IgMetaConfig: 	at X.1hp.run(:0)
11-25 09:08:30.713  5418  5716 W IgMetaConfig: 	at java.util.concurrent.ThreadPoolExecutor.runWorker(ThreadPoolExecutor.java:1137)
11-25 09:08:30.713  5418  5716 W IgMetaConfig: 	at java.util.concurrent.ThreadPoolExecutor$Worker.run(ThreadPoolExecutor.java:637)
11-25 09:08:30.713  5418  5716 W IgMetaConfig: 	at X.1hr.run(:15)
11-25 09:08:30.713  5418  5716 W IgMetaConfig: 	at java.lang.Thread.run(Thread.java:1012)
11-25 09:08:30.715  5418  5716 W AppInitScheduler|Run:   Finished SessionInitializer in 471ms
11-25 09:08:30.715  5418  5716 W AppInitScheduler|Schedule:   Executing 7:LiteProviderInitializer
11-25 09:08:30.716  5418  5732 W AppInitScheduler|Run: Running LiteProviderInitializer
11-25 09:08:30.717  5418  5732 W AppInitScheduler|Run:   Finished LiteProviderInitializer in 0ms
11-25 09:08:30.717  5418  5732 W AppInitScheduler|Schedule:   Executing 8:LightweightQPLInitializerImpl
11-25 09:08:30.717  5418  5733 W AppInitScheduler|Run: Running LightweightQPLInitializerImpl
11-25 09:08:30.717  5418  5733 W AppInitScheduler|Run:   Finished LightweightQPLInitializerImpl in 0ms
11-25 09:08:30.717  5418  5733 W AppInitScheduler|Schedule:   Executing 9:LacrimaHealthInitializer
11-25 09:08:30.718  5418  5734 W AppInitScheduler|Run: Running LacrimaHealthInitializer
11-25 09:08:30.729  5418  5734 W AppInitScheduler|Run:   Finished LacrimaHealthInitializer in 11ms
11-25 09:08:30.729  5418  5734 W AppInitScheduler|Schedule:   Executing 10:IgSharedPreferencesQPLInitializer
11-25 09:08:30.729  5418  5734 W AppInitScheduler|Run: Running IgSharedPreferencesQPLInitializer
11-25 09:08:30.729  5418  5734 W AppInitScheduler|Run:   Finished IgSharedPreferencesQPLInitializer in 0ms
11-25 09:08:30.729  5418  5734 W AppInitScheduler|Schedule:   Executing 11:QEInitializer
11-25 09:08:30.729  5418  5734 W AppInitScheduler|Run: Running QEInitializer
11-25 09:08:30.733  5418  5734 W IgMetaConfig: Could not obtain MC: not_user_session session=X.7r7@e7f130a
11-25 09:08:30.733  5418  5734 W IgMetaConfig: java.lang.RuntimeException: Could not obtain MC, call-site will receive default values
11-25 09:08:30.733  5418  5734 W IgMetaConfig: 	at X.2ef.A06(:4)
11-25 09:08:30.733  5418  5734 W IgMetaConfig: 	at X.2ef.A05(:8)
11-25 09:08:30.733  5418  5734 W IgMetaConfig: 	at X.2ef.A02(:2)
11-25 09:08:30.733  5418  5734 W IgMetaConfig: 	at X.2fo.A00(:8)
11-25 09:08:30.733  5418  5734 W IgMetaConfig: 	at X.2fo.A01(:2)
11-25 09:08:30.733  5418  5734 W IgMetaConfig: 	at X.2fm.A00(:8)
11-25 09:08:30.733  5418  5734 W IgMetaConfig: 	at X.2fl.<init>(:19)
11-25 09:08:30.733  5418  5734 W IgMetaConfig: 	at X.9hn.invoke(Unknown Source:1185)
11-25 09:08:30.733  5418  5734 W IgMetaConfig: 	at X.375.getValue(Unknown Source:25)
11-25 09:08:30.733  5418  5734 W IgMetaConfig: 	at X.9hn.invoke(Unknown Source:1199)
11-25 09:08:30.733  5418  5734 W IgMetaConfig: 	at X.1ro.A04(:32)
11-25 09:08:30.733  5418  5734 W IgMetaConfig: 	at X.1tg.A05(:168)
11-25 09:08:30.733  5418  5734 W IgMetaConfig: 	at X.1rm.DJZ(:79)
11-25 09:08:30.733  5418  5734 W IgMetaConfig: 	at X.1hp.A00(:82)
11-25 09:08:30.733  5418  5734 W IgMetaConfig: 	at X.1hp.run(:0)
11-25 09:08:30.733  5418  5734 W IgMetaConfig: 	at java.util.concurrent.ThreadPoolExecutor.runWorker(ThreadPoolExecutor.java:1137)
11-25 09:08:30.733  5418  5734 W IgMetaConfig: 	at java.util.concurrent.ThreadPoolExecutor$Worker.run(ThreadPoolExecutor.java:637)
11-25 09:08:30.733  5418  5734 W IgMetaConfig: 	at X.1hr.run(:15)
11-25 09:08:30.733  5418  5734 W IgMetaConfig: 	at java.lang.Thread.run(Thread.java:1012)
11-25 09:08:30.751  5418  5734 W AppInitScheduler|Run:   Finished QEInitializer in 21ms
11-25 09:08:30.751  5418  5734 W AppInitScheduler|Schedule:   Executing 120:MainFeedRequestHeaderInitializer
11-25 09:08:30.751  5418  5734 W AppInitScheduler|Run: Running MainFeedRequestHeaderInitializer
11-25 09:08:30.751  5418  5734 W AppInitScheduler|Run:   Finished MainFeedRequestHeaderInitializer in 0ms
11-25 09:08:30.751  5418  5734 W AppInitScheduler|Schedule:   Executing 12:StorageInitializer
11-25 09:08:30.751  5418  5734 W AppInitScheduler|Run: Running StorageInitializer
11-25 09:08:30.752  5418  5734 E QPLProvider: QuickPerformanceLogger instance wasn't installed in provider, returning noop. Please call QuickPerformanceLoggerProvider.setQuickPerformanceLogger() before getting the instance.
11-25 09:08:30.752  5418  5734 E QPLProvider: java.lang.IllegalStateException: No QPL instance provided
11-25 09:08:30.752  5418  5734 E QPLProvider: 	at com.facebook.quicklog.QuickPerformanceLoggerProvider.getQPLInstance(Unknown Source:8)
11-25 09:08:30.752  5418  5734 E QPLProvider: 	at X.5Jg.B28(Unknown Source:12)
11-25 09:08:30.752  5418  5734 E QPLProvider: 	at X.5Jg.AwD(Unknown Source:2)
11-25 09:08:30.752  5418  5734 E QPLProvider: 	at X.2ij.<init>(:7)
11-25 09:08:30.752  5418  5734 E QPLProvider: 	at X.2ik.A00(:18)
11-25 09:08:30.752  5418  5734 E QPLProvider: 	at X.2ih.<init>(:16)
11-25 09:08:30.752  5418  5734 E QPLProvider: 	at X.1th.A05(:36)
11-25 09:08:30.752  5418  5734 E QPLProvider: 	at X.1rm.DJZ(:79)
11-25 09:08:30.752  5418  5734 E QPLProvider: 	at X.1hp.A00(:82)
11-25 09:08:30.752  5418  5734 E QPLProvider: 	at X.1hp.run(:0)
11-25 09:08:30.752  5418  5734 E QPLProvider: 	at java.util.concurrent.ThreadPoolExecutor.runWorker(ThreadPoolExecutor.java:1137)
11-25 09:08:30.752  5418  5734 E QPLProvider: 	at java.util.concurrent.ThreadPoolExecutor$Worker.run(ThreadPoolExecutor.java:637)
11-25 09:08:30.752  5418  5734 E QPLProvider: 	at X.1hr.run(:15)
11-25 09:08:30.752  5418  5734 E QPLProvider: 	at java.lang.Thread.run(Thread.java:1012)
11-25 09:08:30.752  5418  5734 E QPLProvider: QuickPerformanceLogger instance wasn't installed in provider, returning noop. Please call QuickPerformanceLoggerProvider.setQuickPerformanceLogger() before getting the instance.
11-25 09:08:30.752  5418  5734 E QPLProvider: java.lang.IllegalStateException: No QPL instance provided
11-25 09:08:30.752  5418  5734 E QPLProvider: 	at com.facebook.quicklog.QuickPerformanceLoggerProvider.getQPLInstance(Unknown Source:8)
11-25 09:08:30.752  5418  5734 E QPLProvider: 	at X.5Jg.B28(Unknown Source:24)
11-25 09:08:30.752  5418  5734 E QPLProvider: 	at X.5Jg.AwD(Unknown Source:2)
11-25 09:08:30.752  5418  5734 E QPLProvider: 	at X.2ij.<init>(:7)
11-25 09:08:30.752  5418  5734 E QPLProvider: 	at X.2ik.A00(:18)
11-25 09:08:30.752  5418  5734 E QPLProvider: 	at X.2ih.<init>(:16)
11-25 09:08:30.752  5418  5734 E QPLProvider: 	at X.1th.A05(:36)
11-25 09:08:30.752  5418  5734 E QPLProvider: 	at X.1rm.DJZ(:79)
11-25 09:08:30.752  5418  5734 E QPLProvider: 	at X.1hp.A00(:82)
11-25 09:08:30.752  5418  5734 E QPLProvider: 	at X.1hp.run(:0)
11-25 09:08:30.752  5418  5734 E QPLProvider: 	at java.util.concurrent.ThreadPoolExecutor.runWorker(ThreadPoolExecutor.java:1137)
11-25 09:08:30.752  5418  5734 E QPLProvider: 	at java.util.concurrent.ThreadPoolExecutor$Worker.run(ThreadPoolExecutor.java:637)
11-25 09:08:30.752  5418  5734 E QPLProvider: 	at X.1hr.run(:15)
11-25 09:08:30.752  5418  5734 E QPLProvider: 	at java.lang.Thread.run(Thread.java:1012)
11-25 09:08:30.752  5418  5734 E QPLProvider: QuickPerformanceLogger instance wasn't installed in provider, returning noop. Please call QuickPerformanceLoggerProvider.setQuickPerformanceLogger() before getting the instance.
11-25 09:08:30.752  5418  5734 E QPLProvider: java.lang.IllegalStateException: No QPL instance provided
11-25 09:08:30.752  5418  5734 E QPLProvider: 	at com.facebook.quicklog.QuickPerformanceLoggerProvider.getQPLInstance(Unknown Source:8)
11-25 09:08:30.752  5418  5734 E QPLProvider: 	at X.5Jg.B28(Unknown Source:35)
11-25 09:08:30.752  5418  5734 E QPLProvider: 	at X.5Jg.AwD(Unknown Source:2)
11-25 09:08:30.752  5418  5734 E QPLProvider: 	at X.2ij.<init>(:7)
11-25 09:08:30.752  5418  5734 E QPLProvider: 	at X.2ik.A00(:18)
11-25 09:08:30.752  5418  5734 E QPLProvider: 	at X.2ih.<init>(:16)
11-25 09:08:30.752  5418  5734 E QPLProvider: 	at X.1th.A05(:36)
11-25 09:08:30.752  5418  5734 E QPLProvider: 	at X.1rm.DJZ(:79)
11-25 09:08:30.752  5418  5734 E QPLProvider: 	at X.1hp.A00(:82)
11-25 09:08:30.752  5418  5734 E QPLProvider: 	at X.1hp.run(:0)
11-25 09:08:30.752  5418  5734 E QPLProvider: 	at java.util.concurrent.ThreadPoolExecutor.runWorker(ThreadPoolExecutor.java:1137)
11-25 09:08:30.752  5418  5734 E QPLProvider: 	at java.util.concurrent.ThreadPoolExecutor$Worker.run(ThreadPoolExecutor.java:637)
11-25 09:08:30.752  5418  5734 E QPLProvider: 	at X.1hr.run(:15)
11-25 09:08:30.752  5418  5734 E QPLProvider: 	at java.lang.Thread.run(Thread.java:1012)
11-25 09:08:30.752  5418  5734 E QPLProvider: QuickPerformanceLogger instance wasn't installed in provider, returning noop. Please call QuickPerformanceLoggerProvider.setQuickPerformanceLogger() before getting the instance.
11-25 09:08:30.752  5418  5734 E QPLProvider: java.lang.IllegalStateException: No QPL instance provided
11-25 09:08:30.752  5418  5734 E QPLProvider: 	at com.facebook.quicklog.QuickPerformanceLoggerProvider.getQPLInstance(Unknown Source:8)
11-25 09:08:30.752  5418  5734 E QPLProvider: 	at X.5Jg.B28(Unknown Source:50)
11-25 09:08:30.752  5418  5734 E QPLProvider: 	at X.5Jg.AwD(Unknown Source:2)
11-25 09:08:30.752  5418  5734 E QPLProvider: 	at X.2ij.<init>(:7)
11-25 09:08:30.752  5418  5734 E QPLProvider: 	at X.2ik.A00(:18)
11-25 09:08:30.752  5418  5734 E QPLProvider: 	at X.2ih.<init>(:16)
11-25 09:08:30.752  5418  5734 E QPLProvider: 	at X.1th.A05(:36)
11-25 09:08:30.752  5418  5734 E QPLProvider: 	at X.1rm.DJZ(:79)
11-25 09:08:30.752  5418  5734 E QPLProvider: 	at X.1hp.A00(:82)
11-25 09:08:30.752  5418  5734 E QPLProvider: 	at X.1hp.run(:0)
11-25 09:08:30.752  5418  5734 E QPLProvider: 	at java.util.concurrent.ThreadPoolExecutor.runWorker(ThreadPoolExecutor.java:1137)
11-25 09:08:30.752  5418  5734 E QPLProvider: 	at java.util.concurrent.ThreadPoolExecutor$Worker.run(ThreadPoolExecutor.java:637)
11-25 09:08:30.752  5418  5734 E QPLProvider: 	at X.1hr.run(:15)
11-25 09:08:30.752  5418  5734 E QPLProvider: 	at java.lang.Thread.run(Thread.java:1012)
11-25 09:08:30.752  5418  5734 E QPLProvider: QuickPerformanceLogger instance wasn't installed in provider, returning noop. Please call QuickPerformanceLoggerProvider.setQuickPerformanceLogger() before getting the instance.
11-25 09:08:30.752  5418  5734 E QPLProvider: java.lang.IllegalStateException: No QPL instance provided
11-25 09:08:30.752  5418  5734 E QPLProvider: 	at com.facebook.quicklog.QuickPerformanceLoggerProvider.getQPLInstance(Unknown Source:8)
11-25 09:08:30.752  5418  5734 E QPLProvider: 	at X.5Jg.B28(Unknown Source:61)
11-25 09:08:30.752  5418  5734 E QPLProvider: 	at X.5Jg.AwD(Unknown Source:2)
11-25 09:08:30.752  5418  5734 E QPLProvider: 	at X.2ij.<init>(:7)
11-25 09:08:30.752  5418  5734 E QPLProvider: 	at X.2ik.A00(:18)
11-25 09:08:30.752  5418  5734 E QPLProvider: 	at X.2ih.<init>(:16)
11-25 09:08:30.752  5418  5734 E QPLProvider: 	at X.1th.A05(:36)
11-25 09:08:30.752  5418  5734 E QPLProvider: 	at X.1rm.DJZ(:79)
11-25 09:08:30.752  5418  5734 E QPLProvider: 	at X.1hp.A00(:82)
11-25 09:08:30.752  5418  5734 E QPLProvider: 	at X.1hp.run(:0)
11-25 09:08:30.752  5418  5734 E QPLProvider: 	at java.util.concurrent.ThreadPoolExecutor.runWorker(ThreadPoolExecutor.java:1137)
11-25 09:08:30.752  5418  5734 E QPLProvider: 	at java.util.concurrent.ThreadPoolExecutor$Worker.run(ThreadPoolExecutor.java:637)
11-25 09:08:30.752  5418  5734 E QPLProvider: 	at X.1hr.run(:15)
11-25 09:08:30.752  5418  5734 E QPLProvider: 	at java.lang.Thread.run(Thread.java:1012)
11-25 09:08:30.752  5418  5734 E QPLProvider: QuickPerformanceLogger instance wasn't installed in provider, returning noop. Please call QuickPerformanceLoggerProvider.setQuickPerformanceLogger() before getting the instance.
11-25 09:08:30.752  5418  5734 E QPLProvider: java.lang.IllegalStateException: No QPL instance provided
11-25 09:08:30.752  5418  5734 E QPLProvider: 	at com.facebook.quicklog.QuickPerformanceLoggerProvider.getQPLInstance(Unknown Source:8)
11-25 09:08:30.752  5418  5734 E QPLProvider: 	at X.5Jg.B28(Unknown Source:86)
11-25 09:08:30.752  5418  5734 E QPLProvider: 	at X.5Jg.AwD(Unknown Source:2)
11-25 09:08:30.752  5418  5734 E QPLProvider: 	at X.2ij.<init>(:7)
11-25 09:08:30.752  5418  5734 E QPLProvider: 	at X.2ik.A00(:18)
11-25 09:08:30.752  5418  5734 E QPLProvider: 	at X.2ih.<init>(:16)
11-25 09:08:30.752  5418  5734 E QPLProvider: 	at X.1th.A05(:36)
11-25 09:08:30.752  5418  5734 E QPLProvider: 	at X.1rm.DJZ(:79)
11-25 09:08:30.752  5418  5734 E QPLProvider: 	at X.1hp.A00(:82)
11-25 09:08:30.752  5418  5734 E QPLProvider: 	at X.1hp.run(:0)
11-25 09:08:30.752  5418  5734 E QPLProvider: 	at java.util.concurrent.ThreadPoolExecutor.runWorker(ThreadPoolExecutor.java:1137)
11-25 09:08:30.752  5418  5734 E QPLProvider: 	at java.util.concurrent.ThreadPoolExecutor$Worker.run(ThreadPoolExecutor.java:637)
11-25 09:08:30.752  5418  5734 E QPLProvider: 	at X.1hr.run(:15)
11-25 09:08:30.752  5418  5734 E QPLProvider: 	at java.lang.Thread.run(Thread.java:1012)
11-25 09:08:30.752  5418  5734 E QPLProvider: QuickPerformanceLogger instance wasn't installed in provider, returning noop. Please call QuickPerformanceLoggerProvider.setQuickPerformanceLogger() before getting the instance.
11-25 09:08:30.752  5418  5734 E QPLProvider: java.lang.IllegalStateException: No QPL instance provided
11-25 09:08:30.752  5418  5734 E QPLProvider: 	at com.facebook.quicklog.QuickPerformanceLoggerProvider.getQPLInstance(Unknown Source:8)
11-25 09:08:30.752  5418  5734 E QPLProvider: 	at X.5Jg.B28(Unknown Source:97)
11-25 09:08:30.752  5418  5734 E QPLProvider: 	at X.5Jg.AwD(Unknown Source:2)
11-25 09:08:30.752  5418  5734 E QPLProvider: 	at X.2ij.<init>(:7)
11-25 09:08:30.752  5418  5734 E QPLProvider: 	at X.2ik.A00(:18)
11-25 09:08:30.752  5418  5734 E QPLProvider: 	at X.2ih.<init>(:16)
11-25 09:08:30.752  5418  5734 E QPLProvider: 	at X.1th.A05(:36)
11-25 09:08:30.752  5418  5734 E QPLProvider: 	at X.1rm.DJZ(:79)
11-25 09:08:30.752  5418  5734 E QPLProvider: 	at X.1hp.A00(:82)
11-25 09:08:30.752  5418  5734 E QPLProvider: 	at X.1hp.run(:0)
11-25 09:08:30.752  5418  5734 E QPLProvider: 	at java.util.concurrent.ThreadPoolExecutor.runWorker(ThreadPoolExecutor.java:1137)
11-25 09:08:30.752  5418  5734 E QPLProvider: 	at java.util.concurrent.ThreadPoolExecutor$Worker.run(ThreadPoolExecutor.java:637)
11-25 09:08:30.752  5418  5734 E QPLProvider: 	at X.1hr.run(:15)
11-25 09:08:30.752  5418  5734 E QPLProvider: 	at java.lang.Thread.run(Thread.java:1012)
