12-10 18:30:06.596 29326 29377 W MDCLLight: 	at X.2HM.A01(Unknown Source:1)
12-10 18:30:06.596 29326 29377 W MDCLLight: 	at X.9WA.A00(Unknown Source:24)
12-10 18:30:06.596 29326 29377 W MDCLLight: 	at X.9el.A00(Unknown Source:930)
12-10 18:30:06.596 29326 29377 W MDCLLight: 	at X.9el.invokeSuspend(Unknown Source:9)
12-10 18:30:06.596 29326 29377 W MDCLLight: 	at X.9el.invoke(Unknown Source:23)
12-10 18:30:06.596 29326 29377 W MDCLLight: 	at X.9co.invokeSuspend(:53)
12-10 18:30:06.596 29326 29377 W MDCLLight: 	at X.9co.A0D(:8)
12-10 18:30:06.596 29326 29377 W MDCLLight: 	at X.9co.invoke(:18)
12-10 18:30:06.596 29326 29377 W MDCLLight: 	at X.4hv.A00(:13)
12-10 18:30:06.596 29326 29377 W MDCLLight: 	at X.1mn.A00(:11)
12-10 18:30:06.596 29326 29377 W MDCLLight: 	at X.03z.invokeSuspend(:120)
12-10 18:30:06.596 29326 29377 W MDCLLight: 	at X.5JD.resumeWith(Unknown Source:15)
12-10 18:30:06.596 29326 29377 W MDCLLight: 	at X.5JH.run(Unknown Source:96)
12-10 18:30:06.596 29326 29377 W MDCLLight: 	at X.9Ws.run(Unknown Source:2)
12-10 18:30:06.596 29326 29377 W MDCLLight: 	at X.1lc.run(:25)
12-10 18:30:06.596 29326 29377 W MDCLLight: 	at X.1lc.run(:25)
12-10 18:30:06.596 29326 29377 W MDCLLight: 	at X.1jy.A00(:110)
12-10 18:30:06.596 29326 29377 W MDCLLight: 	at X.1jy.run(:136)
12-10 18:30:06.596 29326 29377 W MDCLLight: Caused by: java.lang.NoClassDefFoundError: Class not found using the boot class loader; no stack trace available
12-10 18:30:06.596 29326 29377 W MDCLLight: Trying to fallback load dexandroidx.window.sidecar.SidecarProvider moduleHint = null
12-10 18:30:06.596 29326 29377 E MDCLLight: Fallback load dex failed for androidx.window.sidecar.SidecarProvider
12-10 18:30:06.597 29326 29540 W RealtimeClientManager: Channel state: MqttChannelState{mConnectionState=CONNECTING, mDisconnectionReason=null, mLastConnectionMs=0, mLastDisconnectMs=0}
12-10 18:30:06.607 29326 29377 W soft_error.cpp: [pando::graphql::PandoGraphQLRequestHybrid::assertValid] : Using a PandoGraphQLRequest after it has been consumed. Query name is QuickPromotionSurfaceQueryV3
12-10 18:30:06.812 29326 29642 E IdleQueuePayloadBasedServiceLayer: Request empty, but still some servings left: -40960
12-10 18:30:06.892 29326 29326 W SoLoader: Loading pando-jni on the main thread
12-10 18:30:07.107 29326 29540 W RealtimeClientManager: Channel state: MqttChannelState{mConnectionState=CONNECTED, mDisconnectionReason=null, mLastConnectionMs=0, mLastDisconnectMs=0}
12-10 18:30:07.260 29326 29540 W RealtimeClientManager: Channel state: MqttChannelState{mConnectionState=CONNECTED_AND_ACKED, mDisconnectionReason=null, mLastConnectionMs=265367, mLastDisconnectMs=0}
12-10 18:30:07.499 29326 29347 D InputTransport: Input channel destroyed: 'ClientS', fd=185
12-10 18:30:07.504 29326 29347 W JavaBinder: BinderProxy is being destroyed but the application did not call unlinkToDeath to unlink all of its death recipients beforehand.  Releasing leaked death recipient: X.0Va
12-10 18:30:07.515 29326 29348 W System  : A resource failed to call close. 
12-10 18:30:07.515 29326 29348 W System  : A resource failed to call close. 
12-10 18:30:07.853 29326 29475 W IgMetaConfig: Could not obtain MC: not_user_session session=X.1F9@c4abe52
12-10 18:30:07.853 29326 29475 W IgMetaConfig: java.lang.RuntimeException: Could not obtain MC, call-site will receive default values
12-10 18:30:07.853 29326 29475 W IgMetaConfig: 	at X.2cn.A06(:4)
12-10 18:30:07.853 29326 29475 W IgMetaConfig: 	at X.2cn.A05(:7)
12-10 18:30:07.853 29326 29475 W IgMetaConfig: 	at X.2cn.A02(:2)
12-10 18:30:07.853 29326 29475 W IgMetaConfig: 	at X.2fe.A00(:8)
12-10 18:30:07.853 29326 29475 W IgMetaConfig: 	at X.2fe.A03(:7)
12-10 18:30:07.853 29326 29475 W IgMetaConfig: 	at X.7na.run(:7)
12-10 18:30:07.853 29326 29475 W IgMetaConfig: 	at X.1lc.run(:25)
12-10 18:30:07.853 29326 29475 W IgMetaConfig: 	at android.os.Handler.handleCallback(Handler.java:942)
12-10 18:30:07.853 29326 29475 W IgMetaConfig: 	at android.os.Handler.dispatchMessage(Handler.java:99)
12-10 18:30:07.853 29326 29475 W IgMetaConfig: 	at android.os.Looper.loopOnce(Looper.java:226)
12-10 18:30:07.853 29326 29475 W IgMetaConfig: 	at android.os.Looper.loop(Looper.java:313)
12-10 18:30:07.853 29326 29475 W IgMetaConfig: 	at android.os.HandlerThread.run(HandlerThread.java:67)
12-10 18:30:07.925 29326 29556 E AppStates.cpp: Event 2 is not expected in BACKGROUND_VOIPOFF
12-10 18:30:08.323 29326 29384 D CompatibilityChangeReporter: Compat change id reported: 150939131; UID 10364; state: ENABLED
12-10 18:30:08.548 29326 29360 D TrafficStats: tagSocket(185) with statsTag=0xffffffff, statsUid=-1
12-10 18:30:10.016 29326 29429 W soft_error.cpp: [pando::graphql::PandoGraphQLRequestHybrid::assertValid] : Using a PandoGraphQLRequest after it has been consumed. Query name is IGUSDIDRegistrationMutation
12-10 18:30:10.100 29326 29804 W DefaultTrackSelector: Audio channel count constraints cannot be applied without reference to Context. Build the track selector instance with one of the non-deprecated constructors that take a Context argument.
12-10 18:30:10.107 29326 29808 W MediaCodecSelectorHelper: Unexpected mime type audio/mp4a-latm
12-10 18:30:10.107 29326 29808 W MediaCodecSelectorHelper: Unexpected mime type audio/mp4a-latm
12-10 18:30:10.107 29326 29808 W MediaCodecSelectorHelper: Unexpected mime type audio/mp4a-latm
12-10 18:30:10.107 29326 29808 W MediaCodecSelectorHelper: Unexpected mime type audio/mp4a-latm
12-10 18:30:10.107 29326 29808 W MediaCodecSelectorHelper: Unexpected mime type audio/mp4a-latm
12-10 18:30:10.107 29326 29808 W MediaCodecSelectorHelper: Unexpected mime type audio/mp4a-latm
12-10 18:30:10.302 29326 29808 E ExoDav1dDecoder_JNI: Dav1dDecoder::dav1dInit -- setup signal action
12-10 18:30:10.479 29326 29469 W LibevQuicAsyncUDPSocket.h: setTosOrTrafficClass not implemented in LibevQuicAsyncUDPSocket
12-10 18:30:10.486 29326 29831 W HeroManager: mediaPreload.prefetchInternal : source: Type: DASH_VOD
12-10 18:30:10.486 29326 29831 W HeroManager: 	Id: 3756623399448513523_69101606839
12-10 18:30:10.486 29326 29831 W HeroManager: 	Uri: https://scontent-lga3-3.cdninstagram.com/o1/v/t2/f2/m86/AQN6qu99CcXr7Rs5HGnazR-4Ztoh3jRggBodhRuMxPo9XCIJjhDuxGs53SF32cRWF-eIMScUaQP8qhxa5uM74vEjFyvFBRghhK8SaWQ.mp4?_nc_cat=106&_nc_sid=5e9851&_nc_ht=scontent-lga3-3.cdninstagram.com&_nc_ohc=s3hjwKPzZqYQ7kNvwHjwHHV&efg=eyJ2ZW5jb2RlX3RhZyI6Inhwdl9wcm9ncmVzc2l2ZS5JTlNUQUdSQU0uQ0xJUFMuQzMuNzIwLmRhc2hfYmFzZWxpbmVfMV92MSIsInhwdl9hc3NldF9pZCI6NjgxODcyNzQ0OTg2NTIxLCJhc3NldF9hZ2VfZGF5cyI6MzgsInZpX3VzZWNhc2VfaWQiOjEwMDk5LCJkdXJhdGlvbl9zIjo2MiwidXJsZ2VuX3NvdXJjZSI6Ind3dyJ9&ccb=17-1&vs=28c35a25cdacb7ea&_nc_vs=HBksFQIYUmlnX3hwdl9yZWVsc19wZXJtYW5lbnRfc3JfcHJvZC9FNTQ0NUY2RUUyODg3RTI4RTk2RUI3NTAwRDJGQUQ5Ql92aWRlb19kYXNoaW5pdC5tcDQVAALIARIAFQIYOnBhc3N0aHJvdWdoX2V2ZXJzdG9yZS9HTTBXT3lMbUlsYW5EdzhEQU1JVWVYLXliVzlYYnN0VEFRQUYVAgLIARIAKAAYABsCiAd1c2Vfb2lsATEScHJvZ3Jlc3NpdmVfcmVjaXBlATEVAAAmst7565uKtgIVAigCQzMsF0BPKp--dsi0GBJkYXNoX2Jhc2VsaW5lXzFfdjERAHX-B2XmnQEA&_nc_gid=rw92r1OZzlzGki1EAHyzlQ&_nc_zt=28&oh=00_AflVqjIK-wMXlOLpQJz0hqlQutiU1iJbipMJXQy7SsAbbw&oe=693B8BB3
12-10 18:30:10.486 29326 29831 W HeroManager: 	Origin: feed_timeline
12-10 18:30:10.486 29326 29831 W HeroManager: 	PrefetchOrigin: UNKNOWN
12-10 18:30:10.486 29326 29831 W HeroManager: 	DashMPD: 22168
12-10 18:30:10.486 29326 29831 W HeroManager: 	Codec: av01.0.05M.08.0.111.01.01.01.0
12-10 18:30:10.486 29326 29831 W HeroManager: 	liveLatency: -1
12-10 18:30:10.486 29326 29831 W HeroManager: 	liveLatencyTolerance: -1
12-10 18:30:10.486 29326 29831 W HeroManager: 	isSpherical: false
12-10 18:30:10.486 29326 29831 W HeroManager: 	isSponsored: false
12-10 18:30:10.486 29326 29831 W HeroManager: 	isAdBreak: false
12-10 18:30:10.486 29326 29831 W HeroManager: 	isLiveTraceEnabled: false
12-10 18:30:10.486 29326 29831 W HeroManager: 	renderMode: AUDIO_VIDEO
12-10 18:30:10.486 29326 29831 W HeroManager: 	isBroadcast: false
12-10 18:30:10.486 29326 29831 W HeroManager: 	contentType: GENERAL
12-10 18:30:10.486 29326 29831 W HeroManager: 	isAudioDataListenerEnabled: false
12-10 18:30:10.486 29326 29831 W HeroManager: 	liveViewerCount: -1, type: DASH_VOD
12-10 18:30:10.495 29326 29571 D CompatibilityChangeReporter: Compat change id reported: 170233598; UID 10364; state: DISABLED
12-10 18:30:10.497 29326 29835 W SimpleCache: lock expired after -2ms for span: 3756623399448513523_69101606839.null.1750090782318350v.-1.AQOu4y1KU2fz3N3Ts2esc0c0umrnc72AMjZl716oyX22MeRPPN4Agqw_5KXiWfCQTJCKZ3he_cFnoeXPZcwOHJgG6veu2t2U3TLiUEA.mp4
12-10 18:30:10.508 29326 29835 E CacheManager_default: IO Exception prefetching CacheKey:null.1750090782318350v.-1, Read:0
12-10 18:30:10.508 29326 29835 E CacheManager_default: java.io.IOException: Timeout when obtain cache span lock
12-10 18:30:10.508 29326 29835 E CacheManager_default: 	at X.6cC.A06(Unknown Source:257)
12-10 18:30:10.508 29326 29835 E CacheManager_default: 	at X.6cC.open(Unknown Source:325)
12-10 18:30:10.508 29326 29835 E CacheManager_default: 	at X.6bQ.Amh(Unknown Source:852)
12-10 18:30:10.508 29326 29835 E CacheManager_default: 	at X.6GA.run(Unknown Source:128)
12-10 18:30:10.508 29326 29835 E CacheManager_default: 	at java.lang.Thread.run(Thread.java:1012)
12-10 18:30:10.508 29326 29835 E CacheManager_default: 	at X.7gC.run(Unknown Source:49)
12-10 18:30:10.511 29326 29835 W SimpleCache: lock expired after -1ms for span: 3756623399448513523_69101606839.null.1575664633624331a.-1.AQORdMbBIc2YJDmtKez59pOGROsy2ak6TEtEMhuvOZlzS7tCVOQJJEYwjJMQYysRRlHsHJ-GwLaDLHJcYpv-pFtO.mp4
12-10 18:30:10.511 29326 29835 E CacheManager_default: IO Exception prefetching CacheKey:null.1575664633624331a.-1, Read:0
12-10 18:30:10.511 29326 29835 E CacheManager_default: java.io.IOException: Timeout when obtain cache span lock
12-10 18:30:10.511 29326 29835 E CacheManager_default: 	at X.6cC.A06(Unknown Source:257)
12-10 18:30:10.511 29326 29835 E CacheManager_default: 	at X.6cC.open(Unknown Source:325)
12-10 18:30:10.511 29326 29835 E CacheManager_default: 	at X.6bQ.Amh(Unknown Source:852)
12-10 18:30:10.511 29326 29835 E CacheManager_default: 	at X.6GA.run(Unknown Source:128)
12-10 18:30:10.511 29326 29835 E CacheManager_default: 	at java.lang.Thread.run(Thread.java:1012)
12-10 18:30:10.511 29326 29835 E CacheManager_default: 	at X.7gC.run(Unknown Source:49)
12-10 18:30:10.518 29326 29571 W FrscLanguagePack: FRSC English string not found for ID #0x7f1301ba
12-10 18:30:10.522 29326 29326 W SoLoader: Loading yoga on the main thread
12-10 18:30:10.557 29326 29808 E Dav1dCtxWrapper: [281754800]MaybeAcquireNativeWindow() invalid native window size 1x1
12-10 18:30:10.557 29326 29808 E Dav1dCtxWrapper: Dav1dDecoder::dav1dYuvSurfaceRender failed to set dataspace
12-10 18:30:10.613 29326 29326 W soft_error.cpp: [pando::graphql::PandoGraphQLRequestHybrid::assertValid] : Using a PandoGraphQLRequest after it has been consumed. Query name is IgmConfigSyncQuery
12-10 18:30:10.621 29326 29382 E mali_winsys: Unrecognised Android chroma siting range: [2, 2]. Applying default
12-10 18:30:10.640 29326 29856 W SoLoader: SoLoader already initialized
12-10 18:30:10.685 29326 29469 W LibevQuicAsyncUDPSocket.h: setTosOrTrafficClass not implemented in LibevQuicAsyncUDPSocket
12-10 18:30:10.759 29326 29613 E IdleQueuePayloadBasedServiceLayer: Request empty, but still some servings left: 182646
12-10 18:30:10.821 29326 29808 W MediaCodecSelectorHelper: Unexpected mime type audio/mp4a-latm
12-10 18:30:10.830 29326 29642 E IdleQueuePayloadBasedServiceLayer: Request empty, but still some servings left: -9714
12-10 18:30:10.846 29326 29346 W stagram.android: Suspending all threads took: 12.271ms
12-10 18:30:10.853 29326 29346 I stagram.android: Background concurrent copying GC freed 125088(5742KB) AllocSpace objects, 32(3592KB) LOS objects, 49% free, 18MB/36MB, paused 2.380ms,12.461ms total 201.813ms
12-10 18:30:10.874 29326 29883 I CCodec  : state->set(ALLOCATING)
12-10 18:30:10.875 29326 29883 I CCodec  : allocate(c2.android.aac.decoder)
12-10 18:30:10.883 29326 29883 W fb-breakpad: Requesting g_crash_mutex in tid: 29883
12-10 18:30:10.883 29326 29883 W fb-breakpad: Cloned at crash time, sig: 6 si_code: -6, si_pid: 29326
12-10 18:30:10.911 29891 29883 W fb-breakpad: Dump file name = /data/user/0/com.instagram.android/app_minidumps/1765384205454-6075bbad-2cf1-8be4-dc78-7e30141e2f26_28fd324b86ebab919aeb9b726a0d14d2.dmp
12-10 18:30:10.911 29891 29883 W fb-breakpad: Start writing minidump with flags: 806 for crashing thread: 29883.
12-10 18:30:10.919 29326 29642 E IdleQueuePayloadBasedServiceLayer: Request empty, but still some servings left: -49151
12-10 18:30:11.284 29911 29883 W appstatelogger2: The status has been written to the FD
12-10 18:30:11.284 29911 29883 E fb-breakpad: Stop handling 11 tid: 29911
12-10 18:30:11.451 29891 29883 W fb-breakpad: Finish writing minidump for crashing thread: 29883.
12-10 18:30:11.452 29326 29326 E fatal   : runForegroundReporters
12-10 18:30:11.464 29326 29882 E IdleQueuePayloadBasedServiceLayer: Request empty, but still some servings left: -49863
12-10 18:30:11.491 29326 29360 D TrafficStats: tagSocket(86) with statsTag=0xffffffff, statsUid=-1
