--------- beginning of main
12-10 18:30:05.937 29326 29386 W AppInitScheduler|Run: Running SessionScopedProviderInitializerCompletion
12-10 18:30:05.937 29326 29386 W AppInitScheduler|Run:   Finished SessionScopedProviderInitializerCompletion in 0ms
12-10 18:30:05.937 29326 29386 W AppInitScheduler|Schedule:   Executing 131:CobraInitializer
12-10 18:30:05.937 29326 29386 W AppInitScheduler|Run: Running CobraInitializer
12-10 18:30:05.937 29326 29386 W AppInitScheduler|Run:   Finished CobraInitializer in 0ms
12-10 18:30:05.937 29326 29386 W AppInitScheduler|Schedule:   Executing 137:LruCacheTrackerInitializer
12-10 18:30:05.937 29326 29386 W AppInitScheduler|Run: Running LruCacheTrackerInitializer
12-10 18:30:05.937 29326 29386 W AppInitScheduler|Run:   Finished LruCacheTrackerInitializer in 0ms
12-10 18:30:05.937 29326 29386 W AppInitScheduler|Schedule:   Executing 130:MarkAppInitCriticalWorkComplete
12-10 18:30:05.937 29326 29386 W AppInitScheduler|Run: Running MarkAppInitCriticalWorkComplete
12-10 18:30:05.937 29326 29386 W AppInitScheduler|Run:   Finished MarkAppInitCriticalWorkComplete in 0ms
12-10 18:30:05.937 29326 29386 W AppInitScheduler|Run: Running ResponseObserverInitializer
12-10 18:30:05.937 29326 29386 W AppInitScheduler|Run:   Finished ResponseObserverInitializer in 1ms
12-10 18:30:05.937 29326 29386 W AppInitScheduler|Run: Running UsdidInitializer
12-10 18:30:05.938 29326 29386 W AppInitScheduler|Run:   Finished UsdidInitializer in 0ms
12-10 18:30:05.939 29326 29326 I ActivityThread: Schedule relaunch activity: com.instagram.android.activity.MainTabActivity
12-10 18:30:05.939 29326 29386 W AppInitScheduler|Run: Running PreloadsFirstAppOpenFlagInitializer
12-10 18:30:05.940 29326 29326 W BackgroundStartupDetector: bgMode=BACKGROUND
12-10 18:30:05.941 29326 29326 W BackgroundStartupDetector: bgMode=FOREGROUND
12-10 18:30:05.941 29326 29386 W AppInitScheduler|Run:   Finished PreloadsFirstAppOpenFlagInitializer in 2ms
12-10 18:30:05.941 29326 29386 W AppInitScheduler|Schedule: Pending tasks reached zero, maybe shutting down…
12-10 18:30:05.942 29326 29386 W AppInitScheduler|Run: All work finished.
12-10 18:30:05.943 29326 29326 D CACHE_HINTS: Entering madvise file
12-10 18:30:05.943 29326 29326 D CACHE_HINTS: MADVISE_RAND file 0x7a3d2f4000 10280959 /data/data/com.instagram.android/app_restricks/layouts.bin
12-10 18:30:05.944 29326 29326 D CACHE_HINTS: MADVISE_RAND file 0x7a682a7000 10280959 /data/data/com.instagram.android/app_restricks/layouts.bin
12-10 18:30:05.949 29326 29569 I ACodec  : [OMX.Exynos.avc.dec] Now Loaded
12-10 18:30:05.951 29326 29569 I ACodec  :  [OMX.Exynos.avc.dec] Now kWhatShutdownCompleted event : 8033
12-10 18:30:05.953 29326 29569 I ACodec  :  [OMX.Exynos.avc.dec] Now uninitialized
12-10 18:30:05.953 29326 29326 D CACHE_HINTS: Entering madvise file
12-10 18:30:05.953 29326 29569 I ACodec  :  [] Now kWhatShutdownCompleted event : 8033
12-10 18:30:05.953 29326 29567 I MediaCodec: Codec shutdown complete
12-10 18:30:05.953 29326 29372 D MediaCodec: MediaCodec::reclaim(0x7c56c25980) OMX.Exynos.avc.dec
12-10 18:30:05.953 29326 29567 D MediaCodec: flushMediametrics
12-10 18:30:05.954 29326 29326 D CACHE_HINTS: MADVISE_RAND file 0x7a103f4000 10280959 /data/data/com.instagram.android/app_restricks/layouts.bin
12-10 18:30:05.954 29326 29326 D CACHE_HINTS: MADVISE_RAND file 0x7a3d2f4000 10280959 /data/data/com.instagram.android/app_restricks/layouts.bin
12-10 18:30:05.954 29326 29326 D CACHE_HINTS: MADVISE_RAND file 0x7a682a7000 10280959 /data/data/com.instagram.android/app_restricks/layouts.bin
12-10 18:30:05.955 29326 29567 D MediaCodec: flushMediametrics
12-10 18:30:05.956 29326 29578 I CCodec  : state->set(ALLOCATING)
12-10 18:30:05.960 29326 29326 I MSHandlerLifeCycle: removeMultiSplitHandler: no exist. decor=DecorView@231382a[MainTabActivity]
12-10 18:30:05.960 29326 29578 I CCodec  : allocate(c2.android.aac.decoder)
12-10 18:30:05.964 29326 29578 I Codec2Client: Available Codec2 services: "default" "software"
12-10 18:30:05.966 29326 29578 I CCodec  : setting up 'default' as default (vendor) store
12-10 18:30:05.967 29326 29326 I DecorView: [INFO] isPopOver=false config=true
12-10 18:30:05.967 29326 29326 I DecorView: updateCaptionType: isFloating=false isApplication=true hasWindowDecorCaption=false this=DecorView@231382a[]
12-10 18:30:05.967 29326 29326 D DecorView: setCaptionType = 0, this = DecorView@231382a[]
12-10 18:30:05.968 29326 29326 I DecorView: getCurrentDensityDpi: from real metrics. densityDpi=450 msg=resources_loaded
12-10 18:30:05.968 29326 29326 I DecorView: setWindowBackground: isPopOver=false color=ffffffff d=android.graphics.drawable.ColorDrawable@f68efb7
12-10 18:30:05.974 29326 29326 D CompatibilityChangeReporter: Compat change id reported: 210923482; UID 10364; state: ENABLED
12-10 18:30:05.975 29326 29578 I CCodec  : Created component [c2.android.aac.decoder]
12-10 18:30:05.975 29326 29578 I CCodec  : [c2.android.aac.decoder] state->set(ALLOCATED)
12-10 18:30:05.976 29326 29578 D CCodecConfig: read media type: audio/mp4a-latm
12-10 18:30:05.977 29326 29578 D ReflectedParamUpdater: extent() != 1 for single value type: algo.buffers.max-count.values
12-10 18:30:05.977 29326 29578 D ReflectedParamUpdater: extent() != 1 for single value type: output.subscribed-indices.values
12-10 18:30:05.977 29326 29578 D ReflectedParamUpdater: extent() != 1 for single value type: input.buffers.allocator-ids.values
12-10 18:30:05.977 29326 29578 D ReflectedParamUpdater: extent() != 1 for single value type: output.buffers.allocator-ids.values
12-10 18:30:05.978 29326 29578 D ReflectedParamUpdater: extent() != 1 for single value type: algo.buffers.allocator-ids.values
12-10 18:30:05.978 29326 29578 D ReflectedParamUpdater: extent() != 1 for single value type: output.buffers.pool-ids.values
12-10 18:30:05.978 29326 29578 D ReflectedParamUpdater: extent() != 1 for single value type: algo.buffers.pool-ids.values
12-10 18:30:05.980 29326 29578 I CCodecConfig: query failed after returning 20 values (BAD_INDEX)
12-10 18:30:05.981 29326 29578 D CCodecConfig: c2 config diff is Dict {
12-10 18:30:05.981 29326 29578 D CCodecConfig:   c2::u32 coded.aac-packaging.value = 0
12-10 18:30:05.981 29326 29578 D CCodecConfig:   c2::u32 coded.bitrate.value = 64000
12-10 18:30:05.981 29326 29578 D CCodecConfig:   c2::u32 coded.pl.level = 0
12-10 18:30:05.981 29326 29578 D CCodecConfig:   c2::u32 coded.pl.profile = 8192
12-10 18:30:05.981 29326 29578 D CCodecConfig:   c2::i32 coding.drc.album-mode.value = 0
12-10 18:30:05.981 29326 29578 D CCodecConfig:   c2::float coding.drc.attenuation-factor.value = 1
12-10 18:30:05.981 29326 29578 D CCodecConfig:   c2::float coding.drc.boost-factor.value = 1
12-10 18:30:05.981 29326 29578 D CCodecConfig:   c2::i32 coding.drc.compression-mode.value = 3
12-10 18:30:05.981 29326 29578 D CCodecConfig:   c2::i32 coding.drc.effect-type.value = 3
12-10 18:30:05.981 29326 29578 D CCodecConfig:   c2::float coding.drc.encoded-level.value = 0.25
12-10 18:30:05.981 29326 29578 D CCodecConfig:   c2::float coding.drc.reference-level.value = -16
12-10 18:30:05.981 29326 29578 D CCodecConfig:   c2::u32 input.buffers.max-size.value = 8192
12-10 18:30:05.981 29326 29578 D CCodecConfig:   c2::u32 input.delay.value = 0
12-10 18:30:05.981 29326 29578 D CCodecConfig:   string input.media-type.value = "audio/mp4a-latm"
12-10 18:30:05.981 29326 29578 D CCodecConfig:   c2::u32 output.delay.value = 2
12-10 18:30:05.981 29326 29578 D CCodecConfig:   c2::float output.drc.output-loudness.value = 0.25
12-10 18:30:05.981 29326 29578 D CCodecConfig:   string output.media-type.value = "audio/raw"
12-10 18:30:05.981 29326 29578 D CCodecConfig:   c2::u32 raw.channel-count.value = 1
12-10 18:30:05.981 29326 29578 D CCodecConfig:   c2::u32 raw.channel-mask.value = 0
12-10 18:30:05.981 29326 29578 D CCodecConfig:   c2::u32 raw.max-channel-count.value = 8
12-10 18:30:05.981 29326 29578 D CCodecConfig:   c2::u32 raw.sample-rate.value = 44100
12-10 18:30:05.981 29326 29578 D CCodecConfig: }
12-10 18:30:05.981 29326 29578 I CCodec  : [c2.android.aac.decoder] state->set(RELEASING)
12-10 18:30:05.981 29326 29586 I CCodec  : [c2.android.aac.decoder] release(1)
12-10 18:30:05.982 29326 29586 I CCodec  : [c2.android.aac.decoder] state->set(RELEASED)
12-10 18:30:05.982 29326 29578 I hw-BpHwBinder: onLastStrongRef automatically unlinking death recipients
12-10 18:30:05.982 29326 29578 I MediaCodec: Codec shutdown complete
12-10 18:30:05.982 29326 29578 D MediaCodec: flushMediametrics
12-10 18:30:05.982 29326 29578 D MediaCodec: flushMediametrics
12-10 18:30:05.995 29326 29326 W MDCLLight: Failed to load class from parent: kotlin.reflect.jvm.internal.ReflectionFactoryImpl
12-10 18:30:05.995 29326 29326 W MDCLLight: java.lang.ClassNotFoundException: kotlin.reflect.jvm.internal.ReflectionFactoryImpl
12-10 18:30:05.995 29326 29326 W MDCLLight: 	at java.lang.Class.classForName(Native Method)
12-10 18:30:05.995 29326 29326 W MDCLLight: 	at java.lang.BootClassLoader.findClass(ClassLoader.java:1366)
12-10 18:30:05.995 29326 29326 W MDCLLight: 	at java.lang.BootClassLoader.loadClass(ClassLoader.java:1426)
12-10 18:30:05.995 29326 29326 W MDCLLight: 	at java.lang.ClassLoader.loadClass(ClassLoader.java:312)
12-10 18:30:05.995 29326 29326 W MDCLLight: 	at com.facebook.common.dextricks.MultiDexClassLoaderLight.loadFromParent(:4)
12-10 18:30:05.995 29326 29326 W MDCLLight: 	at com.facebook.common.dextricks.MultiDexClassLoaderLight.loadClass(:38)
12-10 18:30:05.995 29326 29326 W MDCLLight: 	at java.lang.ClassLoader.loadClass(ClassLoader.java:367)
12-10 18:30:05.995 29326 29326 W MDCLLight: 	at java.lang.ClassLoader.loadClass(ClassLoader.java:312)
12-10 18:30:05.995 29326 29326 W MDCLLight: 	at java.lang.Class.classForName(Native Method)
12-10 18:30:05.995 29326 29326 W MDCLLight: 	at java.lang.Class.forName(Class.java:454)
12-10 18:30:05.995 29326 29326 W MDCLLight: 	at java.lang.Class.forName(Class.java:379)
12-10 18:30:05.995 29326 29326 W MDCLLight: 	at X.0KE.<clinit>(Unknown Source:4)
12-10 18:30:05.995 29326 29326 W MDCLLight: 	at X.0kw.A01(:14)
12-10 18:30:05.995 29326 29326 W MDCLLight: 	at X.9bx.invoke(:20)
12-10 18:30:05.995 29326 29326 W MDCLLight: 	at X.AvI.getValue(Unknown Source:25)
12-10 18:30:05.995 29326 29326 W MDCLLight: 	at X.0ky.A00(:2)
12-10 18:30:05.995 29326 29326 W MDCLLight: 	at X.0ky.A02(:45)
12-10 18:30:05.995 29326 29326 W MDCLLight: 	at X.0kt.F8G(:21)
12-10 18:30:05.995 29326 29326 W MDCLLight: 	at X.0jn.A00(:14)
12-10 18:30:05.995 29326 29326 W MDCLLight: 	at X.0jo.A04(:80)
12-10 18:30:05.995 29326 29326 W MDCLLight: 	at X.0jo.A01(:79)
12-10 18:30:05.995 29326 29326 W MDCLLight: 	at X.0jo.A02(:28)
12-10 18:30:05.995 29326 29326 W MDCLLight: 	at X.0jo.A0A(:9)
12-10 18:30:05.995 29326 29326 W MDCLLight: 	at androidx.fragment.app.Fragment.performCreate(:35)
12-10 18:30:05.995 29326 29326 W MDCLLight: 	at X.6SZ.performCreate(Unknown Source:12)
12-10 18:30:05.995 29326 29326 W MDCLLight: 	at X.0ff.A05(:40)
12-10 18:30:05.995 29326 29326 W MDCLLight: 	at X.0ff.A0B(:51)
12-10 18:30:05.995 29326 29326 W MDCLLight: 	at X.0et.A0H(:598)
12-10 18:30:05.995 29326 29326 W MDCLLight: 	at X.0et.A0G(:80)
12-10 18:30:05.995 29326 29326 W MDCLLight: 	at X.0et.A11(:115)
12-10 18:30:05.995 29326 29326 W MDCLLight: 	at X.0bs.A06(:6)
12-10 18:30:05.995 29326 29326 W MDCLLight: 	at X.8mb.A09(:215)
12-10 18:30:05.995 29326 29326 W MDCLLight: 	at X.8lk.A04(:671)
12-10 18:30:05.995 29326 29326 W MDCLLight: 	at X.8lk.A0K(:15)
12-10 18:30:05.995 29326 29326 W MDCLLight: 	at com.instagram.mainactivity.InstagramMainActivity.G3s(:9)
12-10 18:30:05.995 29326 29326 W MDCLLight: 	at X.8jA.A03(:114)
12-10 18:30:05.995 29326 29326 W MDCLLight: 	at com.instagram.mainactivity.InstagramMainActivity.onCreate(:5323)
12-10 18:30:05.995 29326 29326 W MDCLLight: 	at android.app.Activity.performCreate(Activity.java:8591)
12-10 18:30:05.995 29326 29326 W MDCLLight: 	at android.app.Activity.performCreate(Activity.java:8570)
12-10 18:30:05.995 29326 29326 W MDCLLight: 	at android.app.Instrumentation.callActivityOnCreate(Instrumentation.java:1384)
12-10 18:30:05.995 29326 29326 W MDCLLight: 	at android.app.ActivityThread.performLaunchActivity(ActivityThread.java:4150)
12-10 18:30:05.995 29326 29326 W MDCLLight: 	at android.app.ActivityThread.handleLaunchActivity(ActivityThread.java:4325)
12-10 18:30:05.995 29326 29326 W MDCLLight: 	at android.app.ActivityThread.handleRelaunchActivityInner(ActivityThread.java:6484)
12-10 18:30:05.995 29326 29326 W MDCLLight: 	at android.app.ActivityThread.handleRelaunchActivity(ActivityThread.java:6341)
12-10 18:30:05.995 29326 29326 W MDCLLight: 	at android.app.servertransaction.ActivityRelaunchItem.execute(ActivityRelaunchItem.java:71)
12-10 18:30:05.995 29326 29326 W MDCLLight: 	at android.app.servertransaction.ActivityTransactionItem.execute(ActivityTransactionItem.java:45)
12-10 18:30:05.995 29326 29326 W MDCLLight: 	at android.app.servertransaction.TransactionExecutor.executeCallbacks(TransactionExecutor.java:135)
12-10 18:30:05.995 29326 29326 W MDCLLight: 	at android.app.servertransaction.TransactionExecutor.execute(TransactionExecutor.java:95)
12-10 18:30:05.995 29326 29326 W MDCLLight: 	at android.app.ClientTransactionHandler.executeTransaction(ClientTransactionHandler.java:65)
12-10 18:30:05.995 29326 29326 W MDCLLight: 	at android.app.ActivityThread.handleRelaunchActivityLocally(ActivityThread.java:6443)
12-10 18:30:05.995 29326 29326 W MDCLLight: 	at android.app.ActivityThread$H.handleMessage(ActivityThread.java:2584)
12-10 18:30:05.995 29326 29326 W MDCLLight: 	at android.os.Handler.dispatchMessage(Handler.java:106)
12-10 18:30:05.995 29326 29326 W MDCLLight: 	at android.os.Looper.loopOnce(Looper.java:226)
12-10 18:30:05.995 29326 29326 W MDCLLight: 	at android.os.Looper.loop(Looper.java:313)
12-10 18:30:05.995 29326 29326 W MDCLLight: 	at android.app.ActivityThread.main(ActivityThread.java:8762)
12-10 18:30:05.995 29326 29326 W MDCLLight: 	at java.lang.reflect.Method.invoke(Native Method)
12-10 18:30:05.995 29326 29326 W MDCLLight: 	at com.android.internal.os.RuntimeInit$MethodAndArgsCaller.run(RuntimeInit.java:604)
12-10 18:30:05.995 29326 29326 W MDCLLight: 	at com.android.internal.os.ZygoteInit.main(ZygoteInit.java:1067)
12-10 18:30:05.995 29326 29326 W MDCLLight: Caused by: java.lang.NoClassDefFoundError: Class not found using the boot class loader; no stack trace available
12-10 18:30:05.995 29326 29326 W MDCLLight: Trying to fallback load dexkotlin.reflect.jvm.internal.ReflectionFactoryImpl moduleHint = null
12-10 18:30:05.995 29326 29326 E MDCLLight: Fallback load dex failed for kotlin.reflect.jvm.internal.ReflectionFactoryImpl
12-10 18:30:05.998 29326 29326 W SoLoader: Loading camera-xplat-spars-jni on the main thread
12-10 18:30:05.999 29326 29326 W SoLoader: Loading ardcache-stash on the main thread
12-10 18:30:06.000 29326 29469 W LibevQuicAsyncUDPSocket.h: setTosOrTrafficClass not implemented in LibevQuicAsyncUDPSocket
12-10 18:30:06.028 29326 29326 D CompatibilityChangeReporter: Compat change id reported: 171228096; UID 10364; state: ENABLED
12-10 18:30:06.041 29326 29326 I ViewRootImpl@fd92ae8[MainTabActivity]: stopped(false) old = false
12-10 18:30:06.043 29326 29326 D ConnectivityManager: StackLog: [android.net.ConnectivityManager.sendRequestForNetwork(ConnectivityManager.java:4300)] [android.net.ConnectivityManager.sendRequestForNetwork(ConnectivityManager.java:4342)] [android.net.ConnectivityManager.registerNetworkCallback(ConnectivityManager.java:4724)] [android.net.ConnectivityManager.registerNetworkCallback(ConnectivityManager.java:4694)] [X.4ku.A01(:21)] [X.4ku.E3y(:79)] [X.5Bh.onAppForegrounded(Unknown Source:230)] [X.9bV.A04(Unknown Source:626)] [X.9bV.invoke(Unknown Source:5)] [X.1MA.A00(Unknown Source:112)] [X.9bV.A04(Unknown Source:734)] [X.9bV.invoke(Unknown Source:5)] [X.1MA.A01(Unknown Source:96)] [X.1xj.A01(:121)] [X.1xj.E1f(:11)] [X.9bT.invoke(Unknown Source:299)] [X.1op.A09(:61)] [X.9bT.invoke(Unknown Source:347)] [X.1op.A0A(:39)] [X.1op.A04(:47)] [com.instagram.base.activity.IgFragmentActivity.onResume(Unknown Source:167)] [com.instagram.base.activity.BaseFragmentActivity.onResume(Unknown Source:146)] [com.instagram.mainactivity.InstagramMainActivity.onResume(:214)] [android.app.Instrumentation.callActivityOnResume(Instrumentation.java:1531)] [android.app.Activity.performResume(Activity.java:8734)] [android.app.ActivityThread.performResumeActivity(ActivityThread.java:5351)] [android.app.ActivityThread.handleResumeActivity(ActivityThread.java:5444)] [android.app.servertransaction.ResumeActivityItem.execute(ResumeActivityItem.java:54)] [android.app.servertransaction.ActivityTransactionItem.execute(ActivityTransactionItem.java:45)] [android.app.servertransaction.TransactionExecutor.executeLifecycleState(TransactionExecutor.java:176)] [android.app.servertransaction.TransactionExecutor.execute(TransactionExecutor.java:97)] [android.app.ClientTransactionHandler.executeTransaction(ClientTransactionHandler.java:65)] [android.app.ActivityThread.handleRelaunchActivityLocally(ActivityThread.java:6443)] [android.app.ActivityThread$H.handleMessage(ActivityThread.java:2584)]
12-10 18:30:06.047 29326 29326 W RageShakeSensorHelper: onActivityResume
12-10 18:30:06.047 29326 29326 W RageShakeEligibilityHelper: Showing public rageshake flow
12-10 18:30:06.047 29326 29326 W RageShakeSensorHelper: registerShakeListener started | mRegistered=false
12-10 18:30:06.047 29326 29326 W RageShakeSensorHelper: registerShakeListener registered
12-10 18:30:06.063 29326 29326 I DecorView: setWindowBackground: isPopOver=false color=ffffffff d=android.graphics.drawable.ColorDrawable@28cf8ba
12-10 18:30:06.066 29326 29326 W NonBlockingScreenshotDetectorImpl: Started new screenshot session
12-10 18:30:06.066 29326 29326 W NonBlockingScreenshotDetectorImpl: Started new screenshot session
12-10 18:30:06.066 29326 29326 W NonBlockingScreenshotDetectorImpl: Started new screenshot session
12-10 18:30:06.066 29326 29326 W NonBlockingScreenshotDetectorImpl: Setting active session
12-10 18:30:06.066 29326 29326 W NonBlockingScreenshotDetectorImpl: Now handling 1 active screenshot sessions
12-10 18:30:06.066 29326 29326 W NonBlockingScreenshotDetectorImpl: Setting active session
12-10 18:30:06.066 29326 29326 W NonBlockingScreenshotDetectorImpl: Now handling 2 active screenshot sessions
12-10 18:30:06.066 29326 29326 W NonBlockingScreenshotDetectorImpl: Setting active session
12-10 18:30:06.066 29326 29326 W NonBlockingScreenshotDetectorImpl: Now handling 3 active screenshot sessions
12-10 18:30:06.069 29326 29326 I MSHandlerLifeCycle: removeMultiSplitHandler: no exist. decor=DecorView@231382a[]
12-10 18:30:06.069 29326 29326 I DecorView: notifyKeepScreenOnChanged: keepScreenOn=false
12-10 18:30:06.069 29326 29326 I MSHandlerLifeCycle: removeMultiSplitHandler: no exist. decor=DecorView@231382a[]
12-10 18:30:06.070 29326 29326 I DecorView: notifyKeepScreenOnChanged: keepScreenOn=false
12-10 18:30:06.071 29326 29326 I DecorView: notifyKeepScreenOnChanged: keepScreenOn=false
12-10 18:30:06.072 29326 29326 I ViewRootImpl@fd92ae8[MainTabActivity]: performTraversals params={(0,0)(fillxfill) sim={adjust=nothing} layoutInDisplayCutoutMode=shortEdges ty=BASE_APPLICATION wanim=0x1030309
12-10 18:30:06.072 29326 29326 I ViewRootImpl@fd92ae8[MainTabActivity]:   fl=80810100
12-10 18:30:06.072 29326 29326 I ViewRootImpl@fd92ae8[MainTabActivity]:   pfl=16020040
12-10 18:30:06.072 29326 29326 I ViewRootImpl@fd92ae8[MainTabActivity]:   vsysui=2710
12-10 18:30:06.072 29326 29326 I ViewRootImpl@fd92ae8[MainTabActivity]:   apr=LIGHT_STATUS_BARS LIGHT_NAVIGATION_BARS
12-10 18:30:06.072 29326 29326 I ViewRootImpl@fd92ae8[MainTabActivity]:   bhv=DEFAULT
12-10 18:30:06.072 29326 29326 I ViewRootImpl@fd92ae8[MainTabActivity]:   fitSides= naviIconColor=0}
12-10 18:30:06.072 29326 29326 I ViewRootImpl@fd92ae8[MainTabActivity]: performTraversals mFirst=false windowShouldResize=false viewVisibilityChanged=false mForceNextWindowRelayout=false params={(0,0)(fillxfill) sim={adjust=nothing} layoutInDisplayCutoutMode=shortEdges ty=BASE_APPLICATION wanim=0x1030309
12-10 18:30:06.072 29326 29326 I ViewRootImpl@fd92ae8[MainTabActivity]:   fl=80810100
12-10 18:30:06.072 29326 29326 I ViewRootImpl@fd92ae8[MainTabActivity]:   pfl=16020040
12-10 18:30:06.072 29326 29326 I ViewRootImpl@fd92ae8[MainTabActivity]:   vsysui=2710
12-10 18:30:06.072 29326 29326 I ViewRootImpl@fd92ae8[MainTabActivity]:   apr=LIGHT_STATUS_BARS LIGHT_NAVIGATION_BARS
12-10 18:30:06.072 29326 29326 I ViewRootImpl@fd92ae8[MainTabActivity]:   bhv=DEFAULT
12-10 18:30:06.072 29326 29326 I ViewRootImpl@fd92ae8[MainTabActivity]:   fitSides= naviIconColor=0}
12-10 18:30:06.078 29326 29326 I ViewRootImpl@fd92ae8[MainTabActivity]: updateBlastSurfaceIfNeeded mBlastBufferQueue=0x7bf6bb81d0 isSameSurfaceControl=true
12-10 18:30:06.078 29326 29326 I BLASTBufferQueue: update, w= 1080 h= 2400 mName = ViewRootImpl@fd92ae8[MainTabActivity] mNativeObject= 0x7bf6bb81d0 sc.mNativeObject= 0x7b86e8df20 format= -1 caller= android.view.ViewRootImpl.updateBlastSurfaceIfNeeded:2898 android.view.ViewRootImpl.relayoutWindow:9847 android.view.ViewRootImpl.performTraversals:3884 android.view.ViewRootImpl.doTraversal:3116 android.view.ViewRootImpl$TraversalRunnable.run:10885 android.view.Choreographer$CallbackRecord.run:1301 
12-10 18:30:06.078 29326 29326 I ViewRootImpl@fd92ae8[MainTabActivity]: Relayout returned: old=(0,0,1080,2400) new=(0,0,1080,2400) req=(1080,2400)0 dur=6 res=0x0 s={true 0x7c86ba76c0} ch=false seqId=0
12-10 18:30:06.097 29326 29326 D InputMethodManager: startInputInner - Id : 0
12-10 18:30:06.097 29326 29326 I InputMethodManager: startInputInner - mService.startInputOrWindowGainedFocus
12-10 18:30:06.118 29326 29619 W MDCLLight: Failed to load class from parent: android.text.EmojiConsistency
12-10 18:30:06.118 29326 29619 W MDCLLight: java.lang.ClassNotFoundException: android.text.EmojiConsistency
12-10 18:30:06.118 29326 29619 W MDCLLight: 	at java.lang.Class.classForName(Native Method)
12-10 18:30:06.118 29326 29619 W MDCLLight: 	at java.lang.BootClassLoader.findClass(ClassLoader.java:1366)
12-10 18:30:06.118 29326 29619 W MDCLLight: 	at java.lang.BootClassLoader.loadClass(ClassLoader.java:1426)
12-10 18:30:06.118 29326 29619 W MDCLLight: 	at java.lang.ClassLoader.loadClass(ClassLoader.java:312)
12-10 18:30:06.118 29326 29619 W MDCLLight: 	at com.facebook.common.dextricks.MultiDexClassLoaderLight.loadFromParent(:4)
12-10 18:30:06.118 29326 29619 W MDCLLight: 	at com.facebook.common.dextricks.MultiDexClassLoaderLight.loadClass(:6)
12-10 18:30:06.118 29326 29619 W MDCLLight: 	at java.lang.ClassLoader.loadClass(ClassLoader.java:367)
12-10 18:30:06.118 29326 29619 W MDCLLight: 	at java.lang.ClassLoader.loadClass(ClassLoader.java:312)
12-10 18:30:06.118 29326 29619 W MDCLLight: 	at java.lang.Class.classForName(Native Method)
12-10 18:30:06.118 29326 29619 W MDCLLight: 	at java.lang.Class.forName(Class.java:454)
12-10 18:30:06.118 29326 29619 W MDCLLight: 	at java.lang.Class.forName(Class.java:379)
12-10 18:30:06.118 29326 29619 W MDCLLight: 	at X.0a2.A00(:2)
12-10 18:30:06.118 29326 29619 W MDCLLight: 	at X.0a3.A00(:11)
12-10 18:30:06.118 29326 29619 W MDCLLight: 	at X.0Zh.A00(:12)
12-10 18:30:06.118 29326 29619 W MDCLLight: 	at X.0Zw.A00(:2)
12-10 18:30:06.118 29326 29619 W MDCLLight: 	at X.0aI.A02(:98)
12-10 18:30:06.118 29326 29619 W MDCLLight: 	at X.0aF.run(:2)
12-10 18:30:06.118 29326 29619 W MDCLLight: 	at java.util.concurrent.ThreadPoolExecutor.runWorker(ThreadPoolExecutor.java:1137)
12-10 18:30:06.118 29326 29619 W MDCLLight: 	at java.util.concurrent.ThreadPoolExecutor$Worker.run(ThreadPoolExecutor.java:637)
12-10 18:30:06.118 29326 29619 W MDCLLight: 	at java.lang.Thread.run(Thread.java:1012)
12-10 18:30:06.118 29326 29619 W MDCLLight: Caused by: java.lang.NoClassDefFoundError: Class not found using the boot class loader; no stack trace available
12-10 18:30:06.118 29326 29619 W MDCLLight: Trying to fallback load dexandroid.text.EmojiConsistency moduleHint = null
12-10 18:30:06.118 29326 29619 E MDCLLight: Fallback load dex failed for android.text.EmojiConsistency
12-10 18:30:06.164 29326 29326 E SlowAppComponent: 0ms: InstagramMainActivity instantiating…
12-10 18:30:06.164 29326 29326 E SlowAppComponent: 152ms: TaskLifeDetectingService instantiating…
12-10 18:30:06.164 29326 29326 E SlowAppComponent: Main thread was blocked for 223ms in the foreground starting with InstagramMainActivity
12-10 18:30:06.166 29326 29326 W MDCLLight: Failed to load class from parent: com.amazon.device.messaging.ADM
12-10 18:30:06.166 29326 29326 W MDCLLight: java.lang.ClassNotFoundException: com.amazon.device.messaging.ADM
12-10 18:30:06.166 29326 29326 W MDCLLight: 	at java.lang.Class.classForName(Native Method)
12-10 18:30:06.166 29326 29326 W MDCLLight: 	at java.lang.BootClassLoader.findClass(ClassLoader.java:1366)
12-10 18:30:06.166 29326 29326 W MDCLLight: 	at java.lang.BootClassLoader.loadClass(ClassLoader.java:1426)
12-10 18:30:06.166 29326 29326 W MDCLLight: 	at java.lang.ClassLoader.loadClass(ClassLoader.java:312)
12-10 18:30:06.166 29326 29326 W MDCLLight: 	at com.facebook.common.dextricks.MultiDexClassLoaderLight.loadFromParent(:4)
12-10 18:30:06.166 29326 29326 W MDCLLight: 	at com.facebook.common.dextricks.MultiDexClassLoaderLight.loadClass(:38)
12-10 18:30:06.166 29326 29326 W MDCLLight: 	at java.lang.ClassLoader.loadClass(ClassLoader.java:367)
12-10 18:30:06.166 29326 29326 W MDCLLight: 	at java.lang.ClassLoader.loadClass(ClassLoader.java:312)
12-10 18:30:06.166 29326 29326 W MDCLLight: 	at java.lang.Class.classForName(Native Method)
12-10 18:30:06.166 29326 29326 W MDCLLight: 	at java.lang.Class.forName(Class.java:454)
12-10 18:30:06.166 29326 29326 W MDCLLight: 	at java.lang.Class.forName(Class.java:379)
12-10 18:30:06.166 29326 29326 W MDCLLight: 	at X.5wJ.A00(Unknown Source:18)
12-10 18:30:06.166 29326 29326 W MDCLLight: 	at X.AZu.onQueueIdle(Unknown Source:67)
12-10 18:30:06.166 29326 29326 W MDCLLight: 	at X.5MB.queueIdle(Unknown Source:33)
12-10 18:30:06.166 29326 29326 W MDCLLight: 	at android.os.MessageQueue.next(MessageQueue.java:404)
12-10 18:30:06.166 29326 29326 W MDCLLight: 	at android.os.Looper.loopOnce(Looper.java:186)
12-10 18:30:06.166 29326 29326 W MDCLLight: 	at android.os.Looper.loop(Looper.java:313)
12-10 18:30:06.166 29326 29326 W MDCLLight: 	at android.app.ActivityThread.main(ActivityThread.java:8762)
12-10 18:30:06.166 29326 29326 W MDCLLight: 	at java.lang.reflect.Method.invoke(Native Method)
12-10 18:30:06.166 29326 29326 W MDCLLight: 	at com.android.internal.os.RuntimeInit$MethodAndArgsCaller.run(RuntimeInit.java:604)
12-10 18:30:06.166 29326 29326 W MDCLLight: 	at com.android.internal.os.ZygoteInit.main(ZygoteInit.java:1067)
12-10 18:30:06.166 29326 29326 W MDCLLight: Caused by: java.lang.NoClassDefFoundError: Class not found using the boot class loader; no stack trace available
12-10 18:30:06.166 29326 29326 W MDCLLight: Trying to fallback load dexcom.amazon.device.messaging.ADM moduleHint = null
12-10 18:30:06.166 29326 29326 E MDCLLight: Fallback load dex failed for com.amazon.device.messaging.ADM
12-10 18:30:06.284 29326 29326 W MDCLLight: Failed to load class from parent: libraries.zero.time.MillisecsSinceBootSerializer
12-10 18:30:06.284 29326 29326 W MDCLLight: java.lang.ClassNotFoundException: libraries.zero.time.MillisecsSinceBootSerializer
12-10 18:30:06.284 29326 29326 W MDCLLight: 	at java.lang.Class.classForName(Native Method)
12-10 18:30:06.284 29326 29326 W MDCLLight: 	at java.lang.BootClassLoader.findClass(ClassLoader.java:1366)
12-10 18:30:06.284 29326 29326 W MDCLLight: 	at java.lang.BootClassLoader.loadClass(ClassLoader.java:1426)
12-10 18:30:06.284 29326 29326 W MDCLLight: 	at java.lang.ClassLoader.loadClass(ClassLoader.java:312)
12-10 18:30:06.284 29326 29326 W MDCLLight: 	at com.facebook.common.dextricks.MultiDexClassLoaderLight.loadFromParent(:4)
12-10 18:30:06.284 29326 29326 W MDCLLight: 	at com.facebook.common.dextricks.MultiDexClassLoaderLight.loadClass(:6)
12-10 18:30:06.284 29326 29326 W MDCLLight: 	at java.lang.ClassLoader.loadClass(ClassLoader.java:367)
12-10 18:30:06.284 29326 29326 W MDCLLight: 	at java.lang.ClassLoader.loadClass(ClassLoader.java:312)
12-10 18:30:06.284 29326 29326 W MDCLLight: 	at X.71z.deserialize(Unknown Source:35)
12-10 18:30:06.284 29326 29326 W MDCLLight: 	at X.6ap.AkH(:257)
12-10 18:30:06.284 29326 29326 W MDCLLight: 	at X.6ap.AkG(:38)
12-10 18:30:06.284 29326 29326 W MDCLLight: 	at X.6Jv.A07(Unknown Source:13)
12-10 18:30:06.284 29326 29326 W MDCLLight: 	at X.6Jv.A05(Unknown Source:29)
12-10 18:30:06.284 29326 29326 W MDCLLight: 	at X.6Jv.deserialize(Unknown Source:4)
12-10 18:30:06.284 29326 29326 W MDCLLight: 	at X.6ap.AkH(:257)
12-10 18:30:06.284 29326 29326 W MDCLLight: 	at X.5sj.A00(:32)
12-10 18:30:06.284 29326 29326 W MDCLLight: 	at X.Av0.A02(Unknown Source:32)
12-10 18:30:06.284 29326 29326 W MDCLLight: 	at X.AYs.A01(Unknown Source:167)
12-10 18:30:06.284 29326 29326 W MDCLLight: 	at X.AYs.invoke(Unknown Source:79)
12-10 18:30:06.284 29326 29326 W MDCLLight: 	at X.09J.invoke(Unknown Source:44)
12-10 18:30:06.284 29326 29326 W MDCLLight: 	at X.AvI.getValue(Unknown Source:25)
12-10 18:30:06.284 29326 29326 W MDCLLight: 	at X.7Oh.getScopedLazy(Unknown Source:36)
12-10 18:30:06.284 29326 29326 W MDCLLight: 	at com.instagram.common.session.UserSession.getScopedLazy(:56)
12-10 18:30:06.284 29326 29326 W MDCLLight: 	at X.7Oh.A06(Unknown Source:4)
12-10 18:30:06.284 29326 29326 W MDCLLight: 	at com.instagram.zero.cma.IgZeroCampaignRepositoryImpl.<init>(Unknown Source:17)
12-10 18:30:06.284 29326 29326 W MDCLLight: 	at X.9bW.invoke(Unknown Source:377)
12-10 18:30:06.284 29326 29326 W MDCLLight: 	at X.09J.invoke(Unknown Source:44)
12-10 18:30:06.284 29326 29326 W MDCLLight: 	at X.AvI.getValue(Unknown Source:25)
12-10 18:30:06.284 29326 29326 W MDCLLight: 	at X.7Oh.getScopedLazy(Unknown Source:36)
12-10 18:30:06.284 29326 29326 W MDCLLight: 	at com.instagram.common.session.UserSession.getScopedLazy(:56)
12-10 18:30:06.284 29326 29326 W MDCLLight: 	at X.7Oh.A06(Unknown Source:4)
12-10 18:30:06.284 29326 29326 W MDCLLight: 	at X.7nU.A00(Unknown Source:13)
12-10 18:30:06.284 29326 29326 W MDCLLight: 	at X.7nS.<init>(:268435458)
12-10 18:30:06.284 29326 29326 W MDCLLight: 	at X.9bW.A00(Unknown Source:1500)
12-10 18:30:06.284 29326 29326 W MDCLLight: 	at X.9bW.invoke(Unknown Source:5)
12-10 18:30:06.284 29326 29326 W MDCLLight: 	at X.09J.invoke(Unknown Source:44)
12-10 18:30:06.284 29326 29326 W MDCLLight: 	at X.AvI.getValue(Unknown Source:25)
12-10 18:30:06.284 29326 29326 W MDCLLight: 	at X.7Oh.getScopedLazy(Unknown Source:36)
12-10 18:30:06.284 29326 29326 W MDCLLight: 	at com.instagram.common.session.UserSession.getScopedLazy(:56)
12-10 18:30:06.284 29326 29326 W MDCLLight: 	at X.7Oh.A06(Unknown Source:4)
12-10 18:30:06.284 29326 29326 W MDCLLight: 	at X.7nR.A00(Unknown Source:13)
12-10 18:30:06.284 29326 29326 W MDCLLight: 	at X.0C7.A00(Unknown Source:335)
12-10 18:30:06.284 29326 29326 W MDCLLight: 	at X.6kc.onSuccess(:141)
12-10 18:30:06.284 29326 29326 W MDCLLight: 	at X.6tj.run(:13)
12-10 18:30:06.284 29326 29326 W MDCLLight: 	at android.os.Handler.handleCallback(Handler.java:942)
12-10 18:30:06.284 29326 29326 W MDCLLight: 	at android.os.Handler.dispatchMessage(Handler.java:99)
12-10 18:30:06.284 29326 29326 W MDCLLight: 	at android.os.Looper.loopOnce(Looper.java:226)
12-10 18:30:06.284 29326 29326 W MDCLLight: 	at android.os.Looper.loop(Looper.java:313)
12-10 18:30:06.284 29326 29326 W MDCLLight: 	at android.app.ActivityThread.main(ActivityThread.java:8762)
12-10 18:30:06.284 29326 29326 W MDCLLight: 	at java.lang.reflect.Method.invoke(Native Method)
12-10 18:30:06.284 29326 29326 W MDCLLight: 	at com.android.internal.os.RuntimeInit$MethodAndArgsCaller.run(RuntimeInit.java:604)
12-10 18:30:06.284 29326 29326 W MDCLLight: 	at com.android.internal.os.ZygoteInit.main(ZygoteInit.java:1067)
12-10 18:30:06.284 29326 29326 W MDCLLight: Caused by: java.lang.NoClassDefFoundError: Class not found using the boot class loader; no stack trace available
12-10 18:30:06.285 29326 29326 W MDCLLight: Failed to load class from parent: libraries.zero.capi.DetectedCarrierCacheEntry$Companion
12-10 18:30:06.285 29326 29326 W MDCLLight: java.lang.ClassNotFoundException: libraries.zero.capi.DetectedCarrierCacheEntry$Companion
12-10 18:30:06.285 29326 29326 W MDCLLight: 	at java.lang.Class.classForName(Native Method)
12-10 18:30:06.285 29326 29326 W MDCLLight: 	at java.lang.BootClassLoader.findClass(ClassLoader.java:1366)
12-10 18:30:06.285 29326 29326 W MDCLLight: 	at java.lang.BootClassLoader.loadClass(ClassLoader.java:1426)
12-10 18:30:06.285 29326 29326 W MDCLLight: 	at java.lang.ClassLoader.loadClass(ClassLoader.java:312)
12-10 18:30:06.285 29326 29326 W MDCLLight: 	at com.facebook.common.dextricks.MultiDexClassLoaderLight.loadFromParent(:4)
12-10 18:30:06.285 29326 29326 W MDCLLight: 	at com.facebook.common.dextricks.MultiDexClassLoaderLight.loadClass(:6)
12-10 18:30:06.285 29326 29326 W MDCLLight: 	at java.lang.ClassLoader.loadClass(ClassLoader.java:367)
12-10 18:30:06.285 29326 29326 W MDCLLight: 	at java.lang.ClassLoader.loadClass(ClassLoader.java:312)
12-10 18:30:06.285 29326 29326 W MDCLLight: 	at X.72A.<clinit>(Unknown Source:0)
12-10 18:30:06.285 29326 29326 W MDCLLight: 	at X.71z.deserialize(Unknown Source:63)
12-10 18:30:06.285 29326 29326 W MDCLLight: 	at X.6ap.AkH(:257)
12-10 18:30:06.285 29326 29326 W MDCLLight: 	at X.6ap.AkG(:38)
12-10 18:30:06.285 29326 29326 W MDCLLight: 	at X.6Jv.A07(Unknown Source:13)
12-10 18:30:06.285 29326 29326 W MDCLLight: 	at X.6Jv.A05(Unknown Source:29)
12-10 18:30:06.285 29326 29326 W MDCLLight: 	at X.6Jv.deserialize(Unknown Source:4)
12-10 18:30:06.285 29326 29326 W MDCLLight: 	at X.6ap.AkH(:257)
12-10 18:30:06.285 29326 29326 W MDCLLight: 	at X.5sj.A00(:32)
12-10 18:30:06.285 29326 29326 W MDCLLight: 	at X.Av0.A02(Unknown Source:32)
12-10 18:30:06.285 29326 29326 W MDCLLight: 	at X.AYs.A01(Unknown Source:167)
12-10 18:30:06.285 29326 29326 W MDCLLight: 	at X.AYs.invoke(Unknown Source:79)
12-10 18:30:06.285 29326 29326 W MDCLLight: 	at X.09J.invoke(Unknown Source:44)
12-10 18:30:06.285 29326 29326 W MDCLLight: 	at X.AvI.getValue(Unknown Source:25)
12-10 18:30:06.285 29326 29326 W MDCLLight: 	at X.7Oh.getScopedLazy(Unknown Source:36)
12-10 18:30:06.285 29326 29326 W MDCLLight: 	at com.instagram.common.session.UserSession.getScopedLazy(:56)
12-10 18:30:06.285 29326 29326 W MDCLLight: 	at X.7Oh.A06(Unknown Source:4)
12-10 18:30:06.285 29326 29326 W MDCLLight: 	at com.instagram.zero.cma.IgZeroCampaignRepositoryImpl.<init>(Unknown Source:17)
12-10 18:30:06.285 29326 29326 W MDCLLight: 	at X.9bW.invoke(Unknown Source:377)
12-10 18:30:06.285 29326 29326 W MDCLLight: 	at X.09J.invoke(Unknown Source:44)
12-10 18:30:06.285 29326 29326 W MDCLLight: 	at X.AvI.getValue(Unknown Source:25)
12-10 18:30:06.285 29326 29326 W MDCLLight: 	at X.7Oh.getScopedLazy(Unknown Source:36)
12-10 18:30:06.285 29326 29326 W MDCLLight: 	at com.instagram.common.session.UserSession.getScopedLazy(:56)
12-10 18:30:06.285 29326 29326 W MDCLLight: 	at X.7Oh.A06(Unknown Source:4)
12-10 18:30:06.285 29326 29326 W MDCLLight: 	at X.7nU.A00(Unknown Source:13)
12-10 18:30:06.285 29326 29326 W MDCLLight: 	at X.7nS.<init>(:268435458)
12-10 18:30:06.285 29326 29326 W MDCLLight: 	at X.9bW.A00(Unknown Source:1500)
12-10 18:30:06.285 29326 29326 W MDCLLight: 	at X.9bW.invoke(Unknown Source:5)
12-10 18:30:06.285 29326 29326 W MDCLLight: 	at X.09J.invoke(Unknown Source:44)
12-10 18:30:06.285 29326 29326 W MDCLLight: 	at X.AvI.getValue(Unknown Source:25)
12-10 18:30:06.285 29326 29326 W MDCLLight: 	at X.7Oh.getScopedLazy(Unknown Source:36)
12-10 18:30:06.285 29326 29326 W MDCLLight: 	at com.instagram.common.session.UserSession.getScopedLazy(:56)
12-10 18:30:06.285 29326 29326 W MDCLLight: 	at X.7Oh.A06(Unknown Source:4)
12-10 18:30:06.285 29326 29326 W MDCLLight: 	at X.7nR.A00(Unknown Source:13)
12-10 18:30:06.285 29326 29326 W MDCLLight: 	at X.0C7.A00(Unknown Source:335)
12-10 18:30:06.285 29326 29326 W MDCLLight: 	at X.6kc.onSuccess(:141)
12-10 18:30:06.285 29326 29326 W MDCLLight: 	at X.6tj.run(:13)
12-10 18:30:06.285 29326 29326 W MDCLLight: 	at android.os.Handler.handleCallback(Handler.java:942)
12-10 18:30:06.285 29326 29326 W MDCLLight: 	at android.os.Handler.dispatchMessage(Handler.java:99)
12-10 18:30:06.285 29326 29326 W MDCLLight: 	at android.os.Looper.loopOnce(Looper.java:226)
12-10 18:30:06.285 29326 29326 W MDCLLight: 	at android.os.Looper.loop(Looper.java:313)
12-10 18:30:06.285 29326 29326 W MDCLLight: 	at android.app.ActivityThread.main(ActivityThread.java:8762)
12-10 18:30:06.285 29326 29326 W MDCLLight: 	at java.lang.reflect.Method.invoke(Native Method)
12-10 18:30:06.285 29326 29326 W MDCLLight: 	at com.android.internal.os.RuntimeInit$MethodAndArgsCaller.run(RuntimeInit.java:604)
12-10 18:30:06.285 29326 29326 W MDCLLight: 	at com.android.internal.os.ZygoteInit.main(ZygoteInit.java:1067)
12-10 18:30:06.285 29326 29326 W MDCLLight: Caused by: java.lang.NoClassDefFoundError: Class not found using the boot class loader; no stack trace available
12-10 18:30:06.285 29326 29376 W MDCLLight: Failed to load class from parent: libraries.zero.capi.ZeroNetworkDetection$createExceptionHandler$$inlined$CoroutineExceptionHandler$1
12-10 18:30:06.285 29326 29376 W MDCLLight: java.lang.ClassNotFoundException: libraries.zero.capi.ZeroNetworkDetection$createExceptionHandler$$inlined$CoroutineExceptionHandler$1
12-10 18:30:06.285 29326 29376 W MDCLLight: 	at java.lang.Class.classForName(Native Method)
12-10 18:30:06.285 29326 29376 W MDCLLight: 	at java.lang.BootClassLoader.findClass(ClassLoader.java:1366)
12-10 18:30:06.285 29326 29376 W MDCLLight: 	at java.lang.BootClassLoader.loadClass(ClassLoader.java:1426)
12-10 18:30:06.285 29326 29376 W MDCLLight: 	at java.lang.ClassLoader.loadClass(ClassLoader.java:312)
12-10 18:30:06.285 29326 29376 W MDCLLight: 	at com.facebook.common.dextricks.MultiDexClassLoaderLight.loadFromParent(:4)
12-10 18:30:06.285 29326 29376 W MDCLLight: 	at com.facebook.common.dextricks.MultiDexClassLoaderLight.loadClass(:6)
12-10 18:30:06.285 29326 29376 W MDCLLight: 	at java.lang.ClassLoader.loadClass(ClassLoader.java:367)
12-10 18:30:06.285 29326 29376 W MDCLLight: 	at java.lang.ClassLoader.loadClass(ClassLoader.java:312)
12-10 18:30:06.285 29326 29376 W MDCLLight: 	at X.AWO.A04(Unknown Source:47)
12-10 18:30:06.285 29326 29376 W MDCLLight: 	at X.AWO.A00(Unknown Source:1029)
12-10 18:30:06.285 29326 29376 W MDCLLight: 	at X.AWO.invokeSuspend(Unknown Source:9)
12-10 18:30:06.285 29326 29376 W MDCLLight: 	at X.AWO.invoke(Unknown Source:23)
12-10 18:30:06.285 29326 29376 W MDCLLight: 	at X.79A.A05(Unknown Source:2)
12-10 18:30:06.285 29326 29376 W MDCLLight: 	at X.9el.A00(Unknown Source:1260)
12-10 18:30:06.285 29326 29376 W MDCLLight: 	at X.9el.invokeSuspend(Unknown Source:9)
12-10 18:30:06.285 29326 29376 W MDCLLight: 	at X.5JD.resumeWith(Unknown Source:15)
12-10 18:30:06.285 29326 29376 W MDCLLight: 	at X.5JH.run(Unknown Source:96)
12-10 18:30:06.285 29326 29376 W MDCLLight: 	at X.9Ws.run(Unknown Source:2)
12-10 18:30:06.285 29326 29376 W MDCLLight: 	at X.1lc.run(:25)
12-10 18:30:06.285 29326 29376 W MDCLLight: 	at X.1lc.run(:25)
12-10 18:30:06.285 29326 29376 W MDCLLight: 	at X.1jy.A00(:110)
12-10 18:30:06.285 29326 29376 W MDCLLight: 	at X.1jy.run(:136)
12-10 18:30:06.285 29326 29376 W MDCLLight: Caused by: java.lang.NoClassDefFoundError: Class not found using the boot class loader; no stack trace available
12-10 18:30:06.286 29326 29376 D ConnectivityManager: StackLog: [android.net.ConnectivityManager.sendRequestForNetwork(ConnectivityManager.java:4300)] [android.net.ConnectivityManager.registerDefaultNetworkCallbackForUid(ConnectivityManager.java:4864)] [android.net.ConnectivityManager.registerDefaultNetworkCallback(ConnectivityManager.java:4831)] [X.AWO.A04(Unknown Source:59)] [X.AWO.A00(Unknown Source:1029)] [X.AWO.invokeSuspend(Unknown Source:9)] [X.AWO.invoke(Unknown Source:23)] [X.79A.A05(Unknown Source:2)] [X.9el.A00(Unknown Source:1260)] [X.9el.invokeSuspend(Unknown Source:9)] [X.5JD.resumeWith(Unknown Source:15)] [X.5JH.run(Unknown Source:96)] [X.9Ws.run(Unknown Source:2)] [X.1lc.run(:25)] [X.1lc.run(:25)] [X.1jy.A00(:110)] [X.1jy.run(:136)]
12-10 18:30:06.354 29326 29509 W SoLoader: SoLoader already initialized
12-10 18:30:06.355 29326 29513 W IgMetaConfig: Could not obtain MC: not_user_session session=X.1F9@c4abe52
12-10 18:30:06.355 29326 29513 W IgMetaConfig: java.lang.RuntimeException: Could not obtain MC, call-site will receive default values
12-10 18:30:06.355 29326 29513 W IgMetaConfig: 	at X.2cn.A06(:4)
12-10 18:30:06.355 29326 29513 W IgMetaConfig: 	at X.2cn.A05(:7)
12-10 18:30:06.355 29326 29513 W IgMetaConfig: 	at X.2cn.A02(:2)
12-10 18:30:06.355 29326 29513 W IgMetaConfig: 	at X.2fe.A00(:8)
12-10 18:30:06.355 29326 29513 W IgMetaConfig: 	at X.2fe.A03(:7)
12-10 18:30:06.355 29326 29513 W IgMetaConfig: 	at X.7bu.A00(:6)
12-10 18:30:06.355 29326 29513 W IgMetaConfig: 	at X.C7i.A01(Unknown Source:479)
12-10 18:30:06.355 29326 29513 W IgMetaConfig: 	at X.C7i.A06(Unknown Source:0)
12-10 18:30:06.355 29326 29513 W IgMetaConfig: 	at X.C8i.A01(Unknown Source:16)
12-10 18:30:06.355 29326 29513 W IgMetaConfig: 	at X.C72.handleMessage(Unknown Source:325)
12-10 18:30:06.355 29326 29513 W IgMetaConfig: 	at android.os.Handler.dispatchMessage(Handler.java:106)
12-10 18:30:06.355 29326 29513 W IgMetaConfig: 	at android.os.Looper.loopOnce(Looper.java:226)
12-10 18:30:06.355 29326 29513 W IgMetaConfig: 	at android.os.Looper.loop(Looper.java:313)
12-10 18:30:06.355 29326 29513 W IgMetaConfig: 	at android.os.HandlerThread.run(HandlerThread.java:67)
12-10 18:30:06.355 29326 29513 W IgMetaConfig: Could not obtain MC: not_user_session session=X.1F9@c4abe52
12-10 18:30:06.355 29326 29513 W IgMetaConfig: java.lang.RuntimeException: Could not obtain MC, call-site will receive default values
12-10 18:30:06.355 29326 29513 W IgMetaConfig: 	at X.2cn.A06(:4)
12-10 18:30:06.355 29326 29513 W IgMetaConfig: 	at X.2cn.A05(:7)
12-10 18:30:06.355 29326 29513 W IgMetaConfig: 	at X.2cn.A02(:2)
12-10 18:30:06.355 29326 29513 W IgMetaConfig: 	at X.2fe.A00(:8)
12-10 18:30:06.355 29326 29513 W IgMetaConfig: 	at X.2fe.A03(:7)
12-10 18:30:06.355 29326 29513 W IgMetaConfig: 	at X.7bu.A00(:6)
12-10 18:30:06.355 29326 29513 W IgMetaConfig: 	at X.C7i.A01(Unknown Source:487)
12-10 18:30:06.355 29326 29513 W IgMetaConfig: 	at X.C7i.A06(Unknown Source:0)
12-10 18:30:06.355 29326 29513 W IgMetaConfig: 	at X.C8i.A01(Unknown Source:16)
12-10 18:30:06.355 29326 29513 W IgMetaConfig: 	at X.C72.handleMessage(Unknown Source:325)
12-10 18:30:06.355 29326 29513 W IgMetaConfig: 	at android.os.Handler.dispatchMessage(Handler.java:106)
12-10 18:30:06.355 29326 29513 W IgMetaConfig: 	at android.os.Looper.loopOnce(Looper.java:226)
12-10 18:30:06.355 29326 29513 W IgMetaConfig: 	at android.os.Looper.loop(Looper.java:313)
12-10 18:30:06.355 29326 29513 W IgMetaConfig: 	at android.os.HandlerThread.run(HandlerThread.java:67)
12-10 18:30:06.496 29326 29638 E IdleQueuePayloadBasedServiceLayer: Request empty, but still some servings left: 40960
12-10 18:30:06.501 29326 29377 E PendingMediaStoreSerializer: deserialize start
12-10 18:30:06.501 29326 29377 E PendingMediaStoreSerializer: start reading pending media
12-10 18:30:06.503 29326 29377 E PendingMediaStoreSerializer: Set the submedia on albums
12-10 18:30:06.503 29326 29377 E PendingMediaStoreSerializer: Set the submedia on post threads
12-10 18:30:06.503 29326 29377 E PendingMediaStoreSerializer: Set the submedia on story templates
12-10 18:30:06.503 29326 29377 E PendingMediaStoreSerializer: deserialize is done. start calling callbacks
12-10 18:30:06.503 29326 29377 E PendingMediaStoreSerializer: deserialize end
12-10 18:30:06.504 29326 29326 E PendingMediaStoreSerializer: wait for deserialization lock
12-10 18:30:06.504 29326 29326 E PendingMediaStoreSerializer: calling callbacks
12-10 18:30:06.543 29326 29385 W AppInitScheduler|Run: DeadlockMonitor exiting.
12-10 18:30:06.557 29326 29377 W NotificationChannelsHelper: Deleting ALL conversation channels
12-10 18:30:06.574 29326 29377 D SensorManager: registerListener :: 41, TMD4910 Uncalibrated lux Sensor, 200000, 0, 
12-10 18:30:06.578 29326 29540 W stagram.android: JNI RegisterNativeMethods: attempt to register 0 native methods for com.facebook.msys.mci.EventLoggingData
12-10 18:30:06.580 29326 29377 D SensorManager: registerListener :: 1, LSM6DSO Acceleration Sensor, 66667, 0, 
12-10 18:30:06.589 29326 29540 W System.err: SLF4J(W): No SLF4J providers were found.
12-10 18:30:06.589 29326 29540 W System.err: SLF4J(W): Defaulting to no-operation (NOP) logger implementation
12-10 18:30:06.589 29326 29540 W System.err: SLF4J(W): See https://www.slf4j.org/codes.html#noProviders for further details.
12-10 18:30:06.591 29326 29653 W MqttDozeAwareClientWrapper: Doze mode disabled. Starting client
12-10 18:30:06.595 29326 29653 D ConnectivityManager: StackLog: [android.net.ConnectivityManager.sendRequestForNetwork(ConnectivityManager.java:4300)] [android.net.ConnectivityManager.sendRequestForNetwork(ConnectivityManager.java:4342)] [android.net.ConnectivityManager.registerNetworkCallback(ConnectivityManager.java:4724)] [android.net.ConnectivityManager.registerNetworkCallback(ConnectivityManager.java:4694)] [X.8vO.A01(Unknown Source:66)] [X.8vC.start(Unknown Source:21)] [X.8ur.run(Unknown Source:47)] [X.8ux.run(Unknown Source:4)] [com.facebook.msys.mci.Execution.nativeStartExecutor(Native Method)] [X.7qD.run(Unknown Source:70)] [java.lang.Thread.run(Thread.java:1012)]
12-10 18:30:06.596 29326 29377 W MDCLLight: Failed to load class from parent: androidx.window.extensions.WindowExtensionsProvider
12-10 18:30:06.596 29326 29377 W MDCLLight: java.lang.ClassNotFoundException: androidx.window.extensions.WindowExtensionsProvider
12-10 18:30:06.596 29326 29377 W MDCLLight: 	at java.lang.Class.classForName(Native Method)
12-10 18:30:06.596 29326 29377 W MDCLLight: 	at java.lang.BootClassLoader.findClass(ClassLoader.java:1366)
12-10 18:30:06.596 29326 29377 W MDCLLight: 	at java.lang.BootClassLoader.loadClass(ClassLoader.java:1426)
12-10 18:30:06.596 29326 29377 W MDCLLight: 	at java.lang.ClassLoader.loadClass(ClassLoader.java:312)
12-10 18:30:06.596 29326 29377 W MDCLLight: 	at com.facebook.common.dextricks.MultiDexClassLoaderLight.loadFromParent(:4)
12-10 18:30:06.596 29326 29377 W MDCLLight: 	at com.facebook.common.dextricks.MultiDexClassLoaderLight.loadClass(:38)
12-10 18:30:06.596 29326 29377 W MDCLLight: 	at java.lang.ClassLoader.loadClass(ClassLoader.java:367)
12-10 18:30:06.596 29326 29377 W MDCLLight: 	at java.lang.ClassLoader.loadClass(ClassLoader.java:312)
12-10 18:30:06.596 29326 29377 W MDCLLight: 	at X.9ZA.A01(Unknown Source:7)
12-10 18:30:06.596 29326 29377 W MDCLLight: 	at X.9Wz.invoke(Unknown Source:19)
12-10 18:30:06.596 29326 29377 W MDCLLight: 	at X.AvI.getValue(Unknown Source:25)
12-10 18:30:06.596 29326 29377 W MDCLLight: 	at X.9WA.A00(Unknown Source:2)
12-10 18:30:06.596 29326 29377 W MDCLLight: 	at X.9el.A00(Unknown Source:930)
12-10 18:30:06.596 29326 29377 W MDCLLight: 	at X.9el.invokeSuspend(Unknown Source:9)
12-10 18:30:06.596 29326 29377 W MDCLLight: 	at X.9el.invoke(Unknown Source:23)
12-10 18:30:06.596 29326 29377 W MDCLLight: 	at X.9co.invokeSuspend(:53)
12-10 18:30:06.596 29326 29377 W MDCLLight: 	at X.9co.A0D(:8)
12-10 18:30:06.596 29326 29377 W MDCLLight: 	at X.9co.invoke(:18)
12-10 18:30:06.596 29326 29377 W MDCLLight: 	at X.4hv.A00(:13)
12-10 18:30:06.596 29326 29377 W MDCLLight: 	at X.1mn.A00(:11)
12-10 18:30:06.596 29326 29377 W MDCLLight: 	at X.03z.invokeSuspend(:120)
12-10 18:30:06.596 29326 29377 W MDCLLight: 	at X.5JD.resumeWith(Unknown Source:15)
12-10 18:30:06.596 29326 29377 W MDCLLight: 	at X.5JH.run(Unknown Source:96)
12-10 18:30:06.596 29326 29377 W MDCLLight: 	at X.9Ws.run(Unknown Source:2)
12-10 18:30:06.596 29326 29377 W MDCLLight: 	at X.1lc.run(:25)
12-10 18:30:06.596 29326 29377 W MDCLLight: 	at X.1lc.run(:25)
12-10 18:30:06.596 29326 29377 W MDCLLight: 	at X.1jy.A00(:110)
12-10 18:30:06.596 29326 29377 W MDCLLight: 	at X.1jy.run(:136)
12-10 18:30:06.596 29326 29377 W MDCLLight: Caused by: java.lang.NoClassDefFoundError: Class not found using the boot class loader; no stack trace available
12-10 18:30:06.596 29326 29377 W MDCLLight: Trying to fallback load dexandroidx.window.extensions.WindowExtensionsProvider moduleHint = null
12-10 18:30:06.596 29326 29377 E MDCLLight: Fallback load dex failed for androidx.window.extensions.WindowExtensionsProvider
12-10 18:30:06.596 29326 29377 W MDCLLight: Failed to load class from parent: androidx.window.sidecar.SidecarProvider
12-10 18:30:06.596 29326 29377 W MDCLLight: java.lang.ClassNotFoundException: androidx.window.sidecar.SidecarProvider
12-10 18:30:06.596 29326 29377 W MDCLLight: 	at java.lang.Class.classForName(Native Method)
12-10 18:30:06.596 29326 29377 W MDCLLight: 	at java.lang.BootClassLoader.findClass(ClassLoader.java:1366)
12-10 18:30:06.596 29326 29377 W MDCLLight: 	at java.lang.BootClassLoader.loadClass(ClassLoader.java:1426)
12-10 18:30:06.596 29326 29377 W MDCLLight: 	at java.lang.ClassLoader.loadClass(ClassLoader.java:312)
12-10 18:30:06.596 29326 29377 W MDCLLight: 	at com.facebook.common.dextricks.MultiDexClassLoaderLight.loadFromParent(:4)
12-10 18:30:06.596 29326 29377 W MDCLLight: 	at com.facebook.common.dextricks.MultiDexClassLoaderLight.loadClass(:38)
12-10 18:30:06.596 29326 29377 W MDCLLight: 	at java.lang.ClassLoader.loadClass(ClassLoader.java:367)
12-10 18:30:06.596 29326 29377 W MDCLLight: 	at java.lang.ClassLoader.loadClass(ClassLoader.java:312)
