--------- beginning of main
11-29 21:30:00.053  1535  1562 I stagram.android: JIT allocated 61KB for compiled code of void X.4pU.A04(X.2cs, java.lang.Integer, java.util.Map)
11-29 21:30:00.431  2630  2630 I stagram.android: Using CollectorTypeCC GC.
11-29 21:30:00.434  2630  2630 E stagram.android: Not starting debugger since process cannot load the jdwp agent.
11-29 21:30:01.065  2630  2630 D ActivityThread: setConscryptValidator
11-29 21:30:01.065  2630  2630 D ActivityThread: setConscryptValidator - put
11-29 21:30:01.090  2630  2630 D CompatibilityChangeReporter: Compat change id reported: 171979766; UID 10441; state: ENABLED
11-29 21:30:01.100  2630  2630 D nativeloader: Configuring classloader-namespace for other apk /system/framework/org.apache.http.legacy.jar. target_sdk_version=36, uses_libraries=ALL, library_path=/data/app/~~MVJMMF4XpWVbh9e7ETOPVw==/com.instagram.android-w_XApC5tfWvWw-0XCsRWew==/lib/arm64:/data/app/~~MVJMMF4XpWVbh9e7ETOPVw==/com.instagram.android-w_XApC5tfWvWw-0XCsRWew==/base.apk!/lib/arm64-v8a:/data/app/~~MVJMMF4XpWVbh9e7ETOPVw==/com.instagram.android-w_XApC5tfWvWw-0XCsRWew==/split_config.xxhdpi.apk!/lib/arm64-v8a, permitted_path=/data:/mnt/expand:/data/user/0/com.instagram.android
11-29 21:30:01.100  2630  2630 D nativeloader: Extending system_exposed_libraries: libhumantracking.arcsoft.so:libPortraitDistortionCorrection.arcsoft.so:libPortraitDistortionCorrectionCali.arcsoft.so:libface_landmark.arcsoft.so:libFacialStickerEngine.arcsoft.so:libveengine.arcsoft.so:lib_pet_detection.arcsoft.so:libhigh_res.arcsoft.so:libimage_enhancement.arcsoft.so:libsuperresolution.arcsoft.so:libFacialAttributeDetection.arcsoft.so:libobjectcapture_jni.arcsoft.so:libobjectcapture.arcsoft.so:libBeauty_v4.camera.samsung.so:libexifa.camera.samsung.so:libjpega.camera.samsung.so:libOpenCv.camera.samsung.so:libVideoClassifier.camera.samsung.so:libtensorflowLite.dynamic_viewing.camera.samsung.so:libImageScreener.camera.samsung.so:libMyFilter.camera.samsung.so:libtflite2.myfilters.camera.samsung.so:libHIDTSnapJNI.camera.samsung.so:libSmartScan.camera.samsung.so:libRectify.camera.samsung.so:libDocRectifyWrapper.camera.samsung.so:libUltraWideDistortionCorrection.camera.samsung.so:libWideDistortionCorrection.camera.samsung.so:libHpr_RecGAE_cvFeature_v1.0.camera.
11-29 21:30:01.103  2630  2630 D nativeloader: Configuring classloader-namespace for other apk /system/framework/sec_camerax_impl.jar. target_sdk_version=36, uses_libraries=ALL, library_path=/data/app/~~MVJMMF4XpWVbh9e7ETOPVw==/com.instagram.android-w_XApC5tfWvWw-0XCsRWew==/lib/arm64:/data/app/~~MVJMMF4XpWVbh9e7ETOPVw==/com.instagram.android-w_XApC5tfWvWw-0XCsRWew==/base.apk!/lib/arm64-v8a:/data/app/~~MVJMMF4XpWVbh9e7ETOPVw==/com.instagram.android-w_XApC5tfWvWw-0XCsRWew==/split_config.xxhdpi.apk!/lib/arm64-v8a, permitted_path=/data:/mnt/expand:/data/user/0/com.instagram.android
11-29 21:30:01.103  2630  2630 D nativeloader: Extending system_exposed_libraries: libhumantracking.arcsoft.so:libPortraitDistortionCorrection.arcsoft.so:libPortraitDistortionCorrectionCali.arcsoft.so:libface_landmark.arcsoft.so:libFacialStickerEngine.arcsoft.so:libveengine.arcsoft.so:lib_pet_detection.arcsoft.so:libhigh_res.arcsoft.so:libimage_enhancement.arcsoft.so:libsuperresolution.arcsoft.so:libFacialAttributeDetection.arcsoft.so:libobjectcapture_jni.arcsoft.so:libobjectcapture.arcsoft.so:libBeauty_v4.camera.samsung.so:libexifa.camera.samsung.so:libjpega.camera.samsung.so:libOpenCv.camera.samsung.so:libVideoClassifier.camera.samsung.so:libtensorflowLite.dynamic_viewing.camera.samsung.so:libImageScreener.camera.samsung.so:libMyFilter.camera.samsung.so:libtflite2.myfilters.camera.samsung.so:libHIDTSnapJNI.camera.samsung.so:libSmartScan.camera.samsung.so:libRectify.camera.samsung.so:libDocRectifyWrapper.camera.samsung.so:libUltraWideDistortionCorrection.camera.samsung.so:libWideDistortionCorrection.camera.samsung.so:libHpr_RecGAE_cvFeature_v1.0.camera.
11-29 21:30:01.106  2630  2630 W ziparchive: Unable to open '/data/app/~~MVJMMF4XpWVbh9e7ETOPVw==/com.instagram.android-w_XApC5tfWvWw-0XCsRWew==/split_config.xxhdpi.dm': No such file or directory
11-29 21:30:01.106  2630  2630 W ziparchive: Unable to open '/data/app/~~MVJMMF4XpWVbh9e7ETOPVw==/com.instagram.android-w_XApC5tfWvWw-0XCsRWew==/split_config.xxhdpi.dm': No such file or directory
11-29 21:30:01.107  2630  2630 W stagram.android: Entry not found
11-29 21:30:01.107  2630  2630 D nativeloader: Configuring classloader-namespace for other apk /data/app/~~MVJMMF4XpWVbh9e7ETOPVw==/com.instagram.android-w_XApC5tfWvWw-0XCsRWew==/base.apk:/data/app/~~MVJMMF4XpWVbh9e7ETOPVw==/com.instagram.android-w_XApC5tfWvWw-0XCsRWew==/split_config.xxhdpi.apk. target_sdk_version=36, uses_libraries=, library_path=/data/app/~~MVJMMF4XpWVbh9e7ETOPVw==/com.instagram.android-w_XApC5tfWvWw-0XCsRWew==/lib/arm64:/data/app/~~MVJMMF4XpWVbh9e7ETOPVw==/com.instagram.android-w_XApC5tfWvWw-0XCsRWew==/base.apk!/lib/arm64-v8a:/data/app/~~MVJMMF4XpWVbh9e7ETOPVw==/com.instagram.android-w_XApC5tfWvWw-0XCsRWew==/split_config.xxhdpi.apk!/lib/arm64-v8a, permitted_path=/data:/mnt/expand:/data/user/0/com.instagram.android
11-29 21:30:01.109  2630  2630 W stagram.android: JIT profile information will not be recorded: profile file does not exist.
11-29 21:30:01.117  2630  2630 W AppComponentFactory: requestVanillaClassLoader : true
11-29 21:30:01.134  2630  2630 V GraphicsEnvironment: ANGLE Developer option for 'com.instagram.android' set to: 'default'
11-29 21:30:01.134  2630  2630 V GraphicsEnvironment: ANGLE GameManagerService for com.instagram.android: false
11-29 21:30:01.134  2630  2630 V GraphicsEnvironment: App is not on the allowlist for updatable production driver.
11-29 21:30:01.136  2630  2630 D NetworkSecurityConfig: Using Network Security Config from resource fb_network_security_config debugBuild: false
11-29 21:30:01.138  2630  2630 D NetworkSecurityConfig: Using Network Security Config from resource fb_network_security_config debugBuild: false
11-29 21:30:01.149  2630  2689 W SoLoader: Initializing SoLoader: 2
11-29 21:30:01.150  2630  2689 W SoLoader: context.getApplicationContext returned null, holding reference to original context.ApplicationSoSource fallbacks to: /data/app/~~MVJMMF4XpWVbh9e7ETOPVw==/com.instagram.android-w_XApC5tfWvWw-0XCsRWew==/lib/arm64
11-29 21:30:01.150  2630  2689 W SoLoader: Recording new base apk path: /data/app/~~MVJMMF4XpWVbh9e7ETOPVw==/com.instagram.android-w_XApC5tfWvWw-0XCsRWew==/base.apk
11-29 21:30:01.150  2630  2689 W SoLoader: Previously recorded 0 base apk paths.
11-29 21:30:01.157  2630  2687 W CrashLoopRemedyLog: unable to delete remedy log, instaCrash: false
11-29 21:30:01.157  2630  2687 W CrashLoopRemedyLog: unable to delete remedy log, instaCrash: true
11-29 21:30:01.165  2630  2687 W lacrima : LacrimaConfigBuilder.setUserIdActorId not called, using 0
11-29 21:30:01.165  2630  2687 W lacrima : LacrimaConfigBuilder.setUserIdActingAccountId not called, using 0
11-29 21:30:01.174  2630  2687 W MemProcWatermarkReader: [AI] Failed to open zoneinfo file
11-29 21:30:01.175  2630  2687 W lacrima : Start JavaAppDeathCrashDetector... X.0Qx
11-29 21:30:01.176  2630  2687 W lacrima : Sending pending reports
11-29 21:30:01.196  2630  2693 E libEGL  : call to OpenGL ES API with no current context (logged once per thread)
11-29 21:30:01.196  2630  2693 E libEGL  : call to OpenGL ES API with no current context (logged once per thread)
11-29 21:30:01.196  2630  2693 E libEGL  : call to OpenGL ES API with no current context (logged once per thread)
11-29 21:30:01.198  2630  2693 E libEGL  : call to OpenGL ES API with no current context (logged once per thread)
11-29 21:30:01.202  2630  2689 W SoLoader: SoLoader initialized: 2
11-29 21:30:01.203  2630  2689 W FbSoLoader: Will use precomputed native lib dependencies file, reading directly from the APK using AssetManager true
11-29 21:30:01.203  2630  2689 W SoLoader: Prepending SoSource lib-compressed: SuperpackSoSource[root = /data/data/com.instagram.android/lib-compressed flags = 1 zipSource = /data/app/~~MVJMMF4XpWVbh9e7ETOPVw==/com.instagram.android-w_XApC5tfWvWw-0XCsRWew==/base.apk compressedPath = assets/lib/libs.spo identity = ]
11-29 21:30:01.204  2630  2689 W FbSoLoader: Initialized FBSoLoader
11-29 21:30:01.205  2630  2630 W MultiDexInstaller: Vanilla class loader is installed
11-29 21:30:01.217  2630  2630 W MultiDexInstaller: Vanilla class loader is installed
11-29 21:30:01.218  2630  2630 W IgProfiloInitializer: Using loom default init
11-29 21:30:01.218  2630  2711 W lacrima : The minidump file is empty!
11-29 21:30:01.219  2630  2630 W SoLoader: Loading fbjni on the main thread
11-29 21:30:01.219  2630  2630 W SoLoader: Loading profilo_apiimpl on the main thread
11-29 21:30:01.220  2630  2630 W SoLoader: Loading fb on the main thread
11-29 21:30:01.220  2630  2630 W SoLoader: Loading fb on the main thread
11-29 21:30:01.220  2630  2711 W lacrima : Start AnrAppDeathDetector... X.0Xr
11-29 21:30:01.220  2630  2693 W lacrima : Blackbox persistent traces: 
11-29 21:30:01.220  2630  2711 E HeliumCrashReporter: Pending crash path /data/data/com.instagram.android/cache/webview_embedded/Helium Crashpad/pending/ is not a directory
11-29 21:30:01.221  2630  2711 V v9p     : Disabled
11-29 21:30:01.222  2630  2630 W SoLoader: Loading profilo_configjni on the main thread
11-29 21:30:01.222  2630  2630 W SoLoader: Loading profilo_configjni on the main thread
11-29 21:30:01.223  2630  2630 W SoLoader: Loading profilo_mmapbuf on the main thread
11-29 21:30:01.223  2630  2630 W SoLoader: Loading profilo on the main thread
11-29 21:30:01.224  2630  2630 W Profilo/TraceControl: Loom client config id: 4529778710994211079
11-29 21:30:01.224  2630  2630 W AppProfiloInitializer: Cold start marker: 0
11-29 21:30:01.224  2630  2630 E AppProfiloInitializer: Cold start trace failed: no marker
11-29 21:30:01.225  2630  2630 W Profilo/TraceControl: Loom client config id: 0
11-29 21:30:01.226  2630  2630 W AppProfiloInitializer: Cold start marker: 0
11-29 21:30:01.226  2630  2630 E AppProfiloInitializer: Cold start trace failed: no marker
11-29 21:30:01.241  2630  2630 W BackgroundStartupDetector: coldStartMode=PROBABLY_FOREGROUND
11-29 21:30:01.241  2630  2630 W BackgroundStartupDetector: bgMode=FOREGROUND
11-29 21:30:01.242  2630  2728 D OpenGLRenderer: RenderThread::requireGlContext()
11-29 21:30:01.247  2630  2727 W AppInitScheduler|Schedule: Schedule 1:EarlyCpuBoostInitializer, deps=[] (0 pending tasks)
11-29 21:30:01.248  2630  2727 W AppInitScheduler|Schedule:   Executing 1:EarlyCpuBoostInitializer
11-29 21:30:01.248  2630  2733 W AppInitScheduler|Run: DeadlockMonitor active...
11-29 21:30:01.248  2630  2727 W AppInitScheduler|Schedule: Schedule 2:DnsInitializer, deps=[1] (1 pending tasks)
11-29 21:30:01.248  2630  2727 W AppInitScheduler|Schedule: Schedule 3:MlockInitializer, deps=[2] (2 pending tasks)
11-29 21:30:01.248  2630  2734 W AppInitScheduler|Run: Running EarlyCpuBoostInitializer
11-29 21:30:01.248  2630  2727 W AppInitScheduler|Schedule: Schedule 107:IgFixieEarlyInitializer, deps=[3] (3 pending tasks)
11-29 21:30:01.248  2630  2727 W AppInitScheduler|Schedule: Schedule 4:StartupTypeDetectorInitializer, deps=[107] (4 pending tasks)
11-29 21:30:01.248  2630  2727 W AppInitScheduler|Schedule: Schedule 5:SessionInitializer, deps=[4] (5 pending tasks)
11-29 21:30:01.248  2630  2727 W AppInitScheduler|Schedule: Schedule 7:LiteProviderInitializer, deps=[5] (6 pending tasks)
11-29 21:30:01.248  2630  2727 W AppInitScheduler|Schedule: Schedule 8:LightweightQPLInitializerImpl, deps=[7] (7 pending tasks)
11-29 21:30:01.248  2630  2727 W AppInitScheduler|Schedule: Schedule 9:LacrimaHealthInitializer, deps=[8] (8 pending tasks)
11-29 21:30:01.248  2630  2727 W AppInitScheduler|Schedule: Schedule 10:IgSharedPreferencesQPLInitializer, deps=[9] (9 pending tasks)
11-29 21:30:01.248  2630  2727 W AppInitScheduler|Schedule: Schedule 11:QEInitializer, deps=[10] (10 pending tasks)
11-29 21:30:01.248  2630  2727 W AppInitScheduler|Schedule: Schedule 12:StorageInitializer, deps=[11, 120] (11 pending tasks)
11-29 21:30:01.248  2630  2727 W AppInitScheduler|Schedule: Schedule 135:SDBInitializer, deps=[5, 79] (12 pending tasks)
11-29 21:30:01.248  2630  2727 W AppInitScheduler|Schedule: Schedule 136:TNTSPostInitializer, deps=[15, 17] (13 pending tasks)
11-29 21:30:01.248  2630  2727 W AppInitScheduler|Schedule: Schedule 44:DevToolInitializer, deps=[12] (14 pending tasks)
11-29 21:30:01.248  2630  2727 W AppInitScheduler|Schedule: Schedule 15:TNTSInitializer, deps=[115] (15 pending tasks)
11-29 21:30:01.248  2630  2727 W AppInitScheduler|Schedule: Schedule 16:HttpServiceInitializer, deps=[15] (16 pending tasks)
11-29 21:30:01.248  2630  2727 W AppInitScheduler|Schedule: Schedule 133:HttpStoresInitializer, deps=[16] (17 pending tasks)
11-29 21:30:01.248  2630  2727 W AppInitScheduler|Schedule: Schedule 17:FeedRequestInitializer, deps=[133] (18 pending tasks)
11-29 21:30:01.249  2630  2727 W AppInitScheduler|Schedule: Schedule 120:MainFeedRequestHeaderInitializer, deps=[11] (19 pending tasks)
11-29 21:30:01.249  2630  2728 D OpenGLRenderer: RenderThread::setGrContext()
11-29 21:30:01.249  2630  2727 W AppInitScheduler|Schedule: Schedule 60:IndependentSingletonInitializer, deps=[41] (20 pending tasks)
11-29 21:30:01.249  2630  2727 W AppInitScheduler|Schedule: Schedule 25:AppStartupTrackerInitializer, deps=[72] (21 pending tasks)
11-29 21:30:01.249  2630  2727 W AppInitScheduler|Schedule: Schedule 89:PushNotificationInitializer, deps=[99] (22 pending tasks)
11-29 21:30:01.249  2630  2727 W AppInitScheduler|Schedule: Schedule 41:ConfigFromQEInitializer, deps=[59] (23 pending tasks)
11-29 21:30:01.249  2630  2727 W AppInitScheduler|Schedule: Schedule 66:LanguageInitializer, deps=[100] (24 pending tasks)
11-29 21:30:01.249  2630  2727 W AppInitScheduler|Schedule: Schedule 47:FacebookAccountInitializer, deps=[25] (25 pending tasks)
11-29 21:30:01.249  2630  2727 W AppInitScheduler|Schedule: Schedule 117:IgSharedPreferencesInitializer, deps=[114] (26 pending tasks)
11-29 21:30:01.249  2630  2727 W AppInitScheduler|Schedule: Schedule 122:IgDataStoreInitializer, deps=[117] (27 pending tasks)
11-29 21:30:01.249  2630  2727 W AppInitScheduler|Schedule: Schedule 142:DirectBootstrapInitializer, deps=[5, 79, 127] (28 pending tasks)
11-29 21:30:01.249  2630  2727 W AppInitScheduler|Schedule: Schedule 18:QPLInitializer, deps=[122] (29 pending tasks)
11-29 21:30:01.249  2630  2727 W AppInitScheduler|Schedule: Schedule 129:LwQPLReplay, deps=[18] (30 pending tasks)
11-29 21:30:01.249  2630  2727 W AppInitScheduler|Schedule: Schedule 124:MessageQueueRedInitializer, deps=[129] (31 pending tasks)
11-29 21:30:01.249  2630  2727 W AppInitScheduler|Schedule: Schedule 103:UnexpectedEventReporterInitializer, deps=[124] (32 pending tasks)
11-29 21:30:01.249  2630  2727 W AppInitScheduler|Schedule: Schedule 74:MessageQueueTimelineInitializer, deps=[103] (33 pending tasks)
11-29 21:30:01.249  2630  2727 W AppInitScheduler|Schedule: Schedule 19:QplXplatDelayedInitializer, deps=[96] (34 pending tasks)
11-29 21:30:01.249  2630  2727 W AppInitScheduler|Schedule: Schedule 24:AppBackgroundListenerInitializer, deps=[128] (35 pending tasks)
11-29 21:30:01.249  2630  2727 W AppInitScheduler|Schedule: Schedule 95:ShareToFeedInitializer, deps=[57] (36 pending tasks)
11-29 21:30:01.249  2630  2727 W AppInitScheduler|Schedule: Schedule 48:FeedCacheInitializer, deps=[95] (37 pending tasks)
11-29 21:30:01.249  2630  2727 W AppInitScheduler|Schedule: Schedule 22:AdsCacheInitializer, deps=[48] (38 pending tasks)
11-29 21:30:01.249  2630  2727 W AppInitScheduler|Schedule: Schedule 23:AnalyticsInitializer, deps=[61] (39 pending tasks)
11-29 21:30:01.249  2630  2727 W AppInitScheduler|Schedule: Schedule 114:EagerReelNetworkRequestInitializer, deps=[136] (40 pending tasks)
11-29 21:30:01.249  2630  2727 W AppInitScheduler|Schedule: Schedule 91:ReelRequestInitializer, deps=[66] (41 pending tasks)
11-29 21:30:01.249  2630  2727 W AppInitScheduler|Schedule: Schedule 64:JestE2EInitializer, deps=[91] (42 pending tasks)
11-29 21:30:01.249  2630  2727 W AppInitScheduler|Schedule: Schedule 108:ReelsCacheInitializer, deps=[22] (43 pending tasks)
11-29 21:30:01.249  2630  2727 W AppInitScheduler|Schedule: Schedule 128:ClipsTabInitializer, deps=[108, 11] (44 pending tasks)
11-29 21:30:01.249  2630  2727 W AppInitScheduler|Schedule: Schedule 80:PendingMediaInitializer, deps=[23] (45 pending tasks)
11-29 21:30:01.250  2630  2727 W AppInitScheduler|Schedule: Schedule 71:MemoryDumperInitializer, deps=[55] (46 pending tasks)
11-29 21:30:01.250  2630  2727 W AppInitScheduler|Schedule: Schedule 56:IgMemoryTimelineInitializer, deps=[93] (47 pending tasks)
11-29 21:30:01.250  2630  2727 W AppInitScheduler|Schedule: Schedule 55:IgMemoryProgramQplInitializer, deps=[56] (48 pending tasks)
11-29 21:30:01.250  2630  2727 W AppInitScheduler|Schedule: Schedule 72:MemoryManagerInitializer, deps=[74] (49 pending tasks)
11-29 21:30:01.250  2630  2727 W AppInitScheduler|Schedule: Schedule 57:ImageInfraInitializer, deps=[119] (50 pending tasks)
11-29 21:30:01.250  2630  2727 W AppInitScheduler|Schedule: Schedule 144:MarkSequentialLoadComplete, deps=[57] (51 pending tasks)
11-29 21:30:01.250  2630  2727 W AppInitScheduler|Schedule: Schedule 99:SystemMessageInitializer, deps=[54] (52 pending tasks)
11-29 21:30:01.250  2630  2727 W AppInitScheduler|Schedule: Schedule 69:MapConfigInitializer, deps=[89] (53 pending tasks)
11-29 21:30:01.250  2630  2727 W AppInitScheduler|Schedule: Schedule 59:IndependentColdStartJobs, deps=[69] (54 pending tasks)
11-29 21:30:01.250  2630  2727 W AppInitScheduler|Schedule: Schedule 100:ThemeInitializer, deps=[20] (55 pending tasks)
11-29 21:30:01.250  2630  2727 W AppInitScheduler|Schedule: Schedule 132:TypefaceInitializer, deps=[24] (56 pending tasks)
11-29 21:30:01.250  2630  2727 W AppInitScheduler|Schedule: Schedule 127:ActivityViewInflaterInitializer, deps=[132] (57 pending tasks)
11-29 21:30:01.250  2630  2727 W AppInitScheduler|Schedule: Schedule 43:DebugHeadInitializer, deps=[51] (58 pending tasks)
11-29 21:30:01.250  2630  2727 W AppInitScheduler|Schedule: Schedule 61:PluginInitializer, deps=[127] (59 pending tasks)
11-29 21:30:01.250  2630  2727 W AppInitScheduler|Schedule: Schedule 140:DirectInitializer, deps=[127] (60 pending tasks)
11-29 21:30:01.250  2630  2727 W AppInitScheduler|Schedule: Schedule 93:SessionScopedProviderInitializer, deps=[79] (61 pending tasks)
11-29 21:30:01.250  2630  2727 W AppInitScheduler|Schedule: Schedule 126:SessionScopedProviderInitializerCompletion, deps=[125] (62 pending tasks)
11-29 21:30:01.250  2630  2727 W AppInitScheduler|Schedule: Schedule 81:PeriodicThreadBoostInitializer, deps=[60] (63 pending tasks)
11-29 21:30:01.250  2630  2727 W AppInitScheduler|Schedule: Schedule 37:BloksInitializer, deps=[64] (64 pending tasks)
11-29 21:30:01.250  2630  2727 W AppInitScheduler|Schedule: Schedule 76:MultiProcessTrackerInitializer, deps=[86] (65 pending tasks)
11-29 21:30:01.250  2630  2727 W AppInitScheduler|Schedule: Schedule 106:IgMmapBufferProcessJob, deps=[76] (66 pending tasks)
11-29 21:30:01.250  2630  2727 W AppInitScheduler|Schedule: Schedule 83:PrivacyFlowInitializer, deps=[106] (67 pending tasks)
11-29 21:30:01.250  2630  2727 W AppInitScheduler|Schedule: Schedule 121:QpLoginInterstitialNeedInitInitializer, deps=[83] (68 pending tasks)
11-29 21:30:01.251  2630  2727 W AppInitScheduler|Schedule: Schedule 92:ScreenTimeInitializer, deps=[121] (69 pending tasks)
11-29 21:30:01.251  2630  2727 W AppInitScheduler|Schedule: Schedule 90:QuietModeInitializer, deps=[92] (70 pending tasks)
11-29 21:30:01.251  2630  2727 W AppInitScheduler|Schedule: Schedule 20:IgFixieAppInitializer, deps=[38] (71 pending tasks)
11-29 21:30:01.251  2630  2727 W AppInitScheduler|Schedule: Schedule 86:PushBlockingTestExecutor, deps=[52] (72 pending tasks)
11-29 21:30:01.251  2630  2727 W AppInitScheduler|Schedule: Schedule 123:ComposeInitializer, deps=[67] (73 pending tasks)
11-29 21:30:01.251  2630  2727 W AppInitScheduler|Schedule: Schedule 67:LithoInitializer, deps=[90] (74 pending tasks)
11-29 21:30:01.251  2630  2727 W AppInitScheduler|Schedule: Schedule 104:YogaInitializer, deps=[37] (75 pending tasks)
11-29 21:30:01.251  2630  2727 W AppInitScheduler|Schedule: Schedule 73:MessageQueueInterceptorInitializer, deps=[82] (76 pending tasks)
11-29 21:30:01.251  2630  2727 W AppInitScheduler|Schedule: Schedule 79:PandoGraphQLInitializer, deps=[80] (77 pending tasks)
11-29 21:30:01.251  2630  2727 W AppInitScheduler|Schedule: Schedule 84:ProxyServiceInitializer, deps=[73] (78 pending tasks)
11-29 21:30:01.251  2630  2727 W AppInitScheduler|Schedule: Schedule 96:SignalManagerEarlyInitializer, deps=[104] (79 pending tasks)
11-29 21:30:01.251  2630  2727 W AppInitScheduler|Schedule: Schedule 54:IgMemoryLoggingManagerInitializer, deps=[71] (80 pending tasks)
11-29 21:30:01.251  2630  2727 W AppInitScheduler|Schedule: Schedule 85:PulsarSchedulerInitializer, deps=[84] (81 pending tasks)
11-29 21:30:01.251  2630  2727 W AppInitScheduler|Schedule: Schedule 26:BackgroundColdStartInitializer, deps=[85] (82 pending tasks)
11-29 21:30:01.251  2630  2727 W AppInitScheduler|Schedule: Schedule 102:UXLoggingInitializer, deps=[26] (83 pending tasks)
11-29 21:30:01.251  2630  2727 W AppInitScheduler|Schedule: Schedule 58:ImageUltraHdrModeInitializer, deps=[102] (84 pending tasks)
11-29 21:30:01.252  2630  2727 W AppInitScheduler|Schedule: Schedule 52:HeroServiceControllerInitializer, deps=[81] (85 pending tasks)
11-29 21:30:01.252  2630  2727 W AppInitScheduler|Schedule: Schedule 119:HeroServiceControllerEarlyInitializer, deps=[19] (86 pending tasks)
11-29 21:30:01.252  2630  2727 W AppInitScheduler|Schedule: Schedule 38:CacheKeyGeneratorInitializer, deps=[47] (87 pending tasks)
11-29 21:30:01.252  2630  2727 W AppInitScheduler|Schedule: Schedule 70:MediaCodecTrackingInitializer, deps=[58] (88 pending tasks)
11-29 21:30:01.252  2630  2727 W AppInitScheduler|Schedule: Schedule 82:PreinflateInitializer, deps=[123] (89 pending tasks)
11-29 21:30:01.252  2630  2727 W AppInitScheduler|Schedule: Schedule 51:HeliumInitializer, deps=[70] (90 pending tasks)
11-29 21:30:01.252  2630  2727 W AppInitScheduler|Schedule: Schedule 53:IgLinkifyInitializer, deps=[43] (91 pending tasks)
11-29 21:30:01.252  2630  2727 W AppInitScheduler|Schedule: Schedule 36:BitmapDebugInitializer, deps=[53] (92 pending tasks)
11-29 21:30:01.252  2630  2727 W AppInitScheduler|Schedule: Schedule 115:EagerReelRequestBuilder, deps=[44] (93 pending tasks)
11-29 21:30:01.252  2630  2727 W AppInitScheduler|Schedule: Schedule 118:ActivityBackstackManagerInitializer, deps=[36] (94 pending tasks)
11-29 21:30:01.252  2630  2727 W AppInitScheduler|Schedule: Schedule 125:PendingWorkInitializer, deps=[118] (95 pending tasks)
11-29 21:30:01.252  2630  2727 W AppInitScheduler|Schedule: Schedule 130:MarkAppInitCriticalWorkComplete, deps=[23, 16, 117, 57, 64, 66, 67, 83, 89, 11, 18, 5, 93, 12, 100, 102, 137] (96 pending tasks)
11-29 21:30:01.252  2630  2727 W AppInitScheduler|Schedule: Schedule 131:CobraInitializer, deps=[126] (97 pending tasks)
11-29 21:30:01.252  2630  2727 W AppInitScheduler|Schedule: Schedule 137:LruCacheTrackerInitializer, deps=[131] (98 pending tasks)
11-29 21:30:01.252  2630  2727 W AppInitScheduler|Schedule: Schedule 138:ResponseObserverInitializer, deps=[133] (99 pending tasks)
11-29 21:30:01.252  2630  2727 W AppInitScheduler|Schedule: Schedule 141:UsdidInitializer, deps=[18] (100 pending tasks)
11-29 21:30:01.252  2630  2727 W AppInitScheduler|Schedule: Schedule 143:PreloadsFirstAppOpenFlagInitializer, deps=[25] (101 pending tasks)
11-29 21:30:01.252  2630  2727 W AppInitScheduler: Shutting down scheduler and waiting for critical work to finish
11-29 21:30:01.252  2630  2727 W AppInitScheduler|Schedule: Shutting down, all work scheduled.
11-29 21:30:01.252  2630  2727 W AppInitScheduler|Schedule: java.lang.RuntimeException
11-29 21:30:01.252  2630  2727 W AppInitScheduler|Schedule: 	at com.instagram.process.instagram.InstagramApplicationForMainProcess.initializeAllColdStartJobs(:74832)
11-29 21:30:01.252  2630  2727 W AppInitScheduler|Schedule: 	at com.instagram.process.instagram.InstagramApplicationForMainProcess.access$initializeAllColdStartJobs(:0)
11-29 21:30:01.252  2630  2727 W AppInitScheduler|Schedule: 	at X.1oo.invoke(:137)
11-29 21:30:01.252  2630  2727 W AppInitScheduler|Schedule: 	at X.1op.run(:2)
11-29 21:30:01.252  2630  2727 W AppInitScheduler|Schedule: Shut down called with 102 pending tasks
11-29 21:30:01.255  2630  2711 W fb-breakpad: Requesting g_crash_mutex in tid: 2711
11-29 21:30:01.255  2630  2711 W fb-breakpad: Cloned at crash time, sig: 11 si_code: 2, si_pid: -1479540401
11-29 21:30:01.266  2736  2711 W fb-breakpad: Dump file name = /data/user/0/com.instagram.android/app_minidumps/1764444601159-eaf4d6c1-7f54-a4cd-e4bb-0dc9fcaa7327_b59ad5f32e88eabfe9de777cffb28127.dmp
11-29 21:30:01.266  2736  2711 W fb-breakpad: Start writing minidump with flags: 806 for crashing thread: 2711.
11-29 21:30:01.273  2630  2734 W AppInitScheduler|Run:   Finished EarlyCpuBoostInitializer in 25ms
11-29 21:30:01.273  2630  2734 W AppInitScheduler|Schedule:   Executing 2:DnsInitializer
11-29 21:30:01.273  2630  2734 W AppInitScheduler|Run: Running DnsInitializer
11-29 21:30:01.273  2630  2734 W AppInitScheduler|Run:   Finished DnsInitializer in 0ms
11-29 21:30:01.273  2630  2734 W AppInitScheduler|Schedule:   Executing 3:MlockInitializer
11-29 21:30:01.273  2630  2734 W AppInitScheduler|Run: Running MlockInitializer
11-29 21:30:01.273  2630  2734 W AppInitScheduler|Run:   Finished MlockInitializer in 0ms
11-29 21:30:01.273  2630  2734 W AppInitScheduler|Schedule:   Executing 107:IgFixieEarlyInitializer
11-29 21:30:01.274  2630  2734 W AppInitScheduler|Run: Running IgFixieEarlyInitializer
11-29 21:30:01.274  2630  2734 W AppInitScheduler|Run:   Finished IgFixieEarlyInitializer in 1ms
11-29 21:30:01.274  2630  2734 W AppInitScheduler|Schedule:   Executing 4:StartupTypeDetectorInitializer
11-29 21:30:01.274  2630  2734 W AppInitScheduler|Run: Running StartupTypeDetectorInitializer
11-29 21:30:01.516  2736  2711 W fb-breakpad: Finish writing minidump for crashing thread: 2711.
11-29 21:30:01.517  2630  2734 W AppInitScheduler|Run:   Finished StartupTypeDetectorInitializer in 243ms
11-29 21:30:01.517  2630  2734 W AppInitScheduler|Schedule:   Executing 5:SessionInitializer
11-29 21:30:01.517  2630  2734 W AppInitScheduler|Run: Running SessionInitializer
11-29 21:30:01.536  2630  2721 W ExperimentConfigurator: Initializing experiment with config: [{"matcher":".odex","op":1,"bg_undo":true,"redo_bg":true},{"matcher":"layouts.bin","op":2,"bg_undo":true,"redo_bg":true},{"matcher":".vdex","op":1,"bg_undo":true,"redo_bg":true}]
11-29 21:30:01.537  2630  2721 W ExperimentConfigurator: Experiment initialized: 3 configs ready
11-29 21:30:01.546  2630  2734 W stagram.android: JNI RegisterNativeMethods: attempt to register 0 native methods for com.facebook.pando.PandoDataJNI
11-29 21:30:01.547  2630  2734 W IgMetaConfig: Could not obtain MC: null_factory 
11-29 21:30:01.547  2630  2734 W IgMetaConfig: java.lang.RuntimeException: Could not obtain MC, call-site will receive default values
11-29 21:30:01.547  2630  2734 W IgMetaConfig: 	at X.2do.A06(:4)
11-29 21:30:01.547  2630  2734 W IgMetaConfig: 	at X.2do.A05(:7)
11-29 21:30:01.547  2630  2734 W IgMetaConfig: 	at X.2do.A02(:2)
11-29 21:30:01.547  2630  2734 W IgMetaConfig: 	at X.8Oy.invoke(Unknown Source:404)
11-29 21:30:01.547  2630  2734 W IgMetaConfig: 	at X.C1f.getValue(Unknown Source:25)
11-29 21:30:01.547  2630  2734 W IgMetaConfig: 	at X.2di.invoke(:96)
11-29 21:30:01.547  2630  2734 W IgMetaConfig: 	at X.C1f.getValue(Unknown Source:25)
11-29 21:30:01.547  2630  2734 W IgMetaConfig: 	at X.8Pi.A03(Unknown Source:182)
11-29 21:30:01.547  2630  2734 W IgMetaConfig: 	at X.8Pi.invoke(Unknown Source:5)
11-29 21:30:01.547  2630  2734 W IgMetaConfig: 	at X.C1f.getValue(Unknown Source:25)
11-29 21:30:01.547  2630  2734 W IgMetaConfig: 	at X.2bf.A05(:30)
11-29 21:30:01.547  2630  2734 W IgMetaConfig: 	at X.2cf.A01(:338)
11-29 21:30:01.547  2630  2734 W IgMetaConfig: 	at X.1yh.<init>(:244)
11-29 21:30:01.547  2630  2734 W IgMetaConfig: 	at X.8dP.invoke(Unknown Source:966)
11-29 21:30:01.547  2630  2734 W IgMetaConfig: 	at X.C1f.getValue(Unknown Source:25)
11-29 21:30:01.547  2630  2734 W IgMetaConfig: 	at X.1yj.A00(:4)
11-29 21:30:01.547  2630  2734 W IgMetaConfig: 	at X.1yj.A08(:4)
11-29 21:30:01.547  2630  2734 W IgMetaConfig: 	at X.1rb.A05(:49)
11-29 21:30:01.547  2630  2734 W IgMetaConfig: 	at X.1px.DKh(:78)
11-29 21:30:01.547  2630  2734 W IgMetaConfig: 	at X.1ht.A00(:82)
11-29 21:30:01.547  2630  2734 W IgMetaConfig: 	at X.1ht.run(:0)
11-29 21:30:01.547  2630  2734 W IgMetaConfig: 	at java.util.concurrent.ThreadPoolExecutor.runWorker(ThreadPoolExecutor.java:1137)
11-29 21:30:01.547  2630  2734 W IgMetaConfig: 	at java.util.concurrent.ThreadPoolExecutor$Worker.run(ThreadPoolExecutor.java:637)
11-29 21:30:01.547  2630  2734 W IgMetaConfig: 	at X.1hv.run(:15)
11-29 21:30:01.547  2630  2734 W IgMetaConfig: 	at java.lang.Thread.run(Thread.java:1012)
11-29 21:30:01.547  2630  2734 W IgMetaConfig: Could not obtain MC: null_factory 
11-29 21:30:01.547  2630  2734 W IgMetaConfig: java.lang.RuntimeException: Could not obtain MC, call-site will receive default values
11-29 21:30:01.547  2630  2734 W IgMetaConfig: 	at X.2do.A06(:4)
11-29 21:30:01.547  2630  2734 W IgMetaConfig: 	at X.2do.A05(:7)
11-29 21:30:01.547  2630  2734 W IgMetaConfig: 	at X.2do.A02(:2)
11-29 21:30:01.547  2630  2734 W IgMetaConfig: 	at X.8Oy.invoke(Unknown Source:215)
11-29 21:30:01.547  2630  2734 W IgMetaConfig: 	at X.7yI.invoke(Unknown Source:45)
11-29 21:30:01.547  2630  2734 W IgMetaConfig: 	at X.C1f.getValue(Unknown Source:25)
11-29 21:30:01.547  2630  2734 W IgMetaConfig: 	at X.554.getScopedLazy(Unknown Source:36)
11-29 21:30:01.547  2630  2734 W IgMetaConfig: 	at com.instagram.common.session.UserSession.getScopedLazy(:56)
11-29 21:30:01.547  2630  2734 W IgMetaConfig: 	at X.554.A0D(Unknown Source:4)
11-29 21:30:01.547  2630  2734 W IgMetaConfig: 	at X.2dx.A00(:10)
11-29 21:30:01.547  2630  2734 W IgMetaConfig: 	at X.2di.invoke(:121)
11-29 21:30:01.547  2630  2734 W IgMetaConfig: 	at X.C1f.getValue(Unknown Source:25)
11-29 21:30:01.547  2630  2734 W IgMetaConfig: 	at X.8Pi.A03(Unknown Source:182)
11-29 21:30:01.547  2630  2734 W IgMetaConfig: 	at X.8Pi.invoke(Unknown Source:5)
11-29 21:30:01.547  2630  2734 W IgMetaConfig: 	at X.C1f.getValue(Unknown Source:25)
11-29 21:30:01.547  2630  2734 W IgMetaConfig: 	at X.2bf.A05(:30)
11-29 21:30:01.547  2630  2734 W IgMetaConfig: 	at X.2cf.A01(:338)
11-29 21:30:01.547  2630  2734 W IgMetaConfig: 	at X.1yh.<init>(:244)
11-29 21:30:01.547  2630  2734 W IgMetaConfig: 	at X.8dP.invoke(Unknown Source:966)
11-29 21:30:01.547  2630  2734 W IgMetaConfig: 	at X.C1f.getValue(Unknown Source:25)
11-29 21:30:01.547  2630  2734 W IgMetaConfig: 	at X.1yj.A00(:4)
11-29 21:30:01.547  2630  2734 W IgMetaConfig: 	at X.1yj.A08(:4)
11-29 21:30:01.547  2630  2734 W IgMetaConfig: 	at X.1rb.A05(:49)
11-29 21:30:01.547  2630  2734 W IgMetaConfig: 	at X.1px.DKh(:78)
11-29 21:30:01.547  2630  2734 W IgMetaConfig: 	at X.1ht.A00(:82)
11-29 21:30:01.547  2630  2734 W IgMetaConfig: 	at X.1ht.run(:0)
11-29 21:30:01.547  2630  2734 W IgMetaConfig: 	at java.util.concurrent.ThreadPoolExecutor.runWorker(ThreadPoolExecutor.java:1137)
11-29 21:30:01.547  2630  2734 W IgMetaConfig: 	at java.util.concurrent.ThreadPoolExecutor$Worker.run(ThreadPoolExecutor.java:637)
11-29 21:30:01.547  2630  2734 W IgMetaConfig: 	at X.1hv.run(:15)
11-29 21:30:01.547  2630  2734 W IgMetaConfig: 	at java.lang.Thread.run(Thread.java:1012)
11-29 21:30:01.548  2630  2734 W IgMetaConfig: Could not obtain MC: null_factory 
11-29 21:30:01.548  2630  2734 W IgMetaConfig: java.lang.RuntimeException: Could not obtain MC, call-site will receive default values
11-29 21:30:01.548  2630  2734 W IgMetaConfig: 	at X.2do.A06(:4)
11-29 21:30:01.548  2630  2734 W IgMetaConfig: 	at X.2do.A05(:7)
11-29 21:30:01.548  2630  2734 W IgMetaConfig: 	at X.2do.A02(:2)
11-29 21:30:01.548  2630  2734 W IgMetaConfig: 	at X.8Oy.invoke(Unknown Source:230)
11-29 21:30:01.548  2630  2734 W IgMetaConfig: 	at X.7yI.invoke(Unknown Source:45)
11-29 21:30:01.548  2630  2734 W IgMetaConfig: 	at X.C1f.getValue(Unknown Source:25)
11-29 21:30:01.548  2630  2734 W IgMetaConfig: 	at X.554.getScopedLazy(Unknown Source:36)
11-29 21:30:01.548  2630  2734 W IgMetaConfig: 	at com.instagram.common.session.UserSession.getScopedLazy(:56)
11-29 21:30:01.548  2630  2734 W IgMetaConfig: 	at X.554.A0D(Unknown Source:4)
11-29 21:30:01.548  2630  2734 W IgMetaConfig: 	at X.2dx.A00(:10)
11-29 21:30:01.548  2630  2734 W IgMetaConfig: 	at X.2di.invoke(:121)
11-29 21:30:01.548  2630  2734 W IgMetaConfig: 	at X.C1f.getValue(Unknown Source:25)
11-29 21:30:01.548  2630  2734 W IgMetaConfig: 	at X.8Pi.A03(Unknown Source:182)
11-29 21:30:01.548  2630  2734 W IgMetaConfig: 	at X.8Pi.invoke(Unknown Source:5)
11-29 21:30:01.548  2630  2734 W IgMetaConfig: 	at X.C1f.getValue(Unknown Source:25)
11-29 21:30:01.548  2630  2734 W IgMetaConfig: 	at X.2bf.A05(:30)
11-29 21:30:01.548  2630  2734 W IgMetaConfig: 	at X.2cf.A01(:338)
11-29 21:30:01.548  2630  2734 W IgMetaConfig: 	at X.1yh.<init>(:244)
11-29 21:30:01.548  2630  2734 W IgMetaConfig: 	at X.8dP.invoke(Unknown Source:966)
11-29 21:30:01.548  2630  2734 W IgMetaConfig: 	at X.C1f.getValue(Unknown Source:25)
11-29 21:30:01.548  2630  2734 W IgMetaConfig: 	at X.1yj.A00(:4)
11-29 21:30:01.548  2630  2734 W IgMetaConfig: 	at X.1yj.A08(:4)
11-29 21:30:01.548  2630  2734 W IgMetaConfig: 	at X.1rb.A05(:49)
11-29 21:30:01.548  2630  2734 W IgMetaConfig: 	at X.1px.DKh(:78)
11-29 21:30:01.548  2630  2734 W IgMetaConfig: 	at X.1ht.A00(:82)
11-29 21:30:01.548  2630  2734 W IgMetaConfig: 	at X.1ht.run(:0)
11-29 21:30:01.548  2630  2734 W IgMetaConfig: 	at java.util.concurrent.ThreadPoolExecutor.runWorker(ThreadPoolExecutor.java:1137)
11-29 21:30:01.548  2630  2734 W IgMetaConfig: 	at java.util.concurrent.ThreadPoolExecutor$Worker.run(ThreadPoolExecutor.java:637)
11-29 21:30:01.548  2630  2734 W IgMetaConfig: 	at X.1hv.run(:15)
11-29 21:30:01.548  2630  2734 W IgMetaConfig: 	at java.lang.Thread.run(Thread.java:1012)
11-29 21:30:01.550  2630  2734 W AppInitScheduler|Run:   Finished SessionInitializer in 33ms
