--------- beginning of main
12-10 20:54:51.090 32681 32736 W SessionScopedProviderInitializer: Initialize com.instagram.bugreporter.impl.BugReporterRecentErrorInfosHolder start
12-10 20:54:51.090 32681 32736 W SessionScopedProviderInitializer: Initialize com.instagram.bugreporter.impl.BugReporterRecentErrorInfosHolder end
12-10 20:54:51.090 32681 32736 W SessionScopedProviderInitializer: Initialize com.instagram.uxlogging.functioncorrectness.AwareInteractionQPLLogger start
12-10 20:54:51.090 32681 32735 W RageShakeSensorHelper: initInstance Initialized | rageShakeEnabled=true | shakeForceThreshold=18.042845
12-10 20:54:51.090 32681 32735 W SessionScopedProviderInitializer: Initialize com.instagram.bugreporter.rageshake.UserSessionStart end
12-10 20:54:51.090 32681 32735 W SessionScopedProviderInitializer: Initialize com.instagram.bugreporter.store.initializer.PendingBugReportInitializer start
12-10 20:54:51.090 32681 32736 W SessionScopedProviderInitializer: Initialize com.instagram.uxlogging.functioncorrectness.AwareInteractionQPLLogger end
12-10 20:54:51.090 32681 32736 W SessionScopedProviderInitializer: Initialize com.instagram.metacasper.UserSessionStart start
12-10 20:54:51.090 32681 32736 W SessionScopedProviderInitializer: Initialize com.instagram.metacasper.UserSessionStart end
12-10 20:54:51.090 32681 32736 W SessionScopedProviderInitializer: Initialize com.instagram.casper.UserSessionStart start
12-10 20:54:51.090 32681 32736 W SessionScopedProviderInitializer: Initialize com.instagram.casper.UserSessionStart end
12-10 20:54:51.090 32681 32736 W SessionScopedProviderInitializer: Initialize com.instagram.common.fxcacheinit.FxClientCacheOnUserSessionStart start
12-10 20:54:51.090 32681 32736 W SessionScopedProviderInitializer: Initialize com.instagram.common.fxcacheinit.FxClientCacheOnUserSessionStart end
12-10 20:54:51.090 32681 32736 W SessionScopedProviderInitializer: Initialize com.instagram.common.memory.memoryredlogger.MemoryRedLogger.MemoryRedLoggerInitializer start
12-10 20:54:51.090 32681 32736 W SessionScopedProviderInitializer: Initialize com.instagram.common.memory.memoryredlogger.MemoryRedLogger.MemoryRedLoggerInitializer end
12-10 20:54:51.090 32681 32736 W SessionScopedProviderInitializer: Initialize com.instagram.common.resources.qce.init.QuickContentExperimentStringResourcesInitializer start
12-10 20:54:51.090 32681 32736 W SessionScopedProviderInitializer: Initialize com.instagram.common.resources.qce.init.QuickContentExperimentStringResourcesInitializer end
12-10 20:54:51.091 32681 32736 W SessionScopedProviderInitializer: Initialize com.instagram.crossposting.noticestate.manager.UserSessionStart start
12-10 20:54:51.091 32681 32735 W SessionScopedProviderInitializer: Initialize com.instagram.bugreporter.store.initializer.PendingBugReportInitializer end
12-10 20:54:51.091 32681 32735 W SessionScopedProviderInitializer: Initialize com.instagram.deadcodedetection.IgDeadCodeDetectionManager start
12-10 20:54:51.091 32681 32735 W SessionScopedProviderInitializer: Initialize com.instagram.deadcodedetection.IgDeadCodeDetectionManager end
12-10 20:54:51.091 32681 32735 W SessionScopedProviderInitializer: Initialize com.instagram.fbpay.executor.UserSessionStart start
12-10 20:54:51.091 32681 32735 W SessionScopedProviderInitializer: Initialize com.instagram.fbpay.executor.UserSessionStart end
12-10 20:54:51.091 32681 32735 W SessionScopedProviderInitializer: Initialize com.instagram.screentime.IgScreenTimeSyncListenerStart start
12-10 20:54:51.091 32681 32735 W SessionScopedProviderInitializer: Initialize com.instagram.screentime.IgScreenTimeSyncListenerStart end
12-10 20:54:51.091 32681 32735 W SessionScopedProviderInitializer: Initialize com.instagram.debug.image.sessionhelper.UserSessionStart start
12-10 20:54:51.091 32681 32735 W SessionScopedProviderInitializer: Initialize com.instagram.debug.image.sessionhelper.UserSessionStart end
12-10 20:54:51.091 32681 32735 W SessionScopedProviderInitializer: Initialize com.instagram.debug.quickexperiment.dumper.QuickExperimentDumperPlugin.UserSessionListener start
12-10 20:54:51.091 32681 32735 W SessionScopedProviderInitializer: Initialize com.instagram.debug.quickexperiment.dumper.QuickExperimentDumperPlugin.UserSessionListener end
12-10 20:54:51.091 32681 32735 W SessionScopedProviderInitializer: Initialize com.instagram.direct.mutation.util.DirectMutationUserSessionStartListener start
12-10 20:54:51.091 32681 32735 W SessionScopedProviderInitializer: Initialize com.instagram.direct.mutation.util.DirectMutationUserSessionStartListener end
12-10 20:54:51.091 32681 32735 W SessionScopedProviderInitializer: Initialize com.instagram.presence.dgw.IgPresenceDgwListener.UserSessionStart start
12-10 20:54:51.091 32681 32735 W SessionScopedProviderInitializer: Initialize com.instagram.presence.dgw.IgPresenceDgwListener.UserSessionStart end
12-10 20:54:51.091 32681 32735 W SessionScopedProviderInitializer: Initialize com.instagram.rtc.dgw.IGRTCDGWStartupService start
12-10 20:54:51.092 32681 32735 W SessionScopedProviderInitializer: Initialize com.instagram.rtc.dgw.IGRTCDGWStartupService end
12-10 20:54:51.092 32681 32735 W SessionScopedProviderInitializer: Initialize com.instagram.direct.initialization.DirectUserScopedInitializerUserSessionStart start
12-10 20:54:51.092 32681 32735 W DirectUserScopedInitializerUserSessionStart: onUserSessionStart, isColdStart: true
12-10 20:54:51.096 32681 32736 W SessionScopedProviderInitializer: Initialize com.instagram.crossposting.noticestate.manager.UserSessionStart end
12-10 20:54:51.096 32681 32736 W SessionScopedProviderInitializer: Initialize com.instagram.direct.msys.bugreporter.UserSessionStart start
12-10 20:54:51.096 32681 32736 W SessionScopedProviderInitializer: Initialize com.instagram.direct.msys.bugreporter.UserSessionStart end
12-10 20:54:51.096 32681 32736 W SessionScopedProviderInitializer: Initialize com.instagram.emergencypush.EmergencyPushPeriodicFetchWorkerInitializer start
12-10 20:54:51.100 32681 32734 W SessionScopedProviderInitializer: Initialize com.instagram.wellbeing.timespent.listeners.InstagramTimeSpentManagerInitializer end
12-10 20:54:51.100 32681 32734 W SessionScopedProviderInitializer: Initialize com.instagram.fbpay.config.UserSessionStart start
12-10 20:54:51.101 32681 32734 W SessionScopedProviderInitializer: Initialize com.instagram.fbpay.config.UserSessionStart end
12-10 20:54:51.101 32681 32734 W SessionScopedProviderInitializer: Initialize com.instagram.fbpay.ptt.pttmanagerprovider.UserSessionStart start
12-10 20:54:51.101 32681   401 W AudioCapabilities: Unsupported mime audio/x-ape
12-10 20:54:51.102 32681 32736 W SessionScopedProviderInitializer: Initialize com.instagram.emergencypush.EmergencyPushPeriodicFetchWorkerInitializer end
12-10 20:54:51.102 32681 32736 W SessionScopedProviderInitializer: Initialize com.instagram.fbpay.w3c.jobs.StartKeyMigrationJob start
12-10 20:54:51.102 32681   401 W AudioCapabilities: Unsupported mime audio/x-ima
12-10 20:54:51.102 32681   401 W AudioCapabilities: Unsupported mime audio/mpeg-L1
12-10 20:54:51.102 32681   401 W AudioCapabilities: Unsupported mime audio/mpeg-L2
12-10 20:54:51.102 32681   401 W VideoCapabilities: Unsupported mime video/mp43
12-10 20:54:51.104 32681   401 W VideoCapabilities: Unsupported mime video/wvc1
12-10 20:54:51.104 32681   401 W VideoCapabilities: Unsupported mime video/x-ms-wmv
12-10 20:54:51.104 32681   401 W AudioCapabilities: Unsupported mime audio/x-ms-wma
12-10 20:54:51.104 32681   401 W VideoCapabilities: Unsupported mime video/x-ms-wmv7
12-10 20:54:51.104 32681   401 W VideoCapabilities: Unsupported mime video/x-ms-wmv8
12-10 20:54:51.111 32681 32736 W SessionScopedProviderInitializer: Initialize com.instagram.fbpay.w3c.jobs.StartKeyMigrationJob end
12-10 20:54:51.111 32681 32736 W SessionScopedProviderInitializer: Initialize com.instagram.fbpay.w3c.jobs.UserSessionStart start
12-10 20:54:51.112 32681 32734 W SessionScopedProviderInitializer: Initialize com.instagram.fbpay.ptt.pttmanagerprovider.UserSessionStart end
12-10 20:54:51.112 32681 32734 W SessionScopedProviderInitializer: Initialize com.instagram.fileregistry.impl.UserSessionStart start
12-10 20:54:51.112 32681 32734 W SessionScopedProviderInitializer: Initialize com.instagram.fileregistry.impl.UserSessionStart end
12-10 20:54:51.112 32681 32734 W SessionScopedProviderInitializer: Initialize com.instagram.firstpartyinstalltracker.UserSessionStart start
12-10 20:54:51.112 32681 32734 W SessionScopedProviderInitializer: Initialize com.instagram.firstpartyinstalltracker.UserSessionStart end
12-10 20:54:51.112 32681 32734 W SessionScopedProviderInitializer: Initialize com.instagram.fx.helper.companyidentityswitcher.prefetch.SwitcherFetchFBNTAEligibilitySessionStartUtil start
12-10 20:54:51.112 32681 32734 W SessionScopedProviderInitializer: Initialize com.instagram.fx.helper.companyidentityswitcher.prefetch.SwitcherFetchFBNTAEligibilitySessionStartUtil end
12-10 20:54:51.112 32681 32734 W SessionScopedProviderInitializer: Initialize com.instagram.fx.helper.companyidentityswitcher.prefetch.SwitcherFetchImpressionCapListSessionStartUtil start
12-10 20:54:51.112 32681 32734 W SessionScopedProviderInitializer: Initialize com.instagram.fx.helper.companyidentityswitcher.prefetch.SwitcherFetchImpressionCapListSessionStartUtil end
12-10 20:54:51.112 32681 32734 W SessionScopedProviderInitializer: Initialize com.instagram.fxcache.cache.onsessionstart.FxIgOnSessionStartUtil start
12-10 20:54:51.112 32681 32734 W SessionScopedProviderInitializer: Initialize com.instagram.fxcache.cache.onsessionstart.FxIgOnSessionStartUtil end
12-10 20:54:51.112 32681 32734 W SessionScopedProviderInitializer: Initialize com.instagram.inappbrowser.launcher.clickidhelper.UserSessionStart start
12-10 20:54:51.112 32681 32734 W SessionScopedProviderInitializer: Initialize com.instagram.inappbrowser.launcher.clickidhelper.UserSessionStart end
12-10 20:54:51.112 32681 32734 W SessionScopedProviderInitializer: Initialize com.instagram.jobscheduler.bgfetch.scheduler.IgBgFetchConfigOnUserSessionStart start
12-10 20:54:51.112 32681 32734 W SessionScopedProviderInitializer: Initialize com.instagram.jobscheduler.bgfetch.scheduler.IgBgFetchConfigOnUserSessionStart end
12-10 20:54:51.112 32681 32734 W SessionScopedProviderInitializer: Initialize com.instagram.jobscheduler.bgfetch.scheduler.UserSessionStart start
12-10 20:54:51.112 32681 32734 W SessionScopedProviderInitializer: Initialize com.instagram.jobscheduler.bgfetch.scheduler.UserSessionStart end
12-10 20:54:51.112 32681 32734 W SessionScopedProviderInitializer: Initialize com.instagram.launcherbadges.UserSessionStart start
12-10 20:54:51.113 32681 32734 W SessionScopedProviderInitializer: Initialize com.instagram.launcherbadges.UserSessionStart end
12-10 20:54:51.113 32681 32734 W SessionScopedProviderInitializer: Initialize com.instagram.memory.mediauploadobserver.MediaUploadObserver.UserSessionStart start
12-10 20:54:51.113 32681 32734 W SessionScopedProviderInitializer: Initialize com.instagram.memory.mediauploadobserver.MediaUploadObserver.UserSessionStart end
12-10 20:54:51.113 32681 32734 W SessionScopedProviderInitializer: Initialize com.instagram.messagingconnectivitylogger.appjobdelegate.MCLAppJobDelegate.UserSessionStart start
12-10 20:54:51.113 32681 32734 W SessionScopedProviderInitializer: Initialize com.instagram.messagingconnectivitylogger.appjobdelegate.MCLAppJobDelegate.UserSessionStart end
12-10 20:54:51.113 32681 32734 W SessionScopedProviderInitializer: Initialize com.instagram.ml.remotepresence.start.UserSessionStart start
12-10 20:54:51.113 32681 32734 W SessionScopedProviderInitializer: Initialize com.instagram.ml.remotepresence.start.UserSessionStart end
12-10 20:54:51.113 32681 32734 W SessionScopedProviderInitializer: Initialize com.instagram.odml.p13n.PersonalizationManager.UserSessionStart start
12-10 20:54:51.113 32681 32734 W SessionScopedProviderInitializer: Initialize com.instagram.odml.p13n.PersonalizationManager.UserSessionStart end
12-10 20:54:51.113 32681 32734 W SessionScopedProviderInitializer: Initialize com.instagram.ondevicetech.ondeviceapphistory.UserSessionStart start
12-10 20:54:51.113 32681 32734 W SessionScopedProviderInitializer: Initialize com.instagram.ondevicetech.ondeviceapphistory.UserSessionStart end
12-10 20:54:51.113 32681 32734 W SessionScopedProviderInitializer: Initialize com.instagram.ondevicetech.ondeviceapphistorytopspendapps.UserSessionStart start
12-10 20:54:51.113 32681 32734 W SessionScopedProviderInitializer: Initialize com.instagram.ondevicetech.ondeviceapphistorytopspendapps.UserSessionStart end
12-10 20:54:51.113 32681 32734 W SessionScopedProviderInitializer: Initialize com.instagram.partneranalytics.igfamilyappinstallations.IGFamilyAppInstallationsLogWorkerInitializer start
12-10 20:54:51.113 32681 32734 W SessionScopedProviderInitializer: Initialize com.instagram.partneranalytics.igfamilyappinstallations.IGFamilyAppInstallationsLogWorkerInitializer end
12-10 20:54:51.113 32681 32734 W SessionScopedProviderInitializer: Initialize com.instagram.partneranalytics.igfamilyapplastusedstates.IGFamilyAppLastUsedStatesLogWorkerInitializer start
12-10 20:54:51.113 32681 32734 W SessionScopedProviderInitializer: Initialize com.instagram.partneranalytics.igfamilyapplastusedstates.IGFamilyAppLastUsedStatesLogWorkerInitializer end
12-10 20:54:51.113 32681 32734 W SessionScopedProviderInitializer: Initialize com.instagram.partneranalytics.simcarrier.SimCarrierInfoLogWorkerInitializer start
12-10 20:54:51.113 32681 32734 W SessionScopedProviderInitializer: Initialize com.instagram.partneranalytics.simcarrier.SimCarrierInfoLogWorkerInitializer end
12-10 20:54:51.113 32681 32734 W SessionScopedProviderInitializer: Initialize com.instagram.pendingmedia.service.initializer.PendingMediaStoreInitializer start
12-10 20:54:51.113 32681 32734 W SessionScopedProviderInitializer: Initialize com.instagram.pendingmedia.service.initializer.PendingMediaStoreInitializer end
12-10 20:54:51.113 32681 32734 W SessionScopedProviderInitializer: Initialize com.instagram.perf.sampling.UserSessionStart start
12-10 20:54:51.113 32681 32734 W SessionScopedProviderInitializer: Initialize com.instagram.perf.sampling.UserSessionStart end
12-10 20:54:51.113 32681 32734 W SessionScopedProviderInitializer: Initialize com.instagram.periodicreporter.UserSessionStart start
12-10 20:54:51.114 32681 32734 W SessionScopedProviderInitializer: Initialize com.instagram.periodicreporter.UserSessionStart end
12-10 20:54:51.114 32681 32734 W SessionScopedProviderInitializer: Initialize com.instagram.realtime.requeststream.PulsarScheduler start
12-10 20:54:51.114 32681 32734 W SessionScopedProviderInitializer: Initialize com.instagram.realtime.requeststream.PulsarScheduler end
12-10 20:54:51.114 32681 32734 W SessionScopedProviderInitializer: Initialize com.instagram.redex.dynamicanalysis.IgDynamicAnalysisUserSessionStart start
12-10 20:54:51.114 32681 32734 W SessionScopedProviderInitializer: Initialize com.instagram.redex.dynamicanalysis.IgDynamicAnalysisUserSessionStart end
12-10 20:54:51.114 32681 32734 W SessionScopedProviderInitializer: Initialize com.instagram.reels.network.realtime.UserSessionStart start
12-10 20:54:51.114 32681 32734 W SessionScopedProviderInitializer: Initialize com.instagram.reels.network.realtime.UserSessionStart end
12-10 20:54:51.114 32681 32734 W SessionScopedProviderInitializer: Initialize com.instagram.reliability.experiments.ReliabilityExperimentInitializer start
12-10 20:54:51.114 32681 32734 W SessionScopedProviderInitializer: Initialize com.instagram.reliability.experiments.ReliabilityExperimentInitializer end
12-10 20:54:51.114 32681 32734 W SessionScopedProviderInitializer: Initialize com.instagram.reliablemedia.UserSessionStart start
12-10 20:54:51.115 32681 32734 W SessionScopedProviderInitializer: Initialize com.instagram.reliablemedia.UserSessionStart end
12-10 20:54:51.115 32681 32736 W SessionScopedProviderInitializer: Initialize com.instagram.fbpay.w3c.jobs.UserSessionStart end
12-10 20:54:51.115 32681 32736 W SessionScopedProviderInitializer: Initialize com.instagram.service.tigon.interceptors.zerorewritenative.UserRewriteDataOnUserSessionStart start
12-10 20:54:51.115 32681 32734 W SessionScopedProviderInitializer: Initialize com.instagram.rtc.impl.UserSessionStart start
12-10 20:54:51.115 32681 32734 W SessionScopedProviderInitializer: Initialize com.instagram.rtc.impl.UserSessionStart end
12-10 20:54:51.115 32681 32734 W SessionScopedProviderInitializer: Initialize com.instagram.settings2.core.services.Settings2ServiceInitializer start
12-10 20:54:51.115 32681 32734 W SessionScopedProviderInitializer: Initialize com.instagram.settings2.core.services.Settings2ServiceInitializer end
12-10 20:54:51.115 32681 32734 W SessionScopedProviderInitializer: Initialize com.instagram.shopping.analytics.shopsbau.IGShopsBAU.IGShopsBAUInitializerProvider start
12-10 20:54:51.115 32681 32736 W SessionScopedProviderInitializer: Initialize com.instagram.service.tigon.interceptors.zerorewritenative.UserRewriteDataOnUserSessionStart end
12-10 20:54:51.115 32681 32736 W SessionScopedProviderInitializer: Initialize com.instagram.shortcuts.init.ShortcutsInitializer start
12-10 20:54:51.115 32681 32736 W SessionScopedProviderInitializer: Initialize com.instagram.shortcuts.init.ShortcutsInitializer end
12-10 20:54:51.115 32681 32736 W SessionScopedProviderInitializer: Initialize com.instagram.sponsored.asyncads.logging.qpl.UserSessionStart start
12-10 20:54:51.115 32681 32736 W SessionScopedProviderInitializer: Initialize com.instagram.sponsored.asyncads.logging.qpl.UserSessionStart end
12-10 20:54:51.115 32681 32736 W SessionScopedProviderInitializer: Initialize com.instagram.sponsored.asyncads.ondevicesignals.OnDeviceSignalKnotsEventListener.UserSessionStart start
12-10 20:54:51.115 32681 32736 W SessionScopedProviderInitializer: Initialize com.instagram.sponsored.asyncads.ondevicesignals.OnDeviceSignalKnotsEventListener.UserSessionStart end
12-10 20:54:51.115 32681 32736 W SessionScopedProviderInitializer: Initialize com.instagram.sponsored.asyncads.requestpathsignals.sessionlevelsignals.sessiontime.SessionTimeTrackerStarting start
12-10 20:54:51.116 32681 32736 W SessionScopedProviderInitializer: Initialize com.instagram.sponsored.asyncads.requestpathsignals.sessionlevelsignals.sessiontime.SessionTimeTrackerStarting end
12-10 20:54:51.116 32681 32736 W SessionScopedProviderInitializer: Initialize com.instagram.supervision.data.SupervisionUserSessionStart start
12-10 20:54:51.116 32681 32734 W SessionScopedProviderInitializer: Initialize com.instagram.shopping.analytics.shopsbau.IGShopsBAU.IGShopsBAUInitializerProvider end
12-10 20:54:51.116 32681 32736 W SessionScopedProviderInitializer: Initialize com.instagram.supervision.data.SupervisionUserSessionStart end
12-10 20:54:51.116 32681 32736 W SessionScopedProviderInitializer: Initialize com.instagram.traffic.nts.iglib.IGTrafficNTSUserSessionStarting start
12-10 20:54:51.116 32681 32736 W SessionScopedProviderInitializer: Initialize com.instagram.traffic.nts.iglib.IGTrafficNTSUserSessionStarting end
12-10 20:54:51.116 32681 32736 W SessionScopedProviderInitializer: Initialize com.instagram.trust.noncemanager.jobs.IGNonceManagerJob start
12-10 20:54:51.116 32681 32736 W SessionScopedProviderInitializer: Initialize com.instagram.trust.noncemanager.jobs.IGNonceManagerJob end
12-10 20:54:51.116 32681 32736 W SessionScopedProviderInitializer: Initialize com.instagram.trusteddevice.registration.jobs.StartTrustedDeviceAppJob start
12-10 20:54:51.116 32681 32736 W SessionScopedProviderInitializer: Initialize com.instagram.trusteddevice.registration.jobs.StartTrustedDeviceAppJob end
12-10 20:54:51.116 32681 32736 W SessionScopedProviderInitializer: Initialize com.instagram.util.startup.tracking.trigger.StartupManagerHook start
12-10 20:54:51.116 32681 32736 W SessionScopedProviderInitializer: Initialize com.instagram.util.startup.tracking.trigger.StartupManagerHook end
12-10 20:54:51.116 32681 32736 W SessionScopedProviderInitializer: Initialize com.instagram.util.startup.transitions.EnableColdStartTransitionsTask start
12-10 20:54:51.116 32681 32736 W SessionScopedProviderInitializer: Initialize com.instagram.util.startup.transitions.EnableColdStartTransitionsTask end
12-10 20:54:51.116 32681 32736 W SessionScopedProviderInitializer: Initialize com.instagram.wearable.warp.impl.WarpIgPluginManagerImpl.UserSessionStartListener start
12-10 20:54:51.117 32681 32736 W SessionScopedProviderInitializer: Initialize com.instagram.wearable.warp.impl.WarpIgPluginManagerImpl.UserSessionStartListener end
12-10 20:54:51.117 32681 32736 W SessionScopedProviderInitializer: Initialize com.instagram.wellbeing.privacyflow.util.PrivacyFlowHelper start
12-10 20:54:51.117 32681 32734 W SessionScopedProviderInitializer: Initialize com.instagram.wellbeing.timeinapp.instrumentation.IgTimeInAppActivityListenerStatic start
12-10 20:54:51.117 32681 32736 W SessionScopedProviderInitializer: Initialize com.instagram.wellbeing.privacyflow.util.PrivacyFlowHelper end
12-10 20:54:51.117 32681 32736 W SessionScopedProviderInitializer: Initialize com.instagram.wellbeing.timespent.provider.QuietTimeUserSessionStart start
12-10 20:54:51.117 32681 32736 W SessionScopedProviderInitializer: Initialize com.instagram.wellbeing.timespent.provider.QuietTimeUserSessionStart end
12-10 20:54:51.117 32681 32736 W SessionScopedProviderInitializer: Initialize com.instagram.wellbeing.timespent.provider.ScreenTimeUserSessionStart start
12-10 20:54:51.117 32681 32736 W SessionScopedProviderInitializer: Initialize com.instagram.wellbeing.timespent.provider.ScreenTimeUserSessionStart end
12-10 20:54:51.117 32681 32736 W SessionScopedProviderInitializer: Initialize X.8lR start
12-10 20:54:51.117 32681 32736 W SessionScopedProviderInitializer: Initialize X.8lR end
12-10 20:54:51.117 32681 32736 W SessionScopedProviderInitializer: Initialize X.Vr6 start
12-10 20:54:51.118 32681 32736 W SessionScopedProviderInitializer: Initialize X.Vr6 end
12-10 20:54:51.118 32681 32736 W SessionScopedProviderInitializer: Initialize X.Vr7 start
12-10 20:54:51.118 32681 32736 W SessionScopedProviderInitializer: Initialize X.Vr7 end
12-10 20:54:51.118 32681 32736 W SessionScopedProviderInitializer: Initialize X.7gk start
12-10 20:54:51.118 32681 32734 W SessionScopedProviderInitializer: Initialize com.instagram.wellbeing.timeinapp.instrumentation.IgTimeInAppActivityListenerStatic end
12-10 20:54:51.118 32681 32736 W SessionScopedProviderInitializer: Initialize X.7gk end
12-10 20:54:51.118 32681 32736 W SessionScopedProviderInitializer: Initialize X.Vrs start
12-10 20:54:51.118 32681 32734 W SessionScopedProviderInitializer: Initialize X.Vrr start
12-10 20:54:51.118 32681 32736 W SessionScopedProviderInitializer: Initialize X.Vrs end
12-10 20:54:51.118 32681 32736 W SessionScopedProviderInitializer: Initialize X.VsU start
12-10 20:54:51.119 32681 32734 W SessionScopedProviderInitializer: Initialize X.Vrr end
12-10 20:54:51.119 32681 32736 W SessionScopedProviderInitializer: Initialize X.VsU end
12-10 20:54:51.119 32681 32736 W SessionScopedProviderInitializer: Initialize X.VtW start
12-10 20:54:51.119 32681 32734 W SessionScopedProviderInitializer: Initialize instagram.features.direct.stella.impl.DirectStellaPluginImpl.UserSessionStart start
12-10 20:54:51.119 32681 32734 W DirectStellaPluginImpl: Stella starting new user session, registering call and contact change listeners
12-10 20:54:51.119 32681 32736 W SessionScopedProviderInitializer: Initialize X.VtW end
12-10 20:54:51.119 32681 32736 W SessionScopedProviderInitializer: Initialize X.Vtd start
12-10 20:54:51.119 32681 32734 W StellaCallStateDispatcher: registerListeners with session as null: false
12-10 20:54:51.119 32681 32734 W DirectContactChangeObserver: registerListeners with session as null: false
12-10 20:54:51.119 32681 32734 W SessionScopedProviderInitializer: Initialize instagram.features.direct.stella.impl.DirectStellaPluginImpl.UserSessionStart end
12-10 20:54:51.119 32681 32734 W SessionScopedProviderInitializer: Initialize com.instagram.profilo.IgProfiloSessionManager start
12-10 20:54:51.119 32681 32734 W SessionScopedProviderInitializer: Initialize com.instagram.profilo.IgProfiloSessionManager end
12-10 20:54:51.119 32681 32736 W SessionScopedProviderInitializer: Initialize X.Vtd end
12-10 20:54:51.124 32681 32735 W SessionScopedProviderInitializer: Initialize com.instagram.direct.initialization.DirectUserScopedInitializerUserSessionStart end
12-10 20:54:51.124 32681 32739 E PendingMediaStoreSerializer: deserialize start
12-10 20:54:51.124 32681 32739 E PendingMediaStoreSerializer: start reading pending media
12-10 20:54:51.125 32681 32739 E PendingMediaStoreSerializer: Set the submedia on albums
12-10 20:54:51.125 32681 32739 E PendingMediaStoreSerializer: Set the submedia on post threads
12-10 20:54:51.125 32681 32739 E PendingMediaStoreSerializer: Set the submedia on story templates
12-10 20:54:51.125 32681 32739 E PendingMediaStoreSerializer: deserialize is done. start calling callbacks
12-10 20:54:51.125 32681 32739 E PendingMediaStoreSerializer: deserialize end
12-10 20:54:51.125 32681 32681 E PendingMediaStoreSerializer: wait for deserialization lock
12-10 20:54:51.125 32681 32681 E PendingMediaStoreSerializer: calling callbacks
12-10 20:54:51.126 32681 32721 E lacrima : Could not read property file critical_unexplained_app_death_early_prop.txt
12-10 20:54:51.132 32681 32739 W MDCLLight: Failed to load class from parent: libraries.zero.time.MillisecsSinceBootSerializer
12-10 20:54:51.132 32681 32739 W MDCLLight: java.lang.ClassNotFoundException: libraries.zero.time.MillisecsSinceBootSerializer
12-10 20:54:51.132 32681 32739 W MDCLLight: 	at java.lang.Class.classForName(Native Method)
12-10 20:54:51.132 32681 32739 W MDCLLight: 	at java.lang.BootClassLoader.findClass(ClassLoader.java:1366)
12-10 20:54:51.132 32681 32739 W MDCLLight: 	at java.lang.BootClassLoader.loadClass(ClassLoader.java:1426)
12-10 20:54:51.132 32681 32739 W MDCLLight: 	at java.lang.ClassLoader.loadClass(ClassLoader.java:312)
12-10 20:54:51.132 32681 32739 W MDCLLight: 	at com.facebook.common.dextricks.MultiDexClassLoaderLight.loadFromParent(:4)
12-10 20:54:51.132 32681 32739 W MDCLLight: 	at com.facebook.common.dextricks.MultiDexClassLoaderLight.loadClass(:6)
12-10 20:54:51.132 32681 32739 W MDCLLight: 	at java.lang.ClassLoader.loadClass(ClassLoader.java:367)
12-10 20:54:51.132 32681 32739 W MDCLLight: 	at java.lang.ClassLoader.loadClass(ClassLoader.java:312)
12-10 20:54:51.132 32681 32739 W MDCLLight: 	at X.71z.deserialize(Unknown Source:35)
12-10 20:54:51.132 32681 32739 W MDCLLight: 	at X.6ap.AkH(:257)
12-10 20:54:51.132 32681 32739 W MDCLLight: 	at X.6ap.AkG(:38)
12-10 20:54:51.132 32681 32739 W MDCLLight: 	at X.6Jv.A07(Unknown Source:13)
12-10 20:54:51.132 32681 32739 W MDCLLight: 	at X.6Jv.A05(Unknown Source:29)
12-10 20:54:51.132 32681 32739 W MDCLLight: 	at X.6Jv.deserialize(Unknown Source:4)
12-10 20:54:51.132 32681 32739 W MDCLLight: 	at X.6ap.AkH(:257)
12-10 20:54:51.132 32681 32739 W MDCLLight: 	at X.5sj.A00(:32)
12-10 20:54:51.132 32681 32739 W MDCLLight: 	at X.Av0.A02(Unknown Source:32)
12-10 20:54:51.132 32681 32739 W MDCLLight: 	at X.AYs.A01(Unknown Source:167)
12-10 20:54:51.132 32681 32739 W MDCLLight: 	at X.AYs.invoke(Unknown Source:79)
12-10 20:54:51.132 32681 32739 W MDCLLight: 	at X.09J.invoke(Unknown Source:44)
12-10 20:54:51.132 32681 32739 W MDCLLight: 	at X.AvI.getValue(Unknown Source:25)
12-10 20:54:51.132 32681 32739 W MDCLLight: 	at X.7Oh.getScopedLazy(Unknown Source:36)
12-10 20:54:51.132 32681 32739 W MDCLLight: 	at com.instagram.common.session.UserSession.getScopedLazy(:56)
12-10 20:54:51.132 32681 32739 W MDCLLight: 	at X.7Oh.A06(Unknown Source:4)
12-10 20:54:51.132 32681 32739 W MDCLLight: 	at com.instagram.zero.cma.IgZeroCampaignRepositoryImpl.<init>(Unknown Source:17)
12-10 20:54:51.132 32681 32739 W MDCLLight: 	at X.9bW.invoke(Unknown Source:377)
12-10 20:54:51.132 32681 32739 W MDCLLight: 	at X.09J.invoke(Unknown Source:44)
12-10 20:54:51.132 32681 32739 W MDCLLight: 	at X.AvI.getValue(Unknown Source:25)
12-10 20:54:51.132 32681 32739 W MDCLLight: 	at X.7Oh.getScopedLazy(Unknown Source:36)
12-10 20:54:51.132 32681 32739 W MDCLLight: 	at com.instagram.common.session.UserSession.getScopedLazy(:56)
12-10 20:54:51.132 32681 32739 W MDCLLight: 	at X.7Oh.A06(Unknown Source:4)
12-10 20:54:51.132 32681 32739 W MDCLLight: 	at X.7nU.A00(Unknown Source:13)
12-10 20:54:51.132 32681 32739 W MDCLLight: 	at X.AYs.invoke(Unknown Source:32)
12-10 20:54:51.132 32681 32739 W MDCLLight: 	at X.09J.invoke(Unknown Source:44)
12-10 20:54:51.132 32681 32739 W MDCLLight: 	at X.AvI.getValue(Unknown Source:25)
12-10 20:54:51.132 32681 32739 W MDCLLight: 	at X.7Oh.getScopedLazy(Unknown Source:36)
12-10 20:54:51.132 32681 32739 W MDCLLight: 	at com.instagram.common.session.UserSession.getScopedLazy(:56)
12-10 20:54:51.132 32681 32739 W MDCLLight: 	at X.7Oh.A06(Unknown Source:4)
12-10 20:54:51.132 32681 32739 W MDCLLight: 	at com.instagram.zero.main.IgZeroMain.<init>(:60)
12-10 20:54:51.132 32681 32739 W MDCLLight: 	at X.AYs.A05(Unknown Source:394)
12-10 20:54:51.132 32681 32739 W MDCLLight: 	at X.AYs.invoke(Unknown Source:7)
12-10 20:54:51.132 32681 32739 W MDCLLight: 	at X.09J.invoke(Unknown Source:44)
12-10 20:54:51.132 32681 32739 W MDCLLight: 	at X.AvI.getValue(Unknown Source:25)
12-10 20:54:51.132 32681 32739 W MDCLLight: 	at X.7Oh.getScopedLazy(Unknown Source:36)
12-10 20:54:51.132 32681 32739 W MDCLLight: 	at com.instagram.common.session.UserSession.getScopedLazy(:56)
12-10 20:54:51.132 32681 32739 W MDCLLight: 	at X.7Oh.A06(Unknown Source:4)
12-10 20:54:51.132 32681 32739 W MDCLLight: 	at X.1G9.invokeSuspend(Unknown Source:69)
12-10 20:54:51.132 32681 32739 W MDCLLight: 	at X.5JD.resumeWith(Unknown Source:15)
12-10 20:54:51.132 32681 32739 W MDCLLight: 	at X.5JH.run(Unknown Source:96)
12-10 20:54:51.132 32681 32739 W MDCLLight: 	at X.9Ws.run(Unknown Source:2)
12-10 20:54:51.132 32681 32739 W MDCLLight: 	at X.1lc.run(:25)
12-10 20:54:51.132 32681 32739 W MDCLLight: 	at X.1lc.run(:25)
12-10 20:54:51.132 32681 32739 W MDCLLight: 	at X.1jy.A00(:110)
12-10 20:54:51.132 32681 32739 W MDCLLight: 	at X.1jy.run(:136)
12-10 20:54:51.132 32681 32739 W MDCLLight: Caused by: java.lang.NoClassDefFoundError: Class not found using the boot class loader; no stack trace available
12-10 20:54:51.132 32681 32739 W MDCLLight: Failed to load class from parent: libraries.zero.capi.DetectedCarrierCacheEntry$Companion
12-10 20:54:51.132 32681 32739 W MDCLLight: java.lang.ClassNotFoundException: libraries.zero.capi.DetectedCarrierCacheEntry$Companion
12-10 20:54:51.132 32681 32739 W MDCLLight: 	at java.lang.Class.classForName(Native Method)
12-10 20:54:51.132 32681 32739 W MDCLLight: 	at java.lang.BootClassLoader.findClass(ClassLoader.java:1366)
12-10 20:54:51.132 32681 32739 W MDCLLight: 	at java.lang.BootClassLoader.loadClass(ClassLoader.java:1426)
12-10 20:54:51.132 32681 32739 W MDCLLight: 	at java.lang.ClassLoader.loadClass(ClassLoader.java:312)
12-10 20:54:51.132 32681 32739 W MDCLLight: 	at com.facebook.common.dextricks.MultiDexClassLoaderLight.loadFromParent(:4)
12-10 20:54:51.132 32681 32739 W MDCLLight: 	at com.facebook.common.dextricks.MultiDexClassLoaderLight.loadClass(:6)
12-10 20:54:51.132 32681 32739 W MDCLLight: 	at java.lang.ClassLoader.loadClass(ClassLoader.java:367)
12-10 20:54:51.132 32681 32739 W MDCLLight: 	at java.lang.ClassLoader.loadClass(ClassLoader.java:312)
12-10 20:54:51.132 32681 32739 W MDCLLight: 	at X.72A.<clinit>(Unknown Source:0)
12-10 20:54:51.132 32681 32739 W MDCLLight: 	at X.71z.deserialize(Unknown Source:63)
12-10 20:54:51.132 32681 32739 W MDCLLight: 	at X.6ap.AkH(:257)
12-10 20:54:51.132 32681 32739 W MDCLLight: 	at X.6ap.AkG(:38)
12-10 20:54:51.132 32681 32739 W MDCLLight: 	at X.6Jv.A07(Unknown Source:13)
12-10 20:54:51.132 32681 32739 W MDCLLight: 	at X.6Jv.A05(Unknown Source:29)
12-10 20:54:51.132 32681 32739 W MDCLLight: 	at X.6Jv.deserialize(Unknown Source:4)
12-10 20:54:51.132 32681 32739 W MDCLLight: 	at X.6ap.AkH(:257)
12-10 20:54:51.132 32681 32739 W MDCLLight: 	at X.5sj.A00(:32)
12-10 20:54:51.132 32681 32739 W MDCLLight: 	at X.Av0.A02(Unknown Source:32)
12-10 20:54:51.132 32681 32739 W MDCLLight: 	at X.AYs.A01(Unknown Source:167)
12-10 20:54:51.132 32681 32739 W MDCLLight: 	at X.AYs.invoke(Unknown Source:79)
12-10 20:54:51.132 32681 32739 W MDCLLight: 	at X.09J.invoke(Unknown Source:44)
12-10 20:54:51.132 32681 32739 W MDCLLight: 	at X.AvI.getValue(Unknown Source:25)
12-10 20:54:51.132 32681 32739 W MDCLLight: 	at X.7Oh.getScopedLazy(Unknown Source:36)
12-10 20:54:51.132 32681 32739 W MDCLLight: 	at com.instagram.common.session.UserSession.getScopedLazy(:56)
12-10 20:54:51.132 32681 32739 W MDCLLight: 	at X.7Oh.A06(Unknown Source:4)
12-10 20:54:51.132 32681 32739 W MDCLLight: 	at com.instagram.zero.cma.IgZeroCampaignRepositoryImpl.<init>(Unknown Source:17)
12-10 20:54:51.132 32681 32739 W MDCLLight: 	at X.9bW.invoke(Unknown Source:377)
12-10 20:54:51.132 32681 32739 W MDCLLight: 	at X.09J.invoke(Unknown Source:44)
12-10 20:54:51.132 32681 32739 W MDCLLight: 	at X.AvI.getValue(Unknown Source:25)
12-10 20:54:51.132 32681 32739 W MDCLLight: 	at X.7Oh.getScopedLazy(Unknown Source:36)
12-10 20:54:51.132 32681 32739 W MDCLLight: 	at com.instagram.common.session.UserSession.getScopedLazy(:56)
12-10 20:54:51.132 32681 32739 W MDCLLight: 	at X.7Oh.A06(Unknown Source:4)
12-10 20:54:51.132 32681 32739 W MDCLLight: 	at X.7nU.A00(Unknown Source:13)
12-10 20:54:51.132 32681 32739 W MDCLLight: 	at X.AYs.invoke(Unknown Source:32)
12-10 20:54:51.132 32681 32739 W MDCLLight: 	at X.09J.invoke(Unknown Source:44)
12-10 20:54:51.132 32681 32739 W MDCLLight: 	at X.AvI.getValue(Unknown Source:25)
12-10 20:54:51.132 32681 32739 W MDCLLight: 	at X.7Oh.getScopedLazy(Unknown Source:36)
12-10 20:54:51.132 32681 32739 W MDCLLight: 	at com.instagram.common.session.UserSession.getScopedLazy(:56)
12-10 20:54:51.132 32681 32739 W MDCLLight: 	at X.7Oh.A06(Unknown Source:4)
12-10 20:54:51.132 32681 32739 W MDCLLight: 	at com.instagram.zero.main.IgZeroMain.<init>(:60)
12-10 20:54:51.132 32681 32739 W MDCLLight: 	at X.AYs.A05(Unknown Source:394)
12-10 20:54:51.132 32681 32739 W MDCLLight: 	at X.AYs.invoke(Unknown Source:7)
12-10 20:54:51.132 32681 32739 W MDCLLight: 	at X.09J.invoke(Unknown Source:44)
12-10 20:54:51.132 32681 32739 W MDCLLight: 	at X.AvI.getValue(Unknown Source:25)
12-10 20:54:51.132 32681 32739 W MDCLLight: 	at X.7Oh.getScopedLazy(Unknown Source:36)
12-10 20:54:51.132 32681 32739 W MDCLLight: 	at com.instagram.common.session.UserSession.getScopedLazy(:56)
12-10 20:54:51.132 32681 32739 W MDCLLight: 	at X.7Oh.A06(Unknown Source:4)
12-10 20:54:51.132 32681 32739 W MDCLLight: 	at X.1G9.invokeSuspend(Unknown Source:69)
12-10 20:54:51.132 32681 32739 W MDCLLight: 	at X.5JD.resumeWith(Unknown Source:15)
12-10 20:54:51.132 32681 32739 W MDCLLight: 	at X.5JH.run(Unknown Source:96)
12-10 20:54:51.132 32681 32739 W MDCLLight: 	at X.9Ws.run(Unknown Source:2)
12-10 20:54:51.132 32681 32739 W MDCLLight: 	at X.1lc.run(:25)
12-10 20:54:51.132 32681 32739 W MDCLLight: 	at X.1lc.run(:25)
12-10 20:54:51.132 32681 32739 W MDCLLight: 	at X.1jy.A00(:110)
12-10 20:54:51.132 32681 32739 W MDCLLight: 	at X.1jy.run(:136)
12-10 20:54:51.132 32681 32739 W MDCLLight: Caused by: java.lang.NoClassDefFoundError: Class not found using the boot class loader; no stack trace available
12-10 20:54:51.133 32681 32737 W MDCLLight: Failed to load class from parent: libraries.zero.capi.ZeroNetworkDetection$createExceptionHandler$$inlined$CoroutineExceptionHandler$1
12-10 20:54:51.133 32681 32737 W MDCLLight: java.lang.ClassNotFoundException: libraries.zero.capi.ZeroNetworkDetection$createExceptionHandler$$inlined$CoroutineExceptionHandler$1
12-10 20:54:51.133 32681 32737 W MDCLLight: 	at java.lang.Class.classForName(Native Method)
12-10 20:54:51.133 32681 32737 W MDCLLight: 	at java.lang.BootClassLoader.findClass(ClassLoader.java:1366)
12-10 20:54:51.133 32681 32737 W MDCLLight: 	at java.lang.BootClassLoader.loadClass(ClassLoader.java:1426)
12-10 20:54:51.133 32681 32737 W MDCLLight: 	at java.lang.ClassLoader.loadClass(ClassLoader.java:312)
12-10 20:54:51.133 32681 32737 W MDCLLight: 	at com.facebook.common.dextricks.MultiDexClassLoaderLight.loadFromParent(:4)
12-10 20:54:51.133 32681 32737 W MDCLLight: 	at com.facebook.common.dextricks.MultiDexClassLoaderLight.loadClass(:6)
12-10 20:54:51.133 32681 32737 W MDCLLight: 	at java.lang.ClassLoader.loadClass(ClassLoader.java:367)
12-10 20:54:51.133 32681 32737 W MDCLLight: 	at java.lang.ClassLoader.loadClass(ClassLoader.java:312)
12-10 20:54:51.133 32681 32737 W MDCLLight: 	at X.AWO.A04(Unknown Source:47)
12-10 20:54:51.133 32681 32737 W MDCLLight: 	at X.AWO.A00(Unknown Source:1029)
12-10 20:54:51.133 32681 32737 W MDCLLight: 	at X.AWO.invokeSuspend(Unknown Source:9)
12-10 20:54:51.133 32681 32737 W MDCLLight: 	at X.AWO.invoke(Unknown Source:23)
12-10 20:54:51.133 32681 32737 W MDCLLight: 	at X.79A.A05(Unknown Source:2)
12-10 20:54:51.133 32681 32737 W MDCLLight: 	at X.9el.A00(Unknown Source:1260)
12-10 20:54:51.133 32681 32737 W MDCLLight: 	at X.9el.invokeSuspend(Unknown Source:9)
12-10 20:54:51.133 32681 32737 W MDCLLight: 	at X.5JD.resumeWith(Unknown Source:15)
12-10 20:54:51.133 32681 32737 W MDCLLight: 	at X.5JH.run(Unknown Source:96)
12-10 20:54:51.133 32681 32737 W MDCLLight: 	at X.9Ws.run(Unknown Source:2)
12-10 20:54:51.133 32681 32737 W MDCLLight: 	at X.1lc.run(:25)
12-10 20:54:51.133 32681 32737 W MDCLLight: 	at X.1lc.run(:25)
12-10 20:54:51.133 32681 32737 W MDCLLight: 	at X.1jy.A00(:110)
12-10 20:54:51.133 32681 32737 W MDCLLight: 	at X.1jy.run(:136)
12-10 20:54:51.133 32681 32737 W MDCLLight: Caused by: java.lang.NoClassDefFoundError: Class not found using the boot class loader; no stack trace available
12-10 20:54:51.133 32681 32737 D ConnectivityManager: StackLog: [android.net.ConnectivityManager.sendRequestForNetwork(ConnectivityManager.java:4300)] [android.net.ConnectivityManager.registerDefaultNetworkCallbackForUid(ConnectivityManager.java:4864)] [android.net.ConnectivityManager.registerDefaultNetworkCallback(ConnectivityManager.java:4831)] [X.AWO.A04(Unknown Source:59)] [X.AWO.A00(Unknown Source:1029)] [X.AWO.invokeSuspend(Unknown Source:9)] [X.AWO.invoke(Unknown Source:23)] [X.79A.A05(Unknown Source:2)] [X.9el.A00(Unknown Source:1260)] [X.9el.invokeSuspend(Unknown Source:9)] [X.5JD.resumeWith(Unknown Source:15)] [X.5JH.run(Unknown Source:96)] [X.9Ws.run(Unknown Source:2)] [X.1lc.run(:25)] [X.1lc.run(:25)] [X.1jy.A00(:110)] [X.1jy.run(:136)]
12-10 20:54:51.139 32681   409 D CompatibilityChangeReporter: Compat change id reported: 160794467; UID 10381; state: ENABLED
12-10 20:54:51.139   399   359 W fb-breakpad: Failed to ptrace attach, errno:3
12-10 20:54:51.139   399   359 W fb-breakpad: Failed to ptrace attach, errno:3
12-10 20:54:51.144 32681   409 D CompatibilityChangeReporter: Compat change id reported: 194532703; UID 10381; state: ENABLED
12-10 20:54:51.848   399   359 W fb-breakpad: Finish writing minidump for crashing thread: 359.
12-10 20:54:51.871 32681 32739 W NotificationChannelsHelper: Deleting ALL conversation channels
12-10 20:54:51.883 32681   430 W MDCLLight: Failed to load class from parent: android.text.EmojiConsistency
12-10 20:54:51.883 32681   430 W MDCLLight: java.lang.ClassNotFoundException: android.text.EmojiConsistency
12-10 20:54:51.883 32681   430 W MDCLLight: 	at java.lang.Class.classForName(Native Method)
12-10 20:54:51.883 32681   430 W MDCLLight: 	at java.lang.BootClassLoader.findClass(ClassLoader.java:1366)
12-10 20:54:51.883 32681   430 W MDCLLight: 	at java.lang.BootClassLoader.loadClass(ClassLoader.java:1426)
12-10 20:54:51.883 32681   430 W MDCLLight: 	at java.lang.ClassLoader.loadClass(ClassLoader.java:312)
12-10 20:54:51.883 32681   430 W MDCLLight: 	at com.facebook.common.dextricks.MultiDexClassLoaderLight.loadFromParent(:4)
12-10 20:54:51.883 32681   430 W MDCLLight: 	at com.facebook.common.dextricks.MultiDexClassLoaderLight.loadClass(:6)
12-10 20:54:51.883 32681   430 W MDCLLight: 	at java.lang.ClassLoader.loadClass(ClassLoader.java:367)
12-10 20:54:51.883 32681   430 W MDCLLight: 	at java.lang.ClassLoader.loadClass(ClassLoader.java:312)
12-10 20:54:51.883 32681   430 W MDCLLight: 	at java.lang.Class.classForName(Native Method)
12-10 20:54:51.883 32681   430 W MDCLLight: 	at java.lang.Class.forName(Class.java:454)
12-10 20:54:51.883 32681   430 W MDCLLight: 	at java.lang.Class.forName(Class.java:379)
12-10 20:54:51.883 32681   430 W MDCLLight: 	at X.0a2.A00(:2)
12-10 20:54:51.883 32681   430 W MDCLLight: 	at X.0a3.A00(:11)
12-10 20:54:51.883 32681   430 W MDCLLight: 	at X.0Zh.A00(:12)
12-10 20:54:51.883 32681   430 W MDCLLight: 	at X.0Zw.A00(:2)
12-10 20:54:51.883 32681   430 W MDCLLight: 	at X.0aI.A02(:98)
12-10 20:54:51.883 32681   430 W MDCLLight: 	at X.0aF.run(:2)
12-10 20:54:51.883 32681   430 W MDCLLight: 	at java.util.concurrent.ThreadPoolExecutor.runWorker(ThreadPoolExecutor.java:1137)
12-10 20:54:51.883 32681   430 W MDCLLight: 	at java.util.concurrent.ThreadPoolExecutor$Worker.run(ThreadPoolExecutor.java:637)
12-10 20:54:51.883 32681   430 W MDCLLight: 	at java.lang.Thread.run(Thread.java:1012)
12-10 20:54:51.883 32681   430 W MDCLLight: Caused by: java.lang.NoClassDefFoundError: Class not found using the boot class loader; no stack trace available
12-10 20:54:51.883 32681   430 W MDCLLight: Trying to fallback load dexandroid.text.EmojiConsistency moduleHint = null
12-10 20:54:51.883 32681   430 E MDCLLight: Fallback load dex failed for android.text.EmojiConsistency
